000
CXUS55 KVEF 160732
CF6EED
PRELIMINARY LOCAL CLIMATOLOGICAL DATA (WS FORM: F-6)
STATION: NEEDLES CA
MONTH: SEPTEMBER
YEAR: 2021
LATITUDE: 34 46 N
LONGITUDE: 114 37 W
TEMPERATURE IN F: :PCPN: SNOW: WIND :SUNSHINE: SKY :PK WND
================================================================================
1 2 3 4 5 6A 6B 7 8 9 10 11 12 13 14 15 16 17 18
12Z AVG MX 2MIN
DY MAX MIN AVG DEP HDD CDD WTR SNW DPTH SPD SPD DIR MIN PSBL S-S WX SPD DR
================================================================================
1 93 75 84 -11 0 19 0.00 M M 3.9 13 200 M M M 15 200
2 101 80 91 -4 0 26 0.00 M M 6.3 16 200 M M 0 26 180
3 104 80 92 -2 0 27 0.00 M M 5.1 15 260 M M 0 20 290
4 108 75 92 -2 0 27 0.00 M M 4.4 13 240 M M 0 14 230
5 113 79 96 2 0 31 0.00 M M 4.8 12 240 M M 0 14 20
6 109 84 97 3 0 32 0.00 M M 5.8 18 210 M M 0 22 210
7 113 86 100 7 0 35 0.00 M M 3.8 15 230 M M 0 17 230
8 108 85 97 4 0 32 0.00 M M 7.4 17 210 M M 0 22 210
9 113 87 100 7 0 35 0.00 M M 6.5 23 160 M M 0 29 190
10 109 87 98 6 0 33 0.00 M M 8.2 31 250 M M 0 3 40 240
11 108 87 98 6 0 33 0.00 M M 6.6 15 210 M M 0 22 180
12 112 86 99 7 0 34 0.00 M M 6.7 18 240 M M 0 23 230
13 111 83 97 6 0 32 0.00 M M 8.3 22 230 M M 0 31 240
14 108 82 95 4 0 30 0.00 M M 7.2 25 210 M M 0 33 220
15 108 78 93 3 0 28 0.00 M M 7.4 20 170 M M 0 26 250
16 106 76 91 1 0 26 0.00 M M 8.1 22 230 M M 0 31 230
17 98 79 89 -1 0 24 T M M 5.7 30 190 M M 2 41 180
18 103 83 93 4 0 28 0.00 M M 8.4 21 240 M M 2 29 230
19 102 74 88 -1 0 23 0.00 M M 8.0 24 240 M M 0 37 240
20 98 71 85 -3 0 20 0.00 M M 11.7 28 10 M M 0 32 10
21 100 77 89 1 0 24 0.00 M M 10.8 24 360 M M 0 8 30 360
22 104 71 88 0 0 23 0.00 M M 5.4 14 100 M M 0 16 110
23 102 75 89 2 0 24 0.00 M M 7.3 22 150 M M 1 27 150
24 99 78 89 2 0 24 0.00 M M 6.7 20 220 M M 0 24 220
25 92 78 85 -1 0 20 0.00 M M 4.6 14 210 M M 0 18 210
26 95 73 84 -2 0 19 0.00 M M 7.7 24 130 M M 0 31 130
27 94 73 84 -1 0 19 0.00 M M 7.3 15 160 M M 0 19 170
28 94 78 86 1 0 21 0.00 M M 11.5 21 190 M M 0 31 170
29 89 70 80 -4 0 15 0.00 M M 7.9 17 20 M M 0 25 20
30 90 69 80 -4 0 15 0.00 M M 12.4 26 10 M M 0 33 340
================================================================================
SM 3084 2359 0 779 T M 215.9 M 5
================================================================================
AV102.8 78.6 7.2 FASTST M M 0 MAX(MPH)
MISC ----> 31 250 41 180
================================================================================
NOTES:
# LAST OF SEVERAL OCCURRENCES
COLUMN 17 PEAK WIND IN M.P.H.
PRELIMINARY LOCAL CLIMATOLOGICAL DATA (WS FORM: F-6) , PAGE 2
STATION: NEEDLES CA
MONTH: SEPTEMBER
YEAR: 2021
LATITUDE: 34 46 N
LONGITUDE: 114 37 W
[TEMPERATURE DATA] [PRECIPITATION DATA] SYMBOLS USED IN COLUMN 16
AVERAGE MONTHLY: 90.7 TOTAL FOR MONTH: T 1 = FOG OR MIST
DPTR FM NORMAL: 0.7 DPTR FM NORMAL: -0.34 2 = FOG REDUCING VISIBILITY
HIGHEST: 113 ON 9, 7 GRTST 24HR T ON 17-17 TO 1/4 MILE OR LESS
LOWEST: 69 ON 30 3 = THUNDER
SNOW, ICE PELLETS, HAIL 4 = ICE PELLETS
TOTAL MONTH: M 5 = HAIL
GRTST 24HR M ON M 6 = FREEZING RAIN OR DRIZZLE
GRTST DEPTH: M ON M 7 = DUSTSTORM OR SANDSTORM:
VSBY 1/2 MILE OR LESS
8 = SMOKE OR HAZE
[NO. OF DAYS WITH] [WEATHER - DAYS WITH] 9 = BLOWING SNOW
X = TORNADO
MAX 32 OR BELOW: 0 0.01 INCH OR MORE: 0
MAX 90 OR ABOVE: 29 0.10 INCH OR MORE: 0
MIN 32 OR BELOW: 0 0.50 INCH OR MORE: 0
MIN 0 OR BELOW: 0 1.00 INCH OR MORE: 0
[HDD (BASE 65) ]
TOTAL THIS MO. 0 CLEAR (SCALE 0-3) 29
DPTR FM NORMAL 0 PTCLDY (SCALE 4-7) 0
TOTAL FM JUL 1 0 CLOUDY (SCALE 8-10) 1
DPTR FM NORMAL 0
[CDD (BASE 65) ]
TOTAL THIS MO. 779
DPTR FM NORMAL 31 [PRESSURE DATA]
TOTAL FM JAN 1 4790 HIGHEST SLP 30.08 ON 21
DPTR FM NORMAL 192 LOWEST SLP 29.56 ON 28
[REMARKS]
#FINAL-09-21#