000
CXUS53 KFGF 010815
CF6FAR
PRELIMINARY LOCAL CLIMATOLOGICAL DATA (WS FORM: F-6)
STATION: FARGO HECTOR INTL AP ND
MONTH: AUGUST
YEAR: 2021
LATITUDE: 46 54 N
LONGITUDE: 96 48 W
TEMPERATURE IN F: :PCPN: SNOW: WIND :SUNSHINE: SKY :PK WND
================================================================================
1 2 3 4 5 6A 6B 7 8 9 10 11 12 13 14 15 16 17 18
12Z AVG MX 2MIN
DY MAX MIN AVG DEP HDD CDD WTR SNW DPTH SPD SPD DIR MIN PSBL S-S WX SPD DR
================================================================================
1 80 51 66 -5 0 1 0.00 0.0 0 5.1 10 10 M M 0 8 17 320
2 86 52 69 -2 0 4 0.00 0.0 0 5.8 13 190 M M 0 18 16 190
3 90 61 76 5 0 11 0.00 0.0 0 7.2 10 230 M M 0 8 17 99
4 81 65 73 3 0 8 T 0.0 0 10.0 17 160 M M 1 8 24 160
5 80 58 69 -1 0 4 0.00 0.0 0 9.8 18 290 M M 4 18 23 290
6 81 52 67 -3 0 2 0.00 0.0 0 4.5 13 50 M M 2 128 17 40
7 83 61 72 2 0 7 0.00 0.0 0 8.9 17 140 M M 2 8 22 130
8 87 65 76 6 0 11 0.00 0.0 0 6.9 14 170 M M 3 19 160
9 91 67 79 9 0 14 0.00 0.0 0 11.3 22 160 M M 0 33 150
10 90 62 76 6 0 11 T 0.0 0 14.1 25 230 M M 1 36 260
11 86 57 72 2 0 7 T 0.0 0 13.9 29 240 M M 2 38 240
12 81 52 67 -3 0 2 0.00 0.0 0 14.7 26 300 M M 1 38 300
13 81 46 64 -6 1 0 0.00 0.0 0 8.9 23 270 M M 0 33 300
14 96 58 77 8 0 12 0.00 0.0 0 12.7 23 190 M M 0 28 190
15 92 69 81 12 0 16 0.00 0.0 0 17.3 26 180 M M 1 37 180
16 92 68 80 11 0 15 0.00 0.0 0 17.7 29 180 M M 0 44 180
17 95 71 83 14 0 18 0.00 0.0 0 15.6 18 170 M M 0 33 160
18 96 73 85 16 0 20 0.00 0.0 0 16.4 26 170 M M 0 37 170
19 95 71 83 15 0 18 0.00 0.0 0 14.1 24 200 M M 1 32 200
20 80 63 72 4 0 7 1.29 0.0 0 12.9 31 160 M M 6 13 44 160
21 77 56 67 -1 0 2 0.00 0.0 0 12.2 26 270 M M 5 34 270
22 74 56 65 -3 0 0 T 0.0 0 17.8 31 170 M M 2 46 140
23 84 59 72 4 0 7 0.00 0.0 0 9.7 16 280 M M 0 22 170
24 84 63 74 6 0 9 0.26 0.0 0 10.1 28 120 M M 4 13 37 120
25 76 52 64 -3 1 0 0.01 0.0 0 5.8 16 80 M M 1 22 20
26 68 57 63 -4 2 0 0.53 0.0 0 10.0 31 110 M M 6 138 41 110
27 76 62 69 2 0 4 0.35 0.0 0 5.6 17 120 M M 8 138 22 130
28 76 64 70 4 0 5 0.41 0.0 0 8.1 26 130 M M 6 13 35 130
29 82 57 70 4 0 5 0.00 0.0 0 9.5 23 280 M M 2 27 280
30 83 52 68 2 0 3 0.00 0.0 0 4.9 13 40 M M 1 1 15 40
31 83 55 69 3 0 4 0.00 0.0 0 6.9 13 130 M M 1 20 130
================================================================================
SM 2606 1855 4 227 2.85 0.0 328.4 M 60
================================================================================
AV 84.1 59.8 10.6 FASTST M M 2 MAX(MPH)
MISC ----> # 31 160 46 140
================================================================================
NOTES:
# LAST OF SEVERAL OCCURRENCES
COLUMN 17 PEAK WIND IN M.P.H.
PRELIMINARY LOCAL CLIMATOLOGICAL DATA (WS FORM: F-6) , PAGE 2
STATION: FARGO HECTOR INTL AP ND
MONTH: AUGUST
YEAR: 2021
LATITUDE: 46 54 N
LONGITUDE: 96 48 W
[TEMPERATURE DATA] [PRECIPITATION DATA] SYMBOLS USED IN COLUMN 16
AVERAGE MONTHLY: 72.0 TOTAL FOR MONTH: 2.85 1 = FOG OR MIST
DPTR FM NORMAL: 3.2 DPTR FM NORMAL: 0.25 2 = FOG REDUCING VISIBILITY
HIGHEST: 96 ON 18,14 GRTST 24HR 1.29 ON 20-20 TO 1/4 MILE OR LESS
LOWEST: 46 ON 13 3 = THUNDER
SNOW, ICE PELLETS, HAIL 4 = ICE PELLETS
TOTAL MONTH: 0.0 INCH 5 = HAIL
GRTST 24HR 0.0 6 = FREEZING RAIN OR DRIZZLE
GRTST DEPTH: 0 7 = DUSTSTORM OR SANDSTORM:
VSBY 1/2 MILE OR LESS
8 = SMOKE OR HAZE
[NO. OF DAYS WITH] [WEATHER - DAYS WITH] 9 = BLOWING SNOW
X = TORNADO
MAX 32 OR BELOW: 0 0.01 INCH OR MORE: 6
MAX 90 OR ABOVE: 9 0.10 INCH OR MORE: 5
MIN 32 OR BELOW: 0 0.50 INCH OR MORE: 2
MIN 0 OR BELOW: 0 1.00 INCH OR MORE: 1
[HDD (BASE 65) ]
TOTAL THIS MO. 4 CLEAR (SCALE 0-3) 24
DPTR FM NORMAL -28 PTCLDY (SCALE 4-7) 7
TOTAL FM JUL 1 4 CLOUDY (SCALE 8-10) 0
DPTR FM NORMAL -44
[CDD (BASE 65) ]
TOTAL THIS MO. 227
DPTR FM NORMAL 79 [PRESSURE DATA]
TOTAL FM JAN 1 792 HIGHEST SLP M ON M
DPTR FM NORMAL 303 LOWEST SLP 29.49 ON 20
[REMARKS]
#FINAL-08-21#