000
CXUS52 KMLB 022226
CF6LEE
PRELIMINARY LOCAL CLIMATOLOGICAL DATA (WS FORM: F-6)
STATION: LEESBURG
MONTH: JANUARY
YEAR: 2022
LATITUDE: 28 49 N
LONGITUDE: 81 49 W
TEMPERATURE IN F: :PCPN: SNOW: WIND :SUNSHINE: SKY :PK WND
================================================================================
1 2 3 4 5 6A 6B 7 8 9 10 11 12 13 14 15 16 17 18
12Z AVG MX 2MIN
DY MAX MIN AVG DEP HDD CDD WTR SNW DPTH SPD SPD DIR MIN PSBL S-S WX SPD DR
================================================================================
1 85 65 75 15 0 10 0.00 0.0 0 5.0 12 180 M M 1 128 15 220
2 85 69 77 17 0 12 0.00 0.0 0 8.6 15 210 M M 4 21 230
3 73 49 61 1 4 0 0.03 0.0 0 10.4 23 290 M M 2 1 34 290
4 75 47 61 2 4 0 0.00 0.0 0 6.8 14 50 M M 1 8 20 50
5 76 56 66 7 0 1 0.00 0.0 0 3.8 12 290 M M 5 18 280
6 72 51 62 3 3 0 0.00 0.0 0 3.1 20 200 M M 2 1 25 190
7 74 53 64 5 1 0 0.00 0.0 0 6.7 18 50 M M 4 22 40
8 77 50 64 5 1 0 0.00 0.0 0 8.0 15 90 M M 0 20 100
9 81 58 70 11 0 5 0.00 0.0 0 5.7 17 120 M M 2 23 140
10 78 57 68 9 0 3 T 0.0 0 6.9 21 20 M M 6 1 26 20
11 70 49 60 1 5 0 0.00 0.0 0 12.2 21 10 M M 0 27 20
12 73 51 62 3 3 0 0.00 0.0 0 6.9 14 110 M M 0 27 100
13 72 52 62 3 3 0 0.00 0.0 0 6.2 15 270 M M 1 8 21 270
14 67 48 58 -1 7 0 0.00 0.0 0 6.0 15 340 M M 0 18 330
15 70 42 56 -3 9 0 0.00 0.0 0 3.9 15 130 M M 1 1 19 140
16 67 55 61 2 4 0 0.59 0.0 0 14.5 26 260 M M 9 1 39 260
17 59 48 54 -5 11 0 0.00 0.0 0 11.4 22 290 M M 3 31 290
18 59 38 49 -10 16 0 0.00 0.0 0 5.0 14 350 M M 0 19 340
19 73 41 57 -2 8 0 0.00 0.0 0 3.8 13 180 M M 1 16 160
20 77 49 63 4 2 0 0.00 0.0 0 3.4 13 200 M M 0 1 19 250
21 73 53 63 4 2 0 0.00 0.0 0 5.9 17 10 M M 5 23 30
22 53 42 48 -11 17 0 T 0.0 0 11.1 18 10 M M 10 1 24 10
23 50 38 44 -15 21 0 0.00 0.0 0 7.4 12 270 M M 6 1 16 280
24 61 33 47 -13 18 0 0.00 0.0 0 3.2 9 160 M M 0 13 10
25 52 48 50 -10 15 0 0.25 0.0 0 4.8 10 40 M M 8 1 M M
26 60 50 55 -5 10 0 0.22 0.0 0 8.6 17 10 M M 10 1 22 30
27 63 53 58 -2 7 0 0.00 0.0 0 12.4 20 30 M M 10 25 30
28 67 50 59 -1 6 0 0.01 0.0 0 8.0 21 290 M M 6 1 28 280
29 51 37 44 -16 21 0 0.00 0.0 0 10.2 23 300 M M 0 33 290
30 57 32 45 -15 20 0 0.00 0.0 0 5.6 10 280 M M 0 16 280
31 68 37 53 -7 12 0 0.00 0.0 0 3.8 10 140 M M 0 14 220
================================================================================
SM 2118 1501 230 31 1.10 0.0 219.3 M 97
================================================================================
AV 68.3 48.4 7.1 FASTST M M 3 MAX(MPH)
MISC ----> 26 260 39 260
================================================================================
NOTES:
# LAST OF SEVERAL OCCURRENCES
COLUMN 17 PEAK WIND IN M.P.H.
PRELIMINARY LOCAL CLIMATOLOGICAL DATA (WS FORM: F-6) , PAGE 2
STATION: LEESBURG
MONTH: JANUARY
YEAR: 2022
LATITUDE: 28 49 N
LONGITUDE: 81 49 W
[TEMPERATURE DATA] [PRECIPITATION DATA] SYMBOLS USED IN COLUMN 16
AVERAGE MONTHLY: 58.4 TOTAL FOR MONTH: 1.10 1 = FOG OR MIST
DPTR FM NORMAL: -1.0 DPTR FM NORMAL: -1.41 2 = FOG REDUCING VISIBILITY
HIGHEST: 85 ON 2, 1 GRTST 24HR 0.59 ON 16-16 TO 1/4 MILE OR LESS
LOWEST: 32 ON 30 3 = THUNDER
SNOW, ICE PELLETS, HAIL 4 = ICE PELLETS
TOTAL MONTH: 0.0 INCH 5 = HAIL
GRTST 24HR 0.0 6 = FREEZING RAIN OR DRIZZLE
GRTST DEPTH: 0 7 = DUSTSTORM OR SANDSTORM:
VSBY 1/2 MILE OR LESS
8 = SMOKE OR HAZE
[NO. OF DAYS WITH] [WEATHER - DAYS WITH] 9 = BLOWING SNOW
X = TORNADO
MAX 32 OR BELOW: 0 0.01 INCH OR MORE: 5
MAX 90 OR ABOVE: 0 0.10 INCH OR MORE: 3
MIN 32 OR BELOW: 1 0.50 INCH OR MORE: 1
MIN 0 OR BELOW: 0 1.00 INCH OR MORE: 0
[HDD (BASE 65) ]
TOTAL THIS MO. 230 CLEAR (SCALE 0-3) 19
DPTR FM NORMAL 18 PTCLDY (SCALE 4-7) 8
TOTAL FM JUL 1 309 CLOUDY (SCALE 8-10) 4
DPTR FM NORMAL -116
[CDD (BASE 65) ]
TOTAL THIS MO. 31
DPTR FM NORMAL -7 [PRESSURE DATA]
TOTAL FM JAN 1 31 HIGHEST SLP 30.42 ON 8
DPTR FM NORMAL -7 LOWEST SLP 29.66 ON 16
[REMARKS]
#FINAL-01-22#