000
CXAK56 PAFG 011038
CF6MCG
PRELIMINARY LOCAL CLIMATOLOGICAL DATA (WS FORM: F-6)
STATION: MCGRATH AK
MONTH: JUNE
YEAR: 2023
LATITUDE: 62 57 N
LONGITUDE: 155 36 W
TEMPERATURE IN F: :PCPN: SNOW: WIND :SUNSHINE: SKY :PK WND
================================================================================
1 2 3 4 5 6A 6B 7 8 9 10 11 12 13 14 15 16 17 18
12Z AVG MX 2MIN
DY MAX MIN AVG DEP HDD CDD WTR SNW DPTH SPD SPD DIR MIN PSBL S-S WX SPD DR
================================================================================
1 46 34 40 -14 25 0 0.10 M M 7.3 17 240 M M 8 1 25 250
2 53 36 45 -9 20 0 0.03 M M 5.8 16 210 M M 9 1 24 210
3 51 42 47 -8 18 0 0.03 M M 7.0 18 220 M M 8 25 220
4 59 45 52 -3 13 0 T M M 3.8 14 220 M M 10 19 210
5 73 42 58 3 7 0 T M M 6.2 16 60 M M 2 24 60
6 69 45 57 1 8 0 T M M 2.5 18 150 M M 4 24 150
7 70 48 59 3 6 0 0.00 M M 2.9 13 100 M M 4 17 80
8 69 48 59 3 6 0 T M M 3.5 13 150 M M 6 18 200
9 65 49 57 0 8 0 0.04 M M 4.2 16 220 M M 7 26 220
10 64 44 54 -3 11 0 0.04 M M 3.8 18 220 M M 6 26 190
11 69 52 61 3 4 0 T M M 9.2 17 100 M M 5 27 120
12 55 46 51 -7 14 0 0.01 M M 9.0 18 210 M M 8 28 200
13 50 43 47 -11 18 0 0.15 M M 9.6 17 210 M M 10 1 25 210
14 57 43 50 -9 15 0 T M M 3.9 17 210 M M 9 21 190
15 66 43 55 -4 10 0 T M M 5.2 16 70 M M 7 23 110
16 69 51 60 1 5 0 0.04 M M 5.6 16 340 M M 9 23 110
17 71 53 62 2 3 0 0.01 M M 4.5 13 300 M M 7 18 300
18 71 50 61 1 4 0 0.00 M M 6.5 15 250 M M 5 20 250
19 64 43 54 -6 11 0 0.28 M M 1.6 8 360 M M 7 1 10 360
20 62 52 57 -3 8 0 0.27 M M 1.7 7 100 M M 10 1 10 110
21 71 54 63 2 2 0 0.01 M M 2.5 12 210 M M 9 1 18 210
22 69 58 64 3 1 0 0.02 M M 4.9 14 200 M M 9 17 190
23 72 54 63 2 2 0 0.09 M M 1.8 12 220 M M 9 1 16 210
24 76 56 66 5 0 1 0.13 M M 2.5 18 210 M M 8 1 27 220
25 71 53 62 1 3 0 0.34 M M 9.4 24 210 M M 6 1 33 200
26 65 49 57 -5 8 0 T M M 1.6 7 250 M M 9 11 210
27 65 49 57 -5 8 0 0.01 M M 3.0 17 210 M M 9 25 200
28 68 43 56 -6 9 0 0.01 M M 2.6 9 40 M M 6 12 70
29 66 54 60 -2 5 0 0.57 M M 2.8 9 80 M M 10 1 17 40
30 66 52 59 -3 6 0 0.03 M M 3.9 12 170 M M 8 1 16 200
================================================================================
SM 1942 1431 258 1 2.21 M 138.8 M 224
================================================================================
AV 64.7 47.7 4.6 FASTST M M 7 MAX(MPH)
MISC ----> 24 210 33 200
================================================================================
NOTES:
# LAST OF SEVERAL OCCURRENCES
COLUMN 17 PEAK WIND IN M.P.H.
PRELIMINARY LOCAL CLIMATOLOGICAL DATA (WS FORM: F-6) , PAGE 2
STATION: MCGRATH AK
MONTH: JUNE
YEAR: 2023
LATITUDE: 62 57 N
LONGITUDE: 155 36 W
[TEMPERATURE DATA] [PRECIPITATION DATA] SYMBOLS USED IN COLUMN 16
AVERAGE MONTHLY: 56.2 TOTAL FOR MONTH: 2.21 1 = FOG OR MIST
DPTR FM NORMAL: -2.5 DPTR FM NORMAL: 0.55 2 = FOG REDUCING VISIBILITY
HIGHEST: 76 ON 24 GRTST 24HR 0.57 ON 29-29 TO 1/4 MILE OR LESS
LOWEST: 34 ON 1 3 = THUNDER
SNOW, ICE PELLETS, HAIL 4 = ICE PELLETS
TOTAL MONTH: M 5 = HAIL
GRTST 24HR M ON M 6 = FREEZING RAIN OR DRIZZLE
GRTST DEPTH: M ON M 7 = DUSTSTORM OR SANDSTORM:
VSBY 1/2 MILE OR LESS
8 = SMOKE OR HAZE
[NO. OF DAYS WITH] [WEATHER - DAYS WITH] 9 = BLOWING SNOW
X = TORNADO
MAX 32 OR BELOW: 0 0.01 INCH OR MORE: 20
MAX 90 OR ABOVE: 0 0.10 INCH OR MORE: 7
MIN 32 OR BELOW: 0 0.50 INCH OR MORE: 1
MIN 0 OR BELOW: 0 1.00 INCH OR MORE: 0
[HDD (BASE 65) ]
TOTAL THIS MO. 258 CLEAR (SCALE 0-3) 1
DPTR FM NORMAL 58 PTCLDY (SCALE 4-7) 16
TOTAL FM JUL 1 12634 CLOUDY (SCALE 8-10) 13
DPTR FM NORMAL -526
[CDD (BASE 65) ]
TOTAL THIS MO. 1
DPTR FM NORMAL -10 [PRESSURE DATA]
TOTAL FM JAN 1 1 HIGHEST SLP M ON M
DPTR FM NORMAL -10 LOWEST SLP 29.40 ON 25
[REMARKS]
#FINAL-06-23#