000
CXUS54 KMEG 010900
CF6MEM
PRELIMINARY LOCAL CLIMATOLOGICAL DATA (WS FORM: F-6)
STATION: MEMPHIS
MONTH: SEPTEMBER
YEAR: 2023
LATITUDE: 35 3 N
LONGITUDE: 89 59 W
TEMPERATURE IN F: :PCPN: SNOW: WIND :SUNSHINE: SKY :PK WND
================================================================================
1 2 3 4 5 6A 6B 7 8 9 10 11 12 13 14 15 16 17 18
12Z AVG MX 2MIN
DY MAX MIN AVG DEP HDD CDD WTR SNW DPTH SPD SPD DIR MIN PSBL S-S WX SPD DR
================================================================================
1 87 65 76 -4 0 11 0.00 0.0 0 6.3 14 20 M M 7 18 40
2 86 75 81 1 0 16 T 0.0 0 8.9 14 140 M M 7 1 20 130
3 92 74 83 3 0 18 0.01 0.0 0 6.5 12 150 M M 4 15 150
4 97 74 86 7 0 21 0.12 0.0 0 8.4 21 140 M M 5 38 28 140
5 92 73 83 4 0 18 0.00 0.0 0 8.0 23 80 M M 6 3 31 80
6 92 72 82 3 0 17 0.97 0.0 0 7.6 26 340 M M 6 13 39 330
7 87 68 78 -1 0 13 0.00 0.0 0 5.2 15 10 M M 1 8 24 290
8 84 66 75 -3 0 10 0.00 0.0 0 5.8 15 20 M M 3 8 20 50
9 84 66 75 -3 0 10 0.00 0.0 0 9.0 20 20 M M 2 28 10
10 86 62 74 -4 0 9 0.00 0.0 0 6.9 17 50 M M 2 24 20
11 88 66 77 -1 0 12 0.00 0.0 0 4.8 10 20 M M 4 16 60
12 76 69 73 -4 0 8 T 0.0 0 6.8 14 350 M M 8 18 80
13 84 69 77 0 0 12 0.00 0.0 0 9.8 15 50 M M 8 22 60
14 82 66 74 -3 0 9 0.00 0.0 0 9.1 23 70 M M 8 35 80
15 86 61 74 -2 0 9 0.00 0.0 0 5.9 12 360 M M 2 19 60
16 86 64 75 -1 0 10 0.00 0.0 0 4.8 14 360 M M 4 20 60
17 85 62 74 -2 0 9 0.00 0.0 0 5.7 14 300 M M 3 20 360
18 83 60 72 -3 0 7 0.00 0.0 0 3.6 13 10 M M 1 18 350
19 87 62 75 0 0 10 0.00 0.0 0 5.6 13 170 M M 5 8 19 170
20 86 65 76 1 0 11 0.53 0.0 0 6.4 23 220 M M 8 13 35 210
21 89 67 78 4 0 13 0.00 0.0 0 7.2 14 110 M M 4 21 240
22 87 69 78 4 0 13 0.00 0.0 0 4.8 12 170 M M 6 20 170
23 91 69 80 6 0 15 0.00 0.0 0 4.4 13 40 M M 5 17 30
24 83 71 77 4 0 12 0.00 0.0 0 3.4 9 250 M M 5 17 260
25 91 71 81 8 0 16 0.00 0.0 0 5.6 13 20 M M 5 17 20
26 92 65 79 6 0 14 0.00 0.0 0 2.9 12 30 M M 0 18 60
27 94 69 82 10 0 17 0.00 0.0 0 5.1 16 200 M M 2 21 200
28 92 71 82 10 0 17 0.00 0.0 0 7.6 15 190 M M 1 24 250
29 92 68 80 9 0 15 0.00 0.0 0 3.6 9 230 M M 0 15 190
30 93 69 81 10 0 16 0.00 0.0 0 4.6 12 50 M M 1 18 50
================================================================================
SM 2634 2028 0 388 1.63 0.0 184.3 M 123
================================================================================
AV 87.8 67.6 6.1 FASTST M M 4 MAX(MPH)
MISC ----> 26 340 39 330
================================================================================
NOTES:
# LAST OF SEVERAL OCCURRENCES
COLUMN 17 PEAK WIND IN M.P.H.
PRELIMINARY LOCAL CLIMATOLOGICAL DATA (WS FORM: F-6) , PAGE 2
STATION: MEMPHIS
MONTH: SEPTEMBER
YEAR: 2023
LATITUDE: 35 3 N
LONGITUDE: 89 59 W
[TEMPERATURE DATA] [PRECIPITATION DATA] SYMBOLS USED IN COLUMN 16
AVERAGE MONTHLY: 77.7 TOTAL FOR MONTH: 1.63 1 = FOG OR MIST
DPTR FM NORMAL: 1.7 DPTR FM NORMAL: -1.40 2 = FOG REDUCING VISIBILITY
HIGHEST: 97 ON 4 GRTST 24HR 0.97 ON 6- 6 TO 1/4 MILE OR LESS
LOWEST: 60 ON 18 3 = THUNDER
SNOW, ICE PELLETS, HAIL 4 = ICE PELLETS
TOTAL MONTH: 0.0 INCH 5 = HAIL
GRTST 24HR 0.0 6 = FREEZING RAIN OR DRIZZLE
GRTST DEPTH: 0 7 = DUSTSTORM OR SANDSTORM:
VSBY 1/2 MILE OR LESS
8 = SMOKE OR HAZE
[NO. OF DAYS WITH] [WEATHER - DAYS WITH] 9 = BLOWING SNOW
X = TORNADO
MAX 32 OR BELOW: 0 0.01 INCH OR MORE: 4
MAX 90 OR ABOVE: 11 0.10 INCH OR MORE: 3
MIN 32 OR BELOW: 0 0.50 INCH OR MORE: 2
MIN 0 OR BELOW: 0 1.00 INCH OR MORE: 0
[HDD (BASE 65) ]
TOTAL THIS MO. 0 CLEAR (SCALE 0-3) 11
DPTR FM NORMAL -7 PTCLDY (SCALE 4-7) 18
TOTAL FM JUL 1 0 CLOUDY (SCALE 8-10) 1
DPTR FM NORMAL -4
[CDD (BASE 65) ]
TOTAL THIS MO. 388
DPTR FM NORMAL 53 [PRESSURE DATA]
TOTAL FM JAN 1 2246 HIGHEST SLP 30.16 ON 30
DPTR FM NORMAL 49 LOWEST SLP 29.84 ON 6
[REMARKS]
#FINAL-09-23#