000
CXUS56 KMTR 010900
CF6SNS
PRELIMINARY LOCAL CLIMATOLOGICAL DATA (WS FORM: F-6)
STATION: SALINAS AIRPORT
MONTH: AUGUST
YEAR: 2022
LATITUDE: 36 40 N
LONGITUDE: 121 36 W
TEMPERATURE IN F: :PCPN: SNOW: WIND :SUNSHINE: SKY :PK WND
================================================================================
1 2 3 4 5 6A 6B 7 8 9 10 11 12 13 14 15 16 17 18
12Z AVG MX 2MIN
DY MAX MIN AVG DEP HDD CDD WTR SNW DPTH SPD SPD DIR MIN PSBL S-S WX SPD DR
================================================================================
1 84 62 73 10 0 8 T M M 5.1 17 320 M M 1 22 300
2 79 60 70 7 0 5 0.00 M M 7.9 17 300 M M 1 23 310
3 80 60 70 7 0 5 T M M 9.4 18 310 M M 4 1 25 290
4 77 61 69 6 0 4 0.00 M M 8.7 20 330 M M 6 27 330
5 75 64 70 6 0 5 0.00 M M 8.2 20 300 M M 7 26 280
6 76 63 70 6 0 5 T M M 7.7 17 300 M M 5 18 24 310
7 75 61 68 4 0 3 0.00 M M 8.4 18 300 M M 2 26 290
8 78 60 69 5 0 4 0.00 M M 9.9 18 300 M M 1 25 280
9 78 62 70 6 0 5 0.00 M M 9.0 20 310 M M 0 26 280
10 79 60 70 6 0 5 0.00 M M 8.1 17 290 M M 2 128 24 260
11 78 61 70 6 0 5 0.00 M M 9.2 18 300 M M 3 1 28 250
12 78 61 70 6 0 5 0.00 M M 8.9 20 270 M M 1 25 270
13 75 58 67 3 0 2 0.00 M M 9.2 17 290 M M 0 25 300
14 73 60 67 3 0 2 0.00 M M 9.5 18 300 M M 4 24 310
15 74 57 66 2 0 1 0.00 M M 7.9 18 310 M M 7 18 24 320
16 75 56 66 2 0 1 0.00 M M 7.0 17 310 M M 5 128 23 310
17 76 58 67 3 0 2 T M M 7.6 18 320 M M 5 18 23 320
18 77 58 68 4 0 3 0.00 M M 8.1 20 310 M M 7 1 26 290
19 71 58 65 1 0 0 0.00 M M 9.4 20 300 M M 7 1 27 310
20 71 59 65 1 0 0 0.00 M M 8.0 21 330 M M 7 18 27 300
21 70 59 65 1 0 0 0.00 M M 7.8 18 300 M M 9 18 24 340
22 83 59 71 7 0 6 0.00 M M 7.2 17 280 M M 4 1 23 260
23 73 60 67 3 0 2 0.00 M M 9.5 20 310 M M 7 1 24 300
24 73 58 66 2 0 1 0.00 M M 6.9 16 300 M M 7 18 24 300
25 74 59 67 3 0 2 0.00 M M 7.2 17 320 M M 7 18 23 290
26 75 59 67 3 0 2 0.00 M M 7.0 17 320 M M 7 18 24 320
27 73 59 66 2 0 1 T M M 8.0 17 330 M M 8 18 24 330
28 74 61 68 4 0 3 0.00 M M 7.8 17 310 M M 5 8 23 300
29 73 62 68 4 0 3 0.00 M M 7.2 17 300 M M 4 27 320
30 77 55 66 2 0 1 0.00 M M 6.1 16 320 M M 0 8 26 320
31 78 55 67 3 0 2 0.00 M M 6.0 17 310 M M 0 23 290
================================================================================
SM 2352 1845 0 93 T M 247.9 M 133
================================================================================
AV 75.9 59.5 8.0 FASTST M M 4 MAX(MPH)
MISC ----> 21 330 28 250
================================================================================
NOTES:
# LAST OF SEVERAL OCCURRENCES
COLUMN 17 PEAK WIND IN M.P.H.
PRELIMINARY LOCAL CLIMATOLOGICAL DATA (WS FORM: F-6) , PAGE 2
STATION: SALINAS AIRPORT
MONTH: AUGUST
YEAR: 2022
LATITUDE: 36 40 N
LONGITUDE: 121 36 W
[TEMPERATURE DATA] [PRECIPITATION DATA] SYMBOLS USED IN COLUMN 16
AVERAGE MONTHLY: 67.7 TOTAL FOR MONTH: T 1 = FOG OR MIST
DPTR FM NORMAL: 3.7 DPTR FM NORMAL: -0.03 2 = FOG REDUCING VISIBILITY
HIGHEST: 84 ON 1 GRTST 24HR T ON 31- 1 TO 1/4 MILE OR LESS
LOWEST: 55 ON 31,30 3 = THUNDER
SNOW, ICE PELLETS, HAIL 4 = ICE PELLETS
TOTAL MONTH: M 5 = HAIL
GRTST 24HR M ON M 6 = FREEZING RAIN OR DRIZZLE
GRTST DEPTH: M ON M 7 = DUSTSTORM OR SANDSTORM:
VSBY 1/2 MILE OR LESS
8 = SMOKE OR HAZE
[NO. OF DAYS WITH] [WEATHER - DAYS WITH] 9 = BLOWING SNOW
X = TORNADO
MAX 32 OR BELOW: 0 0.01 INCH OR MORE: 0
MAX 90 OR ABOVE: 0 0.10 INCH OR MORE: 0
MIN 32 OR BELOW: 0 0.50 INCH OR MORE: 0
MIN 0 OR BELOW: 0 1.00 INCH OR MORE: 0
[HDD (BASE 65) ]
TOTAL THIS MO. 0 CLEAR (SCALE 0-3) 11
DPTR FM NORMAL -58 PTCLDY (SCALE 4-7) 19
TOTAL FM JUL 1 26 CLOUDY (SCALE 8-10) 1
DPTR FM NORMAL -116
[CDD (BASE 65) ]
TOTAL THIS MO. 93
DPTR FM NORMAL 68 [PRESSURE DATA]
TOTAL FM JAN 1 211 HIGHEST SLP M ON M
DPTR FM NORMAL 147 LOWEST SLP 29.81 ON 16
[REMARKS]
#FINAL-08-22#