000
CXUS53 KILX 250900
CF6LWV
PRELIMINARY LOCAL CLIMATOLOGICAL DATA (WS FORM: F-6)
STATION: LAWRENCEVILLE IL AIRPORT
MONTH: APRIL
YEAR: 2024
LATITUDE: 38 45 N
LONGITUDE: 87 36 W
TEMPERATURE IN F: :PCPN: SNOW: WIND :SUNSHINE: SKY :PK WND
================================================================================
1 2 3 4 5 6A 6B 7 8 9 10 11 12 13 14 15 16 17 18
12Z AVG MX 2MIN
DY MAX MIN AVG DEP HDD CDD WTR SNW DPTH SPD SPD DIR MIN PSBL S-S WX SPD DR
================================================================================
1 78 66 72 21 0 7 0.01 M M 10.0 21 200 M M 6 3 28 200
2 73 43 58 7 7 0 1.40 M M 18.1 37 290 M M 9 13 50 290
3 48 38 43 -8 22 0 0.04 M M 17.6 31 290 M M 9 44 270
4 45 39 42 -10 23 0 0.07 M M 14.7 24 290 M M 9 1 32 280
5 48 35 42 -10 23 0 0.00 M M 8.5 20 340 M M 7 26 340
6 59 30 45 -8 20 0 0.00 M M 5.2 13 90 M M 0 17 100
7 73 41 57 4 8 0 0.66 M M 14.6 29 160 M M 7 13 36 130
8 75 45 60 7 5 0 0.00 M M 5.3 12 180 M M 2 12 15 190
9 72 55 64 10 1 0 1.06 M M 8.7 16 180 M M 8 1 22 220
10 63 57 60 6 5 0 1.20 M M 7.2 15 60 M M 10 1 19 70
11 61 52 57 3 8 0 0.70 M M 14.2 30 310 M M 9 1 38 310
12 65 47 56 1 9 0 0.04 M M 16.1 33 300 M M 3 1 49 310
13 73 43 58 3 7 0 0.00 M M 6.9 16 170 M M 0 19 170
14 83 59 71 15 0 6 0.00 M M 13.1 23 230 M M 0 32 220
15 88 58 73 17 0 8 0.00 M M 5.1 9 70 M M 1 18 12 250
16 87 65 76 20 0 11 0.23 M M 15.9 31 170 M M 3 138 45 180
17 79 56 68 11 0 3 0.00 M M 14.8 32 240 M M 4 45 250
18 83 51 67 10 0 2 0.94 M M 10.1 40 290 M M 2 13 53 300
19 62 48 55 -3 10 0 0.00 M M 13.4 24 350 M M 5 8 32 340
20 57 41 49 -9 16 0 0.00 M M 10.4 20 340 M M 0 25 340
21 58 38 48 -10 17 0 0.00 M M 8.8 22 320 M M 0 30 320
22 66 37 52 -6 13 0 0.00 M M 7.0 17 190 M M 0 25 190
23 71 47 59 0 6 0 0.34 M M 11.6 28 210 M M 5 12 34 220
24 61 44 53 -6 12 0 0.00 M M 8.7 16 360 M M 2 12 23 10
================================================================================
SM 1628 1135 212 37 6.69 M 266.0 M 101
================================================================================
AV 67.8 47.3 11.1 FASTST M M 4 MAX(MPH)
MISC ----> 40 290 53 300
================================================================================
NOTES:
# LAST OF SEVERAL OCCURRENCES
COLUMN 17 PEAK WIND IN M.P.H.
PRELIMINARY LOCAL CLIMATOLOGICAL DATA (WS FORM: F-6) , PAGE 2
STATION: LAWRENCEVILLE IL AIRPORT
MONTH: APRIL
YEAR: 2024
LATITUDE: 38 45 N
LONGITUDE: 87 36 W
[TEMPERATURE DATA] [PRECIPITATION DATA] SYMBOLS USED IN COLUMN 16
AVERAGE MONTHLY: 57.6 TOTAL FOR MONTH: 6.69 1 = FOG OR MIST
DPTR FM NORMAL: 2.6 DPTR FM NORMAL: 3.43 2 = FOG REDUCING VISIBILITY
HIGHEST: 88 ON 15 GRTST 24HR 1.72 ON 10-11 TO 1/4 MILE OR LESS
LOWEST: 30 ON 6 3 = THUNDER
SNOW, ICE PELLETS, HAIL 4 = ICE PELLETS
TOTAL MONTH: M 5 = HAIL
GRTST 24HR M ON M 6 = FREEZING RAIN OR DRIZZLE
GRTST DEPTH: M ON M 7 = DUSTSTORM OR SANDSTORM:
VSBY 1/2 MILE OR LESS
8 = SMOKE OR HAZE
[NO. OF DAYS WITH] [WEATHER - DAYS WITH] 9 = BLOWING SNOW
X = TORNADO
MAX 32 OR BELOW: 0 0.01 INCH OR MORE: 12
MAX 90 OR ABOVE: 0 0.10 INCH OR MORE: 8
MIN 32 OR BELOW: 1 0.50 INCH OR MORE: 6
MIN 0 OR BELOW: 0 1.00 INCH OR MORE: 3
[HDD (BASE 65) ]
TOTAL THIS MO. 212 CLEAR (SCALE 0-3) 11
DPTR FM NORMAL -43 PTCLDY (SCALE 4-7) 8
TOTAL FM JUL 1 3604 CLOUDY (SCALE 8-10) 5
DPTR FM NORMAL -985
[CDD (BASE 65) ]
TOTAL THIS MO. 37
DPTR FM NORMAL 21 [PRESSURE DATA]
TOTAL FM JAN 1 44 HIGHEST SLP M ON M
DPTR FM NORMAL 25 LOWEST SLP 29.36 ON 2
[REMARKS]