000
CXUS53 KILX 290900
CF6LWV
PRELIMINARY LOCAL CLIMATOLOGICAL DATA (WS FORM: F-6)

                                          STATION:   LAWRENCEVILLE IL AIRPORT
                                          MONTH:     APRIL
                                          YEAR:      2016
                                          LATITUDE:   38 45 N
                                          LONGITUDE:  87 36 W

  TEMPERATURE IN F:       :PCPN:    SNOW:  WIND      :SUNSHINE: SKY     :PK WND
================================================================================
1   2   3   4   5  6A  6B    7    8   9   10  11  12  13   14  15   16   17  18
                                     12Z  AVG MX 2MIN
DY MAX MIN AVG DEP HDD CDD  WTR  SNW DPTH SPD SPD DIR MIN PSBL S-S WX    SPD DR
================================================================================

 1  58  40  49  -2  16   0    T    M    M 12.7 25 320   M    M   6        33 280
 2  59  35  47  -4  18   0 0.00    M    M 18.9 44 310   M    M   2 8      52 300
 3  66  28  47  -4  18   0 0.00    M    M 15.4 28 220   M    M   0        35 220
 4  60  35  48  -4  17   0 0.00    M    M 14.1 24 360   M    M   2        29 350
 5  54  29  42 -10  23   0 0.00    M    M  9.7 18 160   M    M   0        23 160
 6  65  44  55   3  10   0 0.21    M    M 17.4 53 240   M    M   4 1      65 220
 7  50  35  43 -10  22   0 0.01  0.0    0 14.4 29 290   M    M   8        36 290
 8  48  35  42 -11  23   0 0.04    M    M 12.6 32 300   M    M   8 1      42 290
 9  45  29  37 -17  28   0 0.00    M    M  8.9 25 340   M    M   2        32 340
10  61  36  49  -5  16   0 0.38    M    M 13.7 31 190   M    M   9 13     36 190
11  58  36  47  -7  18   0 1.19    M    M  8.3 23 340   M    M   6 138    30 330
12  57  32  45 -10  20   0 0.00    M    M  7.2 15  50   M    M   0        20  30
13  64  36  50  -5  15   0 0.00    M    M  8.1 16 100   M    M   0        22  80
14  72  42  57   1   8   0 0.00    M    M  8.3 14 100   M    M   0        19  50
15  77  48  63   7   2   0 0.00    M    M  6.0 14 170   M    M   1        17 180
16  78  50  64   8   1   0 0.00    M    M  5.6 15 210   M    M   0        18 110
17  82  50  66   9   0   1 0.00    M    M  3.9 14 110   M    M   0        17 110
18  83  49  66   9   0   1 0.00    M    M  3.4 14 160   M    M   0        17 170
19  81  55  68  11   0   3 0.00    M    M  4.3 14 210   M    M   0 8      17 190
20  83  55  69  11   0   4 0.22    M    M  8.1 21 200   M    M   7 1      27 170
21  73  55  64   6   1   0 1.36    M    M  9.7 24 160   M    M   7 138    30 310
22  72  51  62   4   3   0 0.01    M    M  9.7 20 340   M    M   7 18     24 340
23  62  48  55  -4  10   0 0.00    M    M  5.1 16  10   M    M   7 1      18  10
24  77  43  60   1   5   0 0.00    M    M  6.8 16 170   M    M   3 128    20 180
25  82  56  69   9   0   4 0.00    M    M 12.0 25 190   M    M   2        31 200
26  83  60  72  12   0   7 0.87    M    M  8.5 33 240   M    M   3 13     46 230
27  71  57  64   4   1   0 0.34  0.0    0  9.1 22 140   M    M   8 1238   26 140
28  76  56  66   6   0   1    T    M    M 10.0 18 290   M    M   5 1      25 290
================================================================================
SM 1897 1225       275  21  4.63     0.0 271.9          M       97
================================================================================
AV 67.8 43.8                               9.7 FASTST   M    M   3    MAX(MPH)
                                 MISC ---->  # 53 240               # 65  220
================================================================================
NOTES:
# LAST OF SEVERAL OCCURRENCES

COLUMN 17 PEAK WIND IN M.P.H.

PRELIMINARY LOCAL CLIMATOLOGICAL DATA (WS FORM: F-6) , PAGE 2

                                          STATION:  LAWRENCEVILLE IL AIRPORT
                                          MONTH:    APRIL
                                          YEAR:     2016
                                          LATITUDE:   38 45 N
                                          LONGITUDE:  87 36 W

[TEMPERATURE DATA]      [PRECIPITATION DATA]       SYMBOLS USED IN COLUMN 16

AVERAGE MONTHLY: 55.8   TOTAL FOR MONTH:   4.63    1 = FOG OR MIST
DPTR FM NORMAL:   0.1   DPTR FM NORMAL:    0.91    2 = FOG REDUCING VISIBILITY
HIGHEST:    83 ON 26,20 GRTST 24HR  1.55 ON 10-11      TO 1/4 MILE OR LESS
LOWEST:     28 ON  3                               3 = THUNDER
                        SNOW, ICE PELLETS, HAIL    4 = ICE PELLETS
                        TOTAL MONTH:   0.0 INCH    5 = HAIL
                        GRTST 24HR     0.0         6 = FREEZING RAIN OR DRIZZLE
                        GRTST DEPTH:   0           7 = DUSTSTORM OR SANDSTORM:
                                                       VSBY 1/2 MILE OR LESS
                                                   8 = SMOKE OR HAZE
[NO. OF DAYS WITH]      [WEATHER - DAYS WITH]      9 = BLOWING SNOW
                                                   X = TORNADO
MAX 32 OR BELOW:   0    0.01 INCH OR MORE:  10
MAX 90 OR ABOVE:   0    0.10 INCH OR MORE:   7
MIN 32 OR BELOW:   4    0.50 INCH OR MORE:   3
MIN  0 OR BELOW:   0    1.00 INCH OR MORE:   2

[HDD (BASE 65) ]
TOTAL THIS MO.   275    CLEAR  (SCALE 0-3)  16
DPTR FM NORMAL   -10    PTCLDY (SCALE 4-7)  11
TOTAL FM JUL 1  3945    CLOUDY (SCALE 8-10)  1
DPTR FM NORMAL  -637

[CDD (BASE 65) ]
TOTAL THIS MO.    21
DPTR FM NORMAL    -1    [PRESSURE DATA]
TOTAL FM JAN 1    21    HIGHEST SLP M ON M
DPTR FM NORMAL    -3    LOWEST  SLP 29.58 ON  6

[REMARKS]
