000
CXUS51 KBOX 311200
CF6ORH
PRELIMINARY LOCAL CLIMATOLOGICAL DATA (WS FORM: F-6)

                                          STATION:   WORCESTER MA
                                          MONTH:     JULY
                                          YEAR:      2015
                                          LATITUDE:   42 16 N
                                          LONGITUDE:  71 52 W

  TEMPERATURE IN F:       :PCPN:    SNOW:  WIND      :SUNSHINE: SKY     :PK WND
================================================================================
1   2   3   4   5  6A  6B    7    8   9   10  11  12  13   14  15   16   17  18
                                     12Z  AVG MX 2MIN
DY MAX MIN AVG DEP HDD CDD  WTR  SNW DPTH SPD SPD DIR MIN PSBL S-S WX    SPD DR
================================================================================

 1  79  63  71   2   0   6 0.44  0.0    M 10.4 24 300   M    M   8 13     29 290
 2  75  61  68  -1   0   3 0.00  0.0    M  8.3 15 290   M    M   1        20 300
 3  76  60  68  -1   0   3 0.00  0.0    M  7.2 13 240   M    M   0        15 240
 4  71  58  65  -4   0   0 0.01  0.0    M  5.3 10 240   M    M   4        12 240
 5  81  57  69  -1   0   4 0.00  0.0    M  9.0 16 270   M    M   0        20 280
 6  83  63  73   3   0   8 0.00  0.0    0  7.0 13 220   M    M   0        17 210
 7  82  65  74   4   0   9    T  0.0    0 11.0 26 180   M    M   7 1      32 180
 8  84  67  76   6   0  11 0.01  0.0    0  9.7 16 250   M    M   3 18     21 240
 9  75  62  69  -1   0   4 0.45  0.0    0  6.4 12 350   M    M   5 1      15  60
10  81  61  71   1   0   6 1.15  0.0    0  8.1 16 350   M    M   6 12     22 340
11  85  66  76   6   0  11 0.00  0.0    0  8.3 15 280   M    M   1        20 290
12  85  67  76   6   0  11 0.00  0.0    0  9.3 15 280   M    M   0        20 290
13  82  65  74   4   0   9 0.00  0.0    0  5.9 13 210   M    M   1 38     16 220
14  80  64  72   2   0   7 0.01  0.0    M  7.8 16 170   M    M   8 12     21 190
15  83  64  74   3   0   9    T  0.0    M  7.4 15 360   M    M   7 1      21  10
16  75  57  66  -5   0   1 0.00  0.0    M  6.7 14  20   M    M   2        20  20
17  78  56  67  -4   0   2    T  0.0    M  7.2 16 230   M    M   1        20 220
18  79  64  72   1   0   7 0.11  0.0    M 11.4 17 220   M    M   9 13     23 210
19  87  72  80   9   0  15    T  0.0    M  9.8 21 220   M    M   3 13     26 240
20  88  70  79   8   0  14 0.00  0.0    M  8.3 17 280   M    M   1 18     22 280
21  86  69  78   7   0  13 0.01  0.0    M  8.3 23 300   M    M   4        31 290
22  80  62  71   0   0   6 0.00  0.0    M 11.0 22 300   M    M   2        27 310
23  77  61  69  -2   0   4 0.00  0.0    M 11.3 20 290   M    M   3        25 280
24  77  58  68  -3   0   3 0.34  0.0    M  7.1 22  20   M    M   2 13     30  10
25  70  57  64  -7   1   0    T  0.0    0  6.0 10 130   M    M   4        13  60
26  76  60  68  -3   0   3    T  0.0    M  9.2 15 220   M    M   7 13     20 200
27  81  64  73   2   0   8 0.00  0.0    M  9.5 15 200   M    M   2        19 210
28  86  66  76   5   0  11    T  0.0    M  6.7 15  40   M    M   2 13     22  20
29  88  69  79   8   0  14 0.00  0.0    M  7.8 14 280   M    M   0        19 260
30  85  69  77   6   0  12 0.33  0.0    M 10.9 20 240   M    M   4 138    26 210
================================================================================
SM 2415 1897         1 214  2.86     0.0 252.3          M       97
================================================================================
AV 80.5 63.2                               8.4 FASTST   M    M   3    MAX(MPH)
                                 MISC ---->  # 26 180               # 32  180
================================================================================
NOTES:
# LAST OF SEVERAL OCCURRENCES

COLUMN 17 PEAK WIND IN M.P.H.

PRELIMINARY LOCAL CLIMATOLOGICAL DATA (WS FORM: F-6) , PAGE 2

                                          STATION:  WORCESTER MA
                                          MONTH:    JULY
                                          YEAR:     2015
                                          LATITUDE:   42 16 N
                                          LONGITUDE:  71 52 W

[TEMPERATURE DATA]      [PRECIPITATION DATA]       SYMBOLS USED IN COLUMN 16

AVERAGE MONTHLY: 71.9   TOTAL FOR MONTH:   2.86    1 = FOG OR MIST
DPTR FM NORMAL:   1.7   DPTR FM NORMAL:   -1.22    2 = FOG REDUCING VISIBILITY
HIGHEST:    88 ON 29,20 GRTST 24HR  1.60 ON  9-10      TO 1/4 MILE OR LESS
LOWEST:     56 ON 17                               3 = THUNDER
                        SNOW, ICE PELLETS, HAIL    4 = ICE PELLETS
                        TOTAL MONTH:   0.0 INCH    5 = HAIL
                        GRTST 24HR     0.0         6 = FREEZING RAIN OR DRIZZLE
                        GRTST DEPTH:   0           7 = DUSTSTORM OR SANDSTORM:
                                                       VSBY 1/2 MILE OR LESS
                                                   8 = SMOKE OR HAZE
[NO. OF DAYS WITH]      [WEATHER - DAYS WITH]      9 = BLOWING SNOW
                                                   X = TORNADO
MAX 32 OR BELOW:   0    0.01 INCH OR MORE:  10
MAX 90 OR ABOVE:   0    0.10 INCH OR MORE:   6
MIN 32 OR BELOW:   0    0.50 INCH OR MORE:   1
MIN  0 OR BELOW:   0    1.00 INCH OR MORE:   1

[HDD (BASE 65) ]
TOTAL THIS MO.     1    CLEAR  (SCALE 0-3)  17
DPTR FM NORMAL    -8    PTCLDY (SCALE 4-7)  12
TOTAL FM JUL 1     1    CLOUDY (SCALE 8-10)  1
DPTR FM NORMAL    -8

[CDD (BASE 65) ]
TOTAL THIS MO.   214
DPTR FM NORMAL    43    [PRESSURE DATA]
TOTAL FM JAN 1   364    HIGHEST SLP M ON M
DPTR FM NORMAL    87    LOWEST  SLP 29.53 ON 21

[REMARKS]
