000
CXUS51 KBOX 181200
CF6ORH
PRELIMINARY LOCAL CLIMATOLOGICAL DATA (WS FORM: F-6)

                                          STATION:   WORCESTER MA
                                          MONTH:     APRIL
                                          YEAR:      2014
                                          LATITUDE:   42 16 N
                                          LONGITUDE:  71 52 W

  TEMPERATURE IN F:       :PCPN:    SNOW:  WIND      :SUNSHINE: SKY     :PK WND
================================================================================
1   2   3   4   5  6A  6B    7    8   9   10  11  12  13   14  15   16   17  18
                                     12Z  AVG MX 2MIN
DY MAX MIN AVG DEP HDD CDD  WTR  SNW DPTH SPD SPD DIR MIN PSBL S-S WX    SPD DR
================================================================================

 1  54  29  42   2  23   0 0.00  0.0    M  7.7 15  20   M    M   1        21  30
 2  55  33  44   3  21   0 0.00  0.0    M  8.4 16 290   M    M   0        21 280
 3  53  32  43   2  22   0 0.00  0.0    M  9.0 17 300   M    M   0        22 290
 4  46  33  40  -2  25   0 0.13  0.0    M  7.3 16 120   M    M   8 1      23 130
 5  46  31  39  -3  26   0 0.18  0.0    M 13.6 30 290   M    M   8 12     40 280
 6  54  29  42   0  23   0 0.00  0.0    M  9.4 17 290   M    M   0        23 290
 7  56  38  47   4  18   0 0.07  0.0    M  8.4 18 160   M    M   4 12     22 200
 8  61  39  50   7  15   0 0.39  0.0    M 14.2 30 290   M    M   7 12     41 260
 9  54  32  43  -1  22   0 0.00  0.0    M 12.6 25 290   M    M   1        34 300
10  58  30  44   0  21   0    T  0.0    M 15.5 26 230   M    M   0        35 240
11  65  44  55  11  10   0 0.06  0.0    M 10.4 20 210   M    M   7        25 210
12  65  41  53   8  12   0 0.04  0.0    M 10.6 20 250   M    M   1 1      26 260
13  68  43  56  11   9   0 0.06  0.0    M 11.6 22 220   M    M   4 1      29 230
14  71  57  64  18   1   0 0.00  0.0    M 21.7 35 220   M    M   2        48 200
15  60  33  47   1  18   0 1.16  0.0    M 20.3 37 190   M    M  10 1      49 200
16  39  25  32 -14  33   0 0.26  0.6    M 13.6 26 310   M    M   2 16     35 300
17  42  24  33 -14  32   0 0.00  0.0    M  9.1 15  70   M    M   0        22  60
================================================================================
SM  947  593       331   0  2.35     0.6 203.4          M       55
================================================================================
AV 55.7 34.9                              12.0 FASTST   M    M   3    MAX(MPH)
                                 MISC ---->  # 37 190               # 49  200
================================================================================
NOTES:
# LAST OF SEVERAL OCCURRENCES

COLUMN 17 PEAK WIND IN M.P.H.

PRELIMINARY LOCAL CLIMATOLOGICAL DATA (WS FORM: F-6) , PAGE 2

                                          STATION:  WORCESTER MA
                                          MONTH:    APRIL
                                          YEAR:     2014
                                          LATITUDE:   42 16 N
                                          LONGITUDE:  71 52 W

[TEMPERATURE DATA]      [PRECIPITATION DATA]       SYMBOLS USED IN COLUMN 16

AVERAGE MONTHLY: 45.3   TOTAL FOR MONTH:   2.35    1 = FOG OR MIST
DPTR FM NORMAL:   1.7   DPTR FM NORMAL:   -0.09    2 = FOG REDUCING VISIBILITY
HIGHEST:    71 ON 14    GRTST 24HR  1.42 ON 15-16      TO 1/4 MILE OR LESS
LOWEST:     24 ON 17                               3 = THUNDER
                        SNOW, ICE PELLETS, HAIL    4 = ICE PELLETS
                        TOTAL MONTH:   0.6 INCH    5 = HAIL
                        GRTST 24HR   0.6 ON   M    6 = FREEZING RAIN OR DRIZZLE
                        GRTST DEPTH:  M  ON   M    7 = DUSTSTORM OR SANDSTORM:
                                                       VSBY 1/2 MILE OR LESS
                                                   8 = SMOKE OR HAZE
[NO. OF DAYS WITH]      [WEATHER - DAYS WITH]      9 = BLOWING SNOW
                                                   X = TORNADO
MAX 32 OR BELOW:   0    0.01 INCH OR MORE:   9
MAX 90 OR ABOVE:   0    0.10 INCH OR MORE:   5
MIN 32 OR BELOW:   8    0.50 INCH OR MORE:   1
MIN  0 OR BELOW:   0    1.00 INCH OR MORE:   1

[HDD (BASE 65) ]
TOTAL THIS MO.   331    CLEAR  (SCALE 0-3)  10
DPTR FM NORMAL   -34    PTCLDY (SCALE 4-7)   6
TOTAL FM JUL 1  6513    CLOUDY (SCALE 8-10)  1
DPTR FM NORMAL   372

[CDD (BASE 65) ]
TOTAL THIS MO.     0
DPTR FM NORMAL     0    [PRESSURE DATA]
TOTAL FM JAN 1     0    HIGHEST SLP M ON M
DPTR FM NORMAL     0    LOWEST  SLP 29.30 ON  8

[REMARKS]
