000
CXUS55 KRIW 251010
CF6WRL
PRELIMINARY LOCAL CLIMATOLOGICAL DATA (WS FORM: F-6)
STATION: WORLAND WY
MONTH: APRIL
YEAR: 2024
LATITUDE: 43 58 N
LONGITUDE: 107 57 W
TEMPERATURE IN F: :PCPN: SNOW: WIND :SUNSHINE: SKY :PK WND
================================================================================
1 2 3 4 5 6A 6B 7 8 9 10 11 12 13 14 15 16 17 18
12Z AVG MX 2MIN
DY MAX MIN AVG DEP HDD CDD WTR SNW DPTH SPD SPD DIR MIN PSBL S-S WX SPD DR
================================================================================
1 47 27 37 -5 28 0 T M M 5.2 15 350 M M 6 1 21 10
2 60 23 42 0 23 0 0.00 M M 4.3 13 170 M M 0 15 320
3 71 30 51 9 14 0 0.00 M M 5.4 13 140 M M 0 19 120
4 71 36 54 12 11 0 0.00 M M 10.1 23 190 M M 0 29 170
5 74 41 58 15 7 0 0.00 M M 17.6 36 200 M M 1 8 48 200
6 48 31 40 -3 25 0 0.64 M M 17.0 31 310 M M 9 12 43 320
7 42 33 38 -5 27 0 0.05 M M 10.0 20 340 M M 10 26 340
8 48 32 40 -3 25 0 0.06 M M 6.5 18 320 M M 8 1 23 310
9 54 28 41 -2 24 0 0.00 M M 6.1 14 120 M M 1 20 120
10 52 30 41 -3 24 0 0.04 M M 9.5 25 340 M M 5 1 35 340
11 60 27 44 0 21 0 0.00 M M 4.2 15 130 M M 0 19 120
12 75 31 53 9 12 0 0.00 M M 7.7 22 210 M M 0 30 200
13 78 36 57 13 8 0 0.00 M M 4.6 17 350 M M 0 23 340
14 76 35 56 12 9 0 0.00 M M 5.8 18 200 M M 0 29 200
15 64 46 55 11 10 0 T M M 10.0 30 320 M M 2 39 320
16 66 44 55 10 10 0 0.00 M M 10.0 21 340 M M 5 29 330
17 44 30 37 -8 28 0 T M M 15.2 24 320 M M 10 1 33 330
18 43 23 33 -12 32 0 0.00 M M 6.2 16 310 M M 6 21 330
19 45 22 34 -11 31 0 0.00 M M 7.1 16 340 M M 7 22 340
20 50 22 36 -10 29 0 0.00 M M 3.0 10 160 M M 3 16 360
21 68 24 46 0 19 0 0.00 M M 4.9 15 160 M M 1 21 110
22 62 35 49 3 16 0 0.00 M M 8.3 15 280 M M 0 21 360
23 62 26 44 -2 21 0 0.00 M M 4.0 10 180 M M 0 15 50
24 75 29 52 5 13 0 0.00 M M 7.2 15 160 M M 1 20 50
================================================================================
SM 1435 741 467 0 0.79 M 189.9 M 75
================================================================================
AV 59.8 30.9 7.9 FASTST M M 3 MAX(MPH)
MISC ----> 36 200 48 200
================================================================================
NOTES:
# LAST OF SEVERAL OCCURRENCES
COLUMN 17 PEAK WIND IN M.P.H.
PRELIMINARY LOCAL CLIMATOLOGICAL DATA (WS FORM: F-6) , PAGE 2
STATION: WORLAND WY
MONTH: APRIL
YEAR: 2024
LATITUDE: 43 58 N
LONGITUDE: 107 57 W
[TEMPERATURE DATA] [PRECIPITATION DATA] SYMBOLS USED IN COLUMN 16
AVERAGE MONTHLY: 45.3 TOTAL FOR MONTH: 0.79 1 = FOG OR MIST
DPTR FM NORMAL: 1.3 DPTR FM NORMAL: 0.07 2 = FOG REDUCING VISIBILITY
HIGHEST: 78 ON 13 GRTST 24HR 0.64 ON 6- 6 TO 1/4 MILE OR LESS
LOWEST: 22 ON 20,19 3 = THUNDER
SNOW, ICE PELLETS, HAIL 4 = ICE PELLETS
TOTAL MONTH: M 5 = HAIL
GRTST 24HR M ON M 6 = FREEZING RAIN OR DRIZZLE
GRTST DEPTH: M ON M 7 = DUSTSTORM OR SANDSTORM:
VSBY 1/2 MILE OR LESS
8 = SMOKE OR HAZE
[NO. OF DAYS WITH] [WEATHER - DAYS WITH] 9 = BLOWING SNOW
X = TORNADO
MAX 32 OR BELOW: 0 0.01 INCH OR MORE: 4
MAX 90 OR ABOVE: 0 0.10 INCH OR MORE: 1
MIN 32 OR BELOW: 16 0.50 INCH OR MORE: 1
MIN 0 OR BELOW: 0 1.00 INCH OR MORE: 0
[HDD (BASE 65) ]
TOTAL THIS MO. 467 CLEAR (SCALE 0-3) 14
DPTR FM NORMAL -32 PTCLDY (SCALE 4-7) 7
TOTAL FM JUL 1 6925 CLOUDY (SCALE 8-10) 3
DPTR FM NORMAL -500
[CDD (BASE 65) ]
TOTAL THIS MO. 0
DPTR FM NORMAL 0 [PRESSURE DATA]
TOTAL FM JAN 1 0 HIGHEST SLP M ON M
DPTR FM NORMAL 0 LOWEST SLP 29.28 ON 5
[REMARKS]