000
CXUS55 KRIW 010945
CF6WRL
PRELIMINARY LOCAL CLIMATOLOGICAL DATA (WS FORM: F-6)

                                          STATION:   WORLAND WY
                                          MONTH:     APRIL
                                          YEAR:      2016
                                          LATITUDE:   43 58 N
                                          LONGITUDE: 107 57 W

  TEMPERATURE IN F:       :PCPN:    SNOW:  WIND      :SUNSHINE: SKY     :PK WND
================================================================================
1   2   3   4   5  6A  6B    7    8   9   10  11  12  13   14  15   16   17  18
                                     12Z  AVG MX 2MIN
DY MAX MIN AVG DEP HDD CDD  WTR  SNW DPTH SPD SPD DIR MIN PSBL S-S WX    SPD DR
================================================================================

 1  53  27  40  -2  25   0 0.00  0.0    M  5.8 12 150   M    M   5        17 220
 2  64  29  47   5  18   0 0.00  0.0    M  6.9 14 210   M    M   2        18 160
 3  68  33  51   9  14   0 0.00  0.0    M  6.5 15  10   M    M   2        19  10
 4  72  34  53  11  12   0 0.00  0.0    M  8.6 32 240   M    M   1 8      40 230
 5  53  29  41  -2  24   0 0.00  0.0    M 10.8 32 320   M    M   3        41 320
 6  69  25  47   4  18   0 0.00  0.0    M  7.7 32 310   M    M   0        38 310
 7  65  36  51   8  14   0 0.00  0.0    M  8.4 18 330   M    M   0        24 320
 8  72  31  52   9  13   0 0.00  0.0    M  5.1 14 150   M    M   0        15 150
 9  79  33  56  12   9   0 0.00  0.0    M  5.9 21 320   M    M   0        26 330
10  56  45  51   7  14   0    T    M    M  8.4 20 330   M    M   9        27 330
11  69  31  50   6  15   0 0.00  0.0    M  5.4 13 130   M    M   2        14 130
12  74  35  55  11  10   0 0.00  0.0    M  4.7 20 310   M    M   0        23 300
13  73  38  56  11   9   0    T    M    M  8.4 22 290   M    M   3        33 290
14  71  36  54   9  11   0 0.06    M    M  9.0 39 250   M    M   4 38     56 250
15  61  31  46   1  19   0 0.00  0.0    M 11.8 35 340   M    M   2        43 340
16  53  32  43  -3  22   0 0.00  0.0    M 17.1 30 340   M    M   5        38 340
17  47  35  41  -5  24   0 0.00  0.0    M  9.3 23 330   M    M   5        29 310
18  47  34  41  -5  24   0 0.27    M    M 10.9 21 330   M    M  10 1      26 320
19  49  33  41  -5  24   0 0.05    M    M  4.2 12 280   M    M  10 1      14 280
20  64  41  53   6  12   0 0.00  0.0    M  4.5 13 340   M    M   5        18 350
21  74  37  56   9   9   0 0.00  0.0    M  5.8 14 150   M    M   0        16 150
22  81  41  61  13   4   0 0.00  0.0    M  8.0 21 210   M    M   0        26 210
23  79  41  60  12   5   0 0.58    M    M  8.2 29 230   M    M   3 1      37 220
24  50  45  48   0  17   0 0.08    M    M 14.2 32 330   M    M  10        41 340
25  55  42  49   1  16   0    T    M    M  7.2 20 330   M    M  10        24 360
26  44  34  39 -10  26   0 0.16    M    M 15.1 28 330   M    M  10 1      35 330
27  47  33  40  -9  25   0 0.11    M    M  7.9 17 340   M    M  10 1      20 340
28  43  34  39 -11  26   0    T    M    M  5.0 10 310   M    M  10        14 220
29  49  38  44  -6  21   0 0.00  0.0    M  4.7 12 130   M    M  10        15 140
30  50  40  45  -5  20   0 0.03    M    M  7.2 18 200   M    M  10 1      21 190
================================================================================
SM 1831 1053       500   0  1.34     0.0 242.7          M      141
================================================================================
AV 61.0 35.1                               8.1 FASTST   M    M   5    MAX(MPH)
                                 MISC ---->  # 39 250               # 56  250
================================================================================
NOTES:
# LAST OF SEVERAL OCCURRENCES

COLUMN 17 PEAK WIND IN M.P.H.

PRELIMINARY LOCAL CLIMATOLOGICAL DATA (WS FORM: F-6) , PAGE 2

                                          STATION:  WORLAND WY
                                          MONTH:    APRIL
                                          YEAR:     2016
                                          LATITUDE:   43 58 N
                                          LONGITUDE: 107 57 W

[TEMPERATURE DATA]      [PRECIPITATION DATA]       SYMBOLS USED IN COLUMN 16

AVERAGE MONTHLY: 48.1   TOTAL FOR MONTH:   1.34    1 = FOG OR MIST
DPTR FM NORMAL:   2.4   DPTR FM NORMAL:    0.48    2 = FOG REDUCING VISIBILITY
HIGHEST:    81 ON 22    GRTST 24HR  0.66 ON 23-24      TO 1/4 MILE OR LESS
LOWEST:     25 ON  6                               3 = THUNDER
                        SNOW, ICE PELLETS, HAIL    4 = ICE PELLETS
                        TOTAL MONTH:   0.0 INCH    5 = HAIL
                        GRTST 24HR     0.0         6 = FREEZING RAIN OR DRIZZLE
                        GRTST DEPTH:  M  ON   M    7 = DUSTSTORM OR SANDSTORM:
                                                       VSBY 1/2 MILE OR LESS
                                                   8 = SMOKE OR HAZE
[NO. OF DAYS WITH]      [WEATHER - DAYS WITH]      9 = BLOWING SNOW
                                                   X = TORNADO
MAX 32 OR BELOW:   0    0.01 INCH OR MORE:   8
MAX 90 OR ABOVE:   0    0.10 INCH OR MORE:   4
MIN 32 OR BELOW:   8    0.50 INCH OR MORE:   1
MIN  0 OR BELOW:   0    1.00 INCH OR MORE:   0

[HDD (BASE 65) ]
TOTAL THIS MO.   500    CLEAR  (SCALE 0-3)  15
DPTR FM NORMAL   -81    PTCLDY (SCALE 4-7)   5
TOTAL FM JUL 1  6678    CLOUDY (SCALE 8-10) 10
DPTR FM NORMAL  -789

[CDD (BASE 65) ]
TOTAL THIS MO.     0
DPTR FM NORMAL    -1    [PRESSURE DATA]
TOTAL FM JAN 1     0    HIGHEST SLP 30.45 ON 17
DPTR FM NORMAL    -1    LOWEST  SLP 29.37 ON 14

[REMARKS]
#FINAL-04-16#
