000
CDUS44 KBMX 230830
CLITOI


CLIMATE REPORT
NATIONAL WEATHER SERVICE BIRMINGHAM, AL
235 AM CDT FRI JUN 23 2017


...................................

...THE TROY CLIMATE SUMMARY FOR JUNE 22 2017...

CLIMATE NORMAL PERIOD 1981 TO 2010
CLIMATE RECORD PERIOD 9999 TO 9999


WEATHER ITEM   OBSERVED TIME   RECORD YEAR NORMAL DEPARTURE LAST
                VALUE   (LST)  VALUE       VALUE  FROM      YEAR
                                                  NORMAL
..................................................................
TEMPERATURE (F)
 YESTERDAY
  MAXIMUM         86    122 PM  MM      MM  90     -4       90
  MINIMUM         74    650 AM  MM      MM  68      6       61
  AVERAGE         80                        79      1       76

PRECIPITATION (IN)
  YESTERDAY        0.97                      0.17   0.80     0.00
  MONTH TO DATE    7.68                      3.55   4.13     3.38
  SINCE JUN 1      7.68                      3.55   4.13     3.38
  SINCE JAN 1     40.18                     26.38  13.80    22.72

DEGREE DAYS
 COOLING
  YESTERDAY       15                        14      1       11
  MONTH TO DATE  253                       271    -18      311
  SINCE JUN 1    253                       271    -18      311
  SINCE JAN 1    657                       558     99      726
..................................................................


WIND (MPH)
  HIGHEST WIND SPEED    20   HIGHEST WIND DIRECTION     S (160)
  HIGHEST GUST SPEED    29   HIGHEST GUST DIRECTION    SE (150)
  AVERAGE WIND SPEED     9.5


SKY COVER
  AVERAGE SKY COVER 0.5


WEATHER CONDITIONS
 THE FOLLOWING WEATHER WAS RECORDED YESTERDAY.
  THUNDERSTORM
  HEAVY RAIN
  RAIN
  LIGHT RAIN
  FOG


RELATIVE HUMIDITY (PERCENT)
 HIGHEST   100           100 AM
 LOWEST     74           100 PM
 AVERAGE    87

..........................................................


THE TROY CLIMATE NORMALS FOR TODAY
                         NORMAL    RECORD    YEAR
 MAXIMUM TEMPERATURE (F)   90        MM        MM
 MINIMUM TEMPERATURE (F)   68        MM        MM


SUNRISE AND SUNSET
JUNE 23 2017..........SUNRISE   539 AM CDT   SUNSET   753 PM CDT
JUNE 24 2017..........SUNRISE   540 AM CDT   SUNSET   753 PM CDT


-  INDICATES NEGATIVE NUMBERS.
R  INDICATES RECORD WAS SET OR TIED.
MM INDICATES DATA IS MISSING.
T  INDICATES TRACE AMOUNT.




$$
