000
CDUS44 KBMX 170751
CLITOI


CLIMATE REPORT
NATIONAL WEATHER SERVICE BIRMINGHAM, AL
250 AM CDT TUE OCT 17 2017


...................................

...THE TROY CLIMATE SUMMARY FOR OCTOBER 16 2017...

CLIMATE NORMAL PERIOD 1981 TO 2010
CLIMATE RECORD PERIOD 9999 TO 9999


WEATHER ITEM   OBSERVED TIME   RECORD YEAR NORMAL DEPARTURE LAST
                VALUE   (LST)  VALUE       VALUE  FROM      YEAR
                                                  NORMAL
..................................................................
TEMPERATURE (F)
 YESTERDAY
  MAXIMUM         72    317 PM  MM      MM  78     -6       83
  MINIMUM         55   1159 PM  MM      MM  52      3       62
  AVERAGE         64                        65     -1       73

PRECIPITATION (IN)
  YESTERDAY        0.03                      0.10  -0.07     0.02
  MONTH TO DATE    0.03                      1.57  -1.54     0.02
  SINCE SEP 1      3.36                      5.53  -2.17     1.50
  SINCE JAN 1     58.16                     43.48  14.68    34.24

SNOWFALL (IN)
  YESTERDAY        0.0                      MM     MM        0.0
  MONTH TO DATE    0.0                      MM     MM        0.0
  SINCE SEP 1      0.0                      MM     MM        0.0
  SINCE JUL 1      0.0                      MM     MM        0.0
  SNOW DEPTH       0

DEGREE DAYS
 HEATING
  YESTERDAY        1                         3     -2        0
  MONTH TO DATE    1                        26    -25        4
  SINCE SEP 1      5                        30    -25        6
  SINCE JUL 1      5                        30    -25        6

 COOLING
  YESTERDAY        0                         3     -3        8
  MONTH TO DATE  127                        68     59       90
  SINCE SEP 1    431                       382     49      503
  SINCE JAN 1   2139                      2016    123     2409
..................................................................


WIND (MPH)
  HIGHEST WIND SPEED    17   HIGHEST WIND DIRECTION     N (10)
  HIGHEST GUST SPEED    23   HIGHEST GUST DIRECTION     N (340)
  AVERAGE WIND SPEED     8.4


SKY COVER
  AVERAGE SKY COVER 0.5


WEATHER CONDITIONS
 THE FOLLOWING WEATHER WAS RECORDED YESTERDAY.
  LIGHT RAIN
  FOG


RELATIVE HUMIDITY (PERCENT)
 HIGHEST   100          1200 AM
 LOWEST     53           400 PM
 AVERAGE    77

..........................................................


THE TROY CLIMATE NORMALS FOR TODAY
                         NORMAL    RECORD    YEAR
 MAXIMUM TEMPERATURE (F)   78        MM        MM
 MINIMUM TEMPERATURE (F)   52        MM        MM


SUNRISE AND SUNSET
OCTOBER 17 2017.......SUNRISE   649 AM CDT   SUNSET   609 PM CDT
OCTOBER 18 2017.......SUNRISE   650 AM CDT   SUNSET   608 PM CDT


-  INDICATES NEGATIVE NUMBERS.
R  INDICATES RECORD WAS SET OR TIED.
MM INDICATES DATA IS MISSING.
T  INDICATES TRACE AMOUNT.




$$
