000
CDUS44 KBMX 290806
CLITOI


CLIMATE REPORT
NATIONAL WEATHER SERVICE BIRMINGHAM, AL
305 AM CDT WED JUL 29 2015


...................................

...THE TROY CLIMATE SUMMARY FOR JULY 28 2015...

CLIMATE NORMAL PERIOD 1981 TO 2010
CLIMATE RECORD PERIOD 9999 TO 9999


WEATHER ITEM   OBSERVED TIME   RECORD YEAR NORMAL DEPARTURE LAST
                VALUE   (LST)  VALUE       VALUE  FROM      YEAR
                                                  NORMAL
..................................................................
TEMPERATURE (F)
 YESTERDAY
  MAXIMUM         98   1117 AM  MM      MM  92      6       94
  MINIMUM         72    526 AM  MM      MM  70      2       72
  AVERAGE         85                        81      4       83

PRECIPITATION (IN)
  YESTERDAY        T                         0.16  -0.16     0.03
  MONTH TO DATE    2.63                      5.14  -2.51     2.12
  SINCE JUN 1      6.74                      9.97  -3.23     4.91
  SINCE JAN 1     26.56                     32.80  -6.24    34.97

DEGREE DAYS
 COOLING
  YESTERDAY       20                        16      4       18
  MONTH TO DATE  513                       441     72      431
  SINCE JUN 1    972                       829    143      864
  SINCE JAN 1   1455                      1116    339     1186
..................................................................


WIND (MPH)
  HIGHEST WIND SPEED    14   HIGHEST WIND DIRECTION    SW (210)
  HIGHEST GUST SPEED    43   HIGHEST GUST DIRECTION    SW (210)
  AVERAGE WIND SPEED     2.9


SKY COVER
  AVERAGE SKY COVER 0.2


WEATHER CONDITIONS
 THE FOLLOWING WEATHER WAS RECORDED YESTERDAY.
  THUNDERSTORM
  FOG
  HAZE


RELATIVE HUMIDITY (PERCENT)
 HIGHEST   100           100 AM
 LOWEST     45          1100 AM
 AVERAGE    73

..........................................................


THE TROY CLIMATE NORMALS FOR TODAY
                         NORMAL    RECORD    YEAR
 MAXIMUM TEMPERATURE (F)   91        MM        MM
 MINIMUM TEMPERATURE (F)   70        MM        MM


SUNRISE AND SUNSET
JULY 29 2015..........SUNRISE   558 AM CDT   SUNSET   743 PM CDT
JULY 30 2015..........SUNRISE   558 AM CDT   SUNSET   742 PM CDT


-  INDICATES NEGATIVE NUMBERS.
R  INDICATES RECORD WAS SET OR TIED.
MM INDICATES DATA IS MISSING.
T  INDICATES TRACE AMOUNT.




$$
