000
CDUS44 KBMX 300833
CLITOI


CLIMATE REPORT
NATIONAL WEATHER SERVICE BIRMINGHAM, AL
333 AM CDT SAT JUL 30 2016


...................................

...THE TROY CLIMATE SUMMARY FOR JULY 29 2016...

CLIMATE NORMAL PERIOD 1981 TO 2010
CLIMATE RECORD PERIOD 9999 TO 9999


WEATHER ITEM   OBSERVED TIME   RECORD YEAR NORMAL DEPARTURE LAST
                VALUE   (LST)  VALUE       VALUE  FROM      YEAR
                                                  NORMAL
..................................................................
TEMPERATURE (F)
 YESTERDAY
  MAXIMUM         93    336 PM  MM      MM  91      2       99
  MINIMUM         71    524 AM  MM      MM  70      1       73
  AVERAGE         82                        81      1       86

PRECIPITATION (IN)
  YESTERDAY        0.00                      0.17  -0.17     0.04
  MONTH TO DATE    3.91                      5.31  -1.40     2.67
  SINCE JUN 1      9.91                     10.14  -0.23     6.78
  SINCE JAN 1     29.25                     32.97  -3.72    26.60

DEGREE DAYS
 COOLING
  YESTERDAY       17                        16      1       21
  MONTH TO DATE  483                       457     26      534
  SINCE JUN 1    924                       845     79      993
  SINCE JAN 1   1339                      1132    207     1476
..................................................................


WIND (MPH)
  HIGHEST WIND SPEED    17   HIGHEST WIND DIRECTION     S (180)
  HIGHEST GUST SPEED    21   HIGHEST GUST DIRECTION     S (190)
  AVERAGE WIND SPEED     3.8


SKY COVER
  AVERAGE SKY COVER 0.1


WEATHER CONDITIONS
 THE FOLLOWING WEATHER WAS RECORDED YESTERDAY.
  FOG


RELATIVE HUMIDITY (PERCENT)
 HIGHEST   100          1200 AM
 LOWEST     49           100 PM
 AVERAGE    75

..........................................................


THE TROY CLIMATE NORMALS FOR TODAY
                         NORMAL    RECORD    YEAR
 MAXIMUM TEMPERATURE (F)   91        MM        MM
 MINIMUM TEMPERATURE (F)   70        MM        MM


SUNRISE AND SUNSET
JULY 30 2016..........SUNRISE   559 AM CDT   SUNSET   742 PM CDT
JULY 31 2016..........SUNRISE   559 AM CDT   SUNSET   741 PM CDT


-  INDICATES NEGATIVE NUMBERS.
R  INDICATES RECORD WAS SET OR TIED.
MM INDICATES DATA IS MISSING.
T  INDICATES TRACE AMOUNT.




$$
