000
CDUS44 KBMX 230954
CLITOI


CLIMATE REPORT
NATIONAL WEATHER SERVICE BIRMINGHAM, AL
454 AM CDT TUE SEP 23 2014


...................................

...THE TROY CLIMATE SUMMARY FOR SEPTEMBER 22 2014...

CLIMATE NORMAL PERIOD 1981 TO 2010
CLIMATE RECORD PERIOD 9999 TO 9999


WEATHER ITEM   OBSERVED TIME   RECORD YEAR NORMAL DEPARTURE LAST
                VALUE   (LST)  VALUE       VALUE  FROM      YEAR
                                                  NORMAL
..................................................................
TEMPERATURE (F)
 YESTERDAY
  MAXIMUM         81    316 PM  MM      MM  85     -4       84
  MINIMUM         56   1157 PM  MM      MM  62     -6       67
  AVERAGE         69                        74     -5       76

PRECIPITATION (IN)
  YESTERDAY        0.17                      0.11   0.06     0.00
  MONTH TO DATE    2.93                      3.04  -0.11     1.63
  SINCE SEP 1      2.93                      3.04  -0.11     1.63
  SINCE JAN 1     40.93                     40.99  -0.06    47.24

DEGREE DAYS
 HEATING
  YESTERDAY        0                         0      0        0
  MONTH TO DATE    0                         0      0        0
  SINCE SEP 1      0                         0      0        0
  SINCE JUL 1      0                         0      0        0

 COOLING
  YESTERDAY        4                         9     -5       11
  MONTH TO DATE  331                       257     74      322
  SINCE SEP 1    331                       257     74      322
  SINCE JAN 1   2043                      1891    152     1969
..................................................................


WIND (MPH)
  HIGHEST WIND SPEED    14   HIGHEST WIND DIRECTION     N (10)
  HIGHEST GUST SPEED    18   HIGHEST GUST DIRECTION     N (20)
  AVERAGE WIND SPEED     4.2


SKY COVER
  AVERAGE SKY COVER 0.2


WEATHER CONDITIONS
 THE FOLLOWING WEATHER WAS RECORDED YESTERDAY.
  THUNDERSTORM
  HEAVY RAIN
  LIGHT RAIN
  FOG


RELATIVE HUMIDITY (PERCENT)
 HIGHEST    93           200 AM
 LOWEST     51           400 PM
 AVERAGE    72

..........................................................


THE TROY CLIMATE NORMALS FOR TODAY
                         NORMAL    RECORD    YEAR
 MAXIMUM TEMPERATURE (F)   85        MM        MM
 MINIMUM TEMPERATURE (F)   62        MM        MM


SUNRISE AND SUNSET
SEPTEMBER 23 2014.....SUNRISE   633 AM CDT   SUNSET   639 PM CDT
SEPTEMBER 24 2014.....SUNRISE   633 AM CDT   SUNSET   638 PM CDT


-  INDICATES NEGATIVE NUMBERS.
R  INDICATES RECORD WAS SET OR TIED.
MM INDICATES DATA IS MISSING.
T  INDICATES TRACE AMOUNT.




$$
