000
CDUS44 KBMX 230735
CLITOI


CLIMATE REPORT
NATIONAL WEATHER SERVICE BIRMINGHAM, AL
235 AM CDT WED AUG 23 2017


...................................

...THE TROY CLIMATE SUMMARY FOR AUGUST 22 2017...

CLIMATE NORMAL PERIOD 1981 TO 2010
CLIMATE RECORD PERIOD 9999 TO 9999


WEATHER ITEM   OBSERVED TIME   RECORD YEAR NORMAL DEPARTURE LAST
                VALUE   (LST)  VALUE       VALUE  FROM      YEAR
                                                  NORMAL
..................................................................
TEMPERATURE (F)
 YESTERDAY
  MAXIMUM         92    216 PM  MM      MM  91      1       92
  MINIMUM         70    514 AM  MM      MM  69      1       70
  AVERAGE         81                        80      1       81

PRECIPITATION (IN)
  YESTERDAY        0.00                      0.12  -0.12     0.21
  MONTH TO DATE    5.65                      3.62   2.03     3.25
  SINCE JUN 1     19.03                     14.12   4.91    13.30
  SINCE JAN 1     51.53                     36.95  14.58    32.64

DEGREE DAYS
 COOLING
  YESTERDAY       16                        15      1       16
  MONTH TO DATE  337                       345     -8      377
  SINCE JUN 1   1182                      1218    -36     1337
  SINCE JAN 1   1586                      1505     81     1752
..................................................................


WIND (MPH)
  HIGHEST WIND SPEED     9   HIGHEST WIND DIRECTION     S (200)
  HIGHEST GUST SPEED    12   HIGHEST GUST DIRECTION     S (190)
  AVERAGE WIND SPEED     1.8


SKY COVER
  AVERAGE SKY COVER 0.0


WEATHER CONDITIONS
 THE FOLLOWING WEATHER WAS RECORDED YESTERDAY.
  FOG


RELATIVE HUMIDITY (PERCENT)
 HIGHEST   100          1200 AM
 LOWEST     52           300 PM
 AVERAGE    76

..........................................................


THE TROY CLIMATE NORMALS FOR TODAY
                         NORMAL    RECORD    YEAR
 MAXIMUM TEMPERATURE (F)   91        MM        MM
 MINIMUM TEMPERATURE (F)   69        MM        MM


SUNRISE AND SUNSET
AUGUST 23 2017........SUNRISE   614 AM CDT   SUNSET   719 PM CDT
AUGUST 24 2017........SUNRISE   615 AM CDT   SUNSET   717 PM CDT


-  INDICATES NEGATIVE NUMBERS.
R  INDICATES RECORD WAS SET OR TIED.
MM INDICATES DATA IS MISSING.
T  INDICATES TRACE AMOUNT.




$$
