000
CXUS53 KPAH 022223
CF6EVV
PRELIMINARY LOCAL CLIMATOLOGICAL DATA (WS FORM: F-6)
STATION: EVANSVILLE IN
MONTH: OCTOBER
YEAR: 2022
LATITUDE: 38 2 N
LONGITUDE: 87 32 W
TEMPERATURE IN F: :PCPN: SNOW: WIND :SUNSHINE: SKY :PK WND
================================================================================
1 2 3 4 5 6A 6B 7 8 9 10 11 12 13 14 15 16 17 18
12Z AVG MX 2MIN
DY MAX MIN AVG DEP HDD CDD WTR SNW DPTH SPD SPD DIR MIN PSBL S-S WX SPD DR
================================================================================
1 78 48 63 -2 2 0 0.00 0.0 0 9.1 15 350 M M 0 22 20
2 77 50 64 0 1 0 0.00 0.0 0 9.0 22 20 M M 0 28 20
3 75 47 61 -3 4 0 0.00 0.0 0 6.9 14 40 M M 0 20 20
4 76 41 59 -4 6 0 0.00 0.0 0 2.9 9 10 M M 0 14 40
5 78 42 60 -3 5 0 0.00 0.0 0 1.2 8 230 M M 0 11 250
6 81 54 68 5 0 3 0.03 0.0 0 5.4 20 230 M M 3 1 24 240
7 68 44 56 -6 9 0 0.00 0.0 0 8.6 18 340 M M 1 27 20
8 62 39 51 -11 14 0 0.00 0.0 0 3.4 13 10 M M 0 19 350
9 69 34 52 -9 13 0 0.00 0.0 0 3.0 14 270 M M 0 1 20 240
10 77 41 59 -2 6 0 0.00 0.0 0 4.0 13 200 M M 0 19 200
11 80 48 64 3 1 0 0.00 0.0 0 5.4 16 190 M M 0 22 200
12 73 54 64 4 1 0 0.03 0.0 0 8.1 18 200 M M 6 28 210
13 70 41 56 -4 9 0 0.00 0.0 0 8.6 28 250 M M 1 40 350
14 73 36 55 -4 10 0 0.00 0.0 0 9.4 29 210 M M 1 44 210
15 66 42 54 -5 11 0 0.00 0.0 0 3.8 13 310 M M 0 22 330
16 72 41 57 -2 8 0 0.00 0.0 0 4.2 12 330 M M 3 17 330
17 52 39 46 -12 19 0 0.00 0.0 0 9.4 21 280 M M 4 34 270
18 52 33 43 -15 22 0 0.00 0.0 0 9.3 20 280 M M 2 30 290
19 56 31 44 -13 21 0 0.00 0.0 0 7.9 16 240 M M 0 27 260
20 64 31 48 -9 17 0 0.00 0.0 0 7.6 18 230 M M 0 28 250
21 77 41 59 2 6 0 0.00 0.0 0 6.8 18 200 M M 0 26 200
22 79 55 67 11 0 2 0.00 0.0 0 9.1 22 200 M M 0 32 210
23 82 63 73 17 0 8 0.00 0.0 0 10.0 26 190 M M 2 37 180
24 81 56 69 14 0 4 0.00 0.0 0 8.4 20 180 M M 0 29 170
25 70 49 60 5 5 0 0.59 0.0 0 10.3 24 260 M M 8 1 34 270
26 61 40 51 -4 14 0 0.00 0.0 0 9.5 22 250 M M 5 29 250
27 64 37 51 -3 14 0 0.00 0.0 0 6.4 13 50 M M 0 21 40
28 69 37 53 -1 12 0 0.00 0.0 0 5.4 9 40 M M 0 15 40
29 71 39 55 2 10 0 0.00 0.0 0 3.6 12 70 M M 0 15 80
30 64 55 60 7 5 0 0.56 0.0 0 4.8 12 180 M M 9 1 17 140
31 64 53 59 7 6 0 0.16 0.0 0 6.6 13 290 M M 10 1 19 210
================================================================================
SM 2181 1361 251 17 1.37 0.0 208.1 M 55
================================================================================
AV 70.4 43.9 6.7 FASTST M M 2 MAX(MPH)
MISC ----> 29 210 44 210
================================================================================
NOTES:
# LAST OF SEVERAL OCCURRENCES
COLUMN 17 PEAK WIND IN M.P.H.
PRELIMINARY LOCAL CLIMATOLOGICAL DATA (WS FORM: F-6) , PAGE 2
STATION: EVANSVILLE IN
MONTH: OCTOBER
YEAR: 2022
LATITUDE: 38 2 N
LONGITUDE: 87 32 W
[TEMPERATURE DATA] [PRECIPITATION DATA] SYMBOLS USED IN COLUMN 16
AVERAGE MONTHLY: 57.1 TOTAL FOR MONTH: 1.37 1 = FOG OR MIST
DPTR FM NORMAL: -1.5 DPTR FM NORMAL: -2.02 2 = FOG REDUCING VISIBILITY
HIGHEST: 82 ON 23 GRTST 24HR 0.59 ON 25-25 TO 1/4 MILE OR LESS
LOWEST: 31 ON 20,19 3 = THUNDER
SNOW, ICE PELLETS, HAIL 4 = ICE PELLETS
TOTAL MONTH: 0.0 INCH 5 = HAIL
GRTST 24HR 0.0 6 = FREEZING RAIN OR DRIZZLE
GRTST DEPTH: 0 7 = DUSTSTORM OR SANDSTORM:
VSBY 1/2 MILE OR LESS
8 = SMOKE OR HAZE
[NO. OF DAYS WITH] [WEATHER - DAYS WITH] 9 = BLOWING SNOW
X = TORNADO
MAX 32 OR BELOW: 0 0.01 INCH OR MORE: 5
MAX 90 OR ABOVE: 0 0.10 INCH OR MORE: 3
MIN 32 OR BELOW: 2 0.50 INCH OR MORE: 2
MIN 0 OR BELOW: 0 1.00 INCH OR MORE: 0
[HDD (BASE 65) ]
TOTAL THIS MO. 251 CLEAR (SCALE 0-3) 25
DPTR FM NORMAL 14 PTCLDY (SCALE 4-7) 4
TOTAL FM JUL 1 295 CLOUDY (SCALE 8-10) 2
DPTR FM NORMAL 24
[CDD (BASE 65) ]
TOTAL THIS MO. 17
DPTR FM NORMAL -22 [PRESSURE DATA]
TOTAL FM JAN 1 1653 HIGHEST SLP 30.47 ON 8
DPTR FM NORMAL 130 LOWEST SLP 29.56 ON 25
[REMARKS]
#FINAL-10-22#