000
CXUS54 KOUN 010810
CF6FDR
PRELIMINARY LOCAL CLIMATOLOGICAL DATA (WS FORM: F-6)
STATION: FREDERICK MUNICIPAL
MONTH: JUNE
YEAR: 2021
LATITUDE: 34 21 N
LONGITUDE: 98 59 W
TEMPERATURE IN F: :PCPN: SNOW: WIND :SUNSHINE: SKY :PK WND
================================================================================
1 2 3 4 5 6A 6B 7 8 9 10 11 12 13 14 15 16 17 18
12Z AVG MX 2MIN
DY MAX MIN AVG DEP HDD CDD WTR SNW DPTH SPD SPD DIR MIN PSBL S-S WX SPD DR
================================================================================
1 79 62 71 -7 0 6 0.00 0.0 M 9.3 16 340 M M 8 20 360
2 81 60 71 -7 0 6 0.05 0.0 M 6.5 28 50 M M 3 13 40 60
3 86 61 74 -5 0 9 0.00 M M 7.4 18 180 M M 2 21 180
4 87 63 75 -4 0 10 0.00 M M 8.5 17 150 M M 1 1 22 190
5 82 63 73 -6 0 8 0.00 M M 8.9 14 110 M M 1 1 19 150
6 89 65 77 -2 0 12 0.00 M M 11.7 22 140 M M 3 1 26 130
7 85 65 75 -5 0 10 3.66 M M 11.4 45 20 M M 3 123 52 10
8 93 68 81 1 0 16 0.00 M M 7.6 15 150 M M 1 3 18 150
9 95 74 85 5 0 20 0.00 M M 12.2 22 150 M M 1 1 26 150
10 96 74 85 5 0 20 0.00 M M 11.4 22 150 M M 1 18 27 140
11 98 74 86 6 0 21 0.00 M M 12.7 23 200 M M 0 34 180
12 93 71 82 1 0 17 0.05 M M 10.5 30 60 M M 3 3 36 50
13 93 70 82 1 0 17 0.27 0.0 0 11.0 28 340 M M 2 3 35 340
14 96 70 83 2 0 18 0.00 M M 6.7 14 80 M M 1 17 50
15 97 71 84 3 0 19 0.00 M M 6.3 14 150 M M 0 8 16 150
16 98 69 84 3 0 19 0.00 M M 6.9 17 190 M M 0 8 21 180
17 99 70 85 3 0 20 0.00 M M 8.6 18 200 M M 0 26 180
18 99 71 85 3 0 20 0.00 M M 11.0 22 180 M M 0 8 28 180
19 100 71 86 4 0 21 0.00 M M 10.3 21 160 M M 0 27 170
20 101 71 86 4 0 21 0.00 M M 14.1 25 200 M M 0 30 180
21 78 63 71 -11 0 6 0.02 M M 12.6 37 20 M M 5 3 44 20
22 88 59 74 -8 0 9 0.00 M M 11.5 22 160 M M 1 27 140
23 99 72 86 4 0 21 0.00 M M 18.7 30 180 M M 2 18 36 330
24 99 77 88 6 0 23 0.00 M M 16.0 26 160 M M 0 40 190
25 99 79 89 6 0 24 0.00 M M 18.5 26 160 M M 0 33 180
26 91 68 80 -3 0 15 0.03 M M 13.7 36 30 M M 7 13 43 350
27 84 67 76 -7 0 11 0.03 M M 8.1 28 360 M M 5 13 35 360
28 88 70 79 -4 0 14 1.74 M M 8.2 22 10 M M 5 138 24 10
29 84 71 78 -5 0 13 1.16 M M 7.0 16 150 M M 8 1 18 150
30 91 71 81 -2 0 16 0.00 M M 7.8 15 200 M M 2 1 19 190
================================================================================
SM 2748 2060 0 462 7.01 0.0 315.1 M 65
================================================================================
AV 91.6 68.7 10.5 FASTST M M 2 MAX(MPH)
MISC ----> 45 20 52 10
================================================================================
NOTES:
# LAST OF SEVERAL OCCURRENCES
COLUMN 17 PEAK WIND IN M.P.H.
PRELIMINARY LOCAL CLIMATOLOGICAL DATA (WS FORM: F-6) , PAGE 2
STATION: FREDERICK MUNICIPAL
MONTH: JUNE
YEAR: 2021
LATITUDE: 34 21 N
LONGITUDE: 98 59 W
[TEMPERATURE DATA] [PRECIPITATION DATA] SYMBOLS USED IN COLUMN 16
AVERAGE MONTHLY: 80.1 TOTAL FOR MONTH: 7.01 1 = FOG OR MIST
DPTR FM NORMAL: -1.0 DPTR FM NORMAL: M 2 = FOG REDUCING VISIBILITY
HIGHEST: 101 ON 20 GRTST 24HR 3.66 ON 7- 7 TO 1/4 MILE OR LESS
LOWEST: 59 ON 22 3 = THUNDER
SNOW, ICE PELLETS, HAIL 4 = ICE PELLETS
TOTAL MONTH: 0.0 INCH 5 = HAIL
GRTST 24HR 0.0 6 = FREEZING RAIN OR DRIZZLE
GRTST DEPTH: 0 7 = DUSTSTORM OR SANDSTORM:
VSBY 1/2 MILE OR LESS
8 = SMOKE OR HAZE
[NO. OF DAYS WITH] [WEATHER - DAYS WITH] 9 = BLOWING SNOW
X = TORNADO
MAX 32 OR BELOW: 0 0.01 INCH OR MORE: 9
MAX 90 OR ABOVE: 18 0.10 INCH OR MORE: 4
MIN 32 OR BELOW: 0 0.50 INCH OR MORE: 3
MIN 0 OR BELOW: 0 1.00 INCH OR MORE: 3
[HDD (BASE 65) ]
TOTAL THIS MO. 0 CLEAR (SCALE 0-3) 23
DPTR FM NORMAL 0 PTCLDY (SCALE 4-7) 7
TOTAL FM JUL 1 2837 CLOUDY (SCALE 8-10) 0
DPTR FM NORMAL -139
[CDD (BASE 65) ]
TOTAL THIS MO. 462
DPTR FM NORMAL -19 [PRESSURE DATA]
TOTAL FM JAN 1 693 HIGHEST SLP M ON M
DPTR FM NORMAL -127 LOWEST SLP 29.58 ON 20
[REMARKS]
#FINAL-06-21#