000
CXUS54 KOUN 010810
CF6FDR
PRELIMINARY LOCAL CLIMATOLOGICAL DATA (WS FORM: F-6)
STATION: FREDERICK MUNICIPAL
MONTH: SEPTEMBER
YEAR: 2023
LATITUDE: 34 21 N
LONGITUDE: 98 59 W
TEMPERATURE IN F: :PCPN: SNOW: WIND :SUNSHINE: SKY :PK WND
================================================================================
1 2 3 4 5 6A 6B 7 8 9 10 11 12 13 14 15 16 17 18
12Z AVG MX 2MIN
DY MAX MIN AVG DEP HDD CDD WTR SNW DPTH SPD SPD DIR MIN PSBL S-S WX SPD DR
================================================================================
1 103 69 86 5 0 21 0.00 M M 9.1 16 110 M M 0 23 120
2 102 68 85 4 0 20 0.00 M M 9.5 20 140 M M 0 8 26 120
3 106 68 87 7 0 22 0.00 M M 9.3 23 140 M M 0 31 130
4 108 69 89 9 0 24 0.00 M M 14.7 25 180 M M 0 35 170
5 108 79 94 14 0 29 T M M 12.4 24 180 M M 1 3 31 180
6 98 76 87 8 0 22 0.00 M M 10.2 22 50 M M 0 8 27 60
7 109 73 91 12 0 26 0.00 M M 10.3 22 190 M M 0 29 190
8 112 75 94 15 0 29 0.00 M M 12.7 28 360 M M 0 3 35 360
9 98 72 85 7 0 20 0.00 M M 13.5 21 80 M M 0 30 60
10 98 70 84 6 0 19 0.00 M M 12.2 21 80 M M 0 26 140
11 82 66 74 -4 0 9 0.38 M M 9.7 31 310 M M 7 138 40 300
12 78 66 72 -5 0 7 0.00 M M 9.4 18 30 M M 8 24 30
13 80 65 73 -4 0 8 T M M 7.4 14 110 M M 7 1 20 80
14 78 67 73 -4 0 8 0.09 M M 11.3 17 80 M M 9 1 23 80
15 81 66 74 -2 0 9 0.01 M M 8.2 14 100 M M 7 1 17 80
16 87 65 76 0 0 11 0.00 M M 8.2 16 350 M M 2 22 350
17 93 60 77 1 0 12 0.00 M M 5.4 12 140 M M 0 18 16 40
18 96 60 78 3 0 13 0.00 M M 9.8 21 200 M M 0 27 190
19 99 68 84 9 0 19 0.17 0.0 M 15.4 33 200 M M 2 13 43 190
20 94 65 80 5 0 15 0.00 0.0 M 7.9 17 150 M M 0 24 150
21 85 69 77 3 0 12 0.01 M M 9.9 23 360 M M 3 3 31 270
22 102 67 85 11 0 20 0.00 M M 11.1 25 220 M M 0 31 230
23 107 71 89 15 0 24 0.00 M M 11.8 24 210 M M 0 30 200
24 94 72 83 10 0 18 0.00 M M 12.0 23 10 M M 1 28 10
25 95 70 83 10 0 18 0.00 M M 8.6 17 80 M M 0 25 70
26 95 61 78 6 0 13 0.00 M M 6.4 14 150 M M 0 17 140
27 98 62 80 8 0 15 0.00 M M 8.7 16 190 M M 0 22 200
28 99 62 81 9 0 16 0.00 M M 10.4 23 180 M M 0 30 170
29 99 68 84 13 0 19 0.00 M M 14.2 28 170 M M 0 35 180
30 97 69 83 12 0 18 0.00 M M 13.7 24 180 M M 1 35 190
================================================================================
SM 2881 2038 0 516 0.66 0.0 313.4 M 48
================================================================================
AV 96.0 67.9 10.4 FASTST M M 2 MAX(MPH)
MISC ----> 33 200 43 190
================================================================================
NOTES:
# LAST OF SEVERAL OCCURRENCES
COLUMN 17 PEAK WIND IN M.P.H.
PRELIMINARY LOCAL CLIMATOLOGICAL DATA (WS FORM: F-6) , PAGE 2
STATION: FREDERICK MUNICIPAL
MONTH: SEPTEMBER
YEAR: 2023
LATITUDE: 34 21 N
LONGITUDE: 98 59 W
[TEMPERATURE DATA] [PRECIPITATION DATA] SYMBOLS USED IN COLUMN 16
AVERAGE MONTHLY: 82.0 TOTAL FOR MONTH: 0.66 1 = FOG OR MIST
DPTR FM NORMAL: 5.9 DPTR FM NORMAL: M 2 = FOG REDUCING VISIBILITY
HIGHEST: 112 ON 8 GRTST 24HR 0.38 ON 11-11 TO 1/4 MILE OR LESS
LOWEST: 60 ON 18,17 3 = THUNDER
SNOW, ICE PELLETS, HAIL 4 = ICE PELLETS
TOTAL MONTH: 0.0 INCH 5 = HAIL
GRTST 24HR 0.0 6 = FREEZING RAIN OR DRIZZLE
GRTST DEPTH: M ON M 7 = DUSTSTORM OR SANDSTORM:
VSBY 1/2 MILE OR LESS
8 = SMOKE OR HAZE
[NO. OF DAYS WITH] [WEATHER - DAYS WITH] 9 = BLOWING SNOW
X = TORNADO
MAX 32 OR BELOW: 0 0.01 INCH OR MORE: 5
MAX 90 OR ABOVE: 23 0.10 INCH OR MORE: 2
MIN 32 OR BELOW: 0 0.50 INCH OR MORE: 0
MIN 0 OR BELOW: 0 1.00 INCH OR MORE: 0
[HDD (BASE 65) ]
TOTAL THIS MO. 0 CLEAR (SCALE 0-3) 25
DPTR FM NORMAL -8 PTCLDY (SCALE 4-7) 3
TOTAL FM JUL 1 0 CLOUDY (SCALE 8-10) 2
DPTR FM NORMAL -4
[CDD (BASE 65) ]
TOTAL THIS MO. 516
DPTR FM NORMAL 175 [PRESSURE DATA]
TOTAL FM JAN 1 2708 HIGHEST SLP M ON M
DPTR FM NORMAL 323 LOWEST SLP 29.57 ON 4
[REMARKS]
#FINAL-09-23#