000
CXUS56 KLOX 011155
CF6OXR
PRELIMINARY LOCAL CLIMATOLOGICAL DATA (WS FORM: F-6)
STATION: OXNARD AIRPORT CA
MONTH: APRIL
YEAR: 2021
LATITUDE: 34 12 N
LONGITUDE: 119 12 W
TEMPERATURE IN F: :PCPN: SNOW: WIND :SUNSHINE: SKY :PK WND
================================================================================
1 2 3 4 5 6A 6B 7 8 9 10 11 12 13 14 15 16 17 18
12Z AVG MX 2MIN
DY MAX MIN AVG DEP HDD CDD WTR SNW DPTH SPD SPD DIR MIN PSBL S-S WX SPD DR
================================================================================
1 88 52 70 14 0 5 0.00 M M 9.8 22 280 M M 0 M M
2 64 48 56 0 9 0 0.00 M M 5.9 15 270 M M 2 1 17 270
3 62 50 56 0 9 0 0.00 M M 6.8 18 270 M M 4 18 21 270
4 66 46 56 0 9 0 0.00 M M 6.3 20 270 M M 0 23 270
5 63 49 56 0 9 0 0.00 M M 7.2 16 260 M M 2 M M
6 62 48 55 -1 10 0 0.00 M M 6.4 16 270 M M 1 18 19 270
7 67 48 58 2 7 0 0.00 M M 5.3 13 260 M M 0 M M
8 64 49 57 1 8 0 0.00 M M 6.8 23 270 M M 0 26 260
9 66 48 57 1 8 0 0.00 M M 7.4 16 270 M M 0 18 M M
10 65 47 56 0 9 0 0.00 M M 6.9 16 270 M M 0 18 M M
11 63 48 56 0 9 0 0.00 M M 6.0 14 290 M M 4 18 M M
12 62 50 56 0 9 0 0.00 M M 6.7 18 270 M M 9 18 21 280
13 61 51 56 0 9 0 0.00 M M 11.3 20 270 M M 8 18 23 280
14 61 47 54 -3 11 0 0.00 M M 9.0 23 280 M M 5 28 290
15 62 45 54 -3 11 0 0.00 M M 6.6 18 270 M M 2 21 270
16 63 45 54 -3 11 0 0.00 M M 6.5 17 270 M M 2 18 26 290
17 64 47 56 -1 9 0 0.00 M M 6.2 16 300 M M 2 21 270
18 83 50 67 10 0 2 0.00 M M 8.9 23 290 M M 0 1 29 290
19 68 50 59 2 6 0 0.00 M M 6.9 18 270 M M 0 18 M M
20 65 49 57 0 8 0 0.00 M M 6.9 15 270 M M 5 18 19 250
21 63 53 58 1 7 0 0.00 M M 11.5 18 260 M M 6 25 290
22 63 51 57 0 8 0 0.00 M M 9.5 17 260 M M 4 M M
23 63 51 57 -1 8 0 0.00 M M 7.5 16 270 M M 9 20 250
24 63 50 57 -1 8 0 0.00 M M 8.0 20 280 M M 5 25 270
25 61 49 55 -3 10 0 T M M 9.8 20 280 M M 8 26 280
26 63 50 57 -1 8 0 0.00 M M 13.6 24 290 M M 2 31 30
27 64 47 56 -2 9 0 0.00 M M 7.6 18 260 M M 0 22 250
28 77 47 62 4 3 0 0.00 M M 7.4 18 270 M M 0 23 290
29 74 49 62 4 3 0 0.00 M M 6.4 17 270 M M 0 32 260
30 71 51 61 3 4 0 0.00 M M 8.0 16 280 M M 0 1 20 280
================================================================================
SM 1981 1465 229 7 T M 233.1 M 80
================================================================================
AV 66.0 48.8 7.8 FASTST M M 3 MAX(MPH)
MISC ----> 24 290 32 260
================================================================================
NOTES:
# LAST OF SEVERAL OCCURRENCES
COLUMN 17 PEAK WIND IN M.P.H.
PRELIMINARY LOCAL CLIMATOLOGICAL DATA (WS FORM: F-6) , PAGE 2
STATION: OXNARD AIRPORT CA
MONTH: APRIL
YEAR: 2021
LATITUDE: 34 12 N
LONGITUDE: 119 12 W
[TEMPERATURE DATA] [PRECIPITATION DATA] SYMBOLS USED IN COLUMN 16
AVERAGE MONTHLY: 57.4 TOTAL FOR MONTH: T 1 = FOG OR MIST
DPTR FM NORMAL: 0.5 DPTR FM NORMAL: -0.95 2 = FOG REDUCING VISIBILITY
HIGHEST: 88 ON 1 GRTST 24HR T ON 25-25 TO 1/4 MILE OR LESS
LOWEST: 45 ON 16,15 3 = THUNDER
SNOW, ICE PELLETS, HAIL 4 = ICE PELLETS
TOTAL MONTH: M 5 = HAIL
GRTST 24HR M ON M 6 = FREEZING RAIN OR DRIZZLE
GRTST DEPTH: M ON M 7 = DUSTSTORM OR SANDSTORM:
VSBY 1/2 MILE OR LESS
8 = SMOKE OR HAZE
[NO. OF DAYS WITH] [WEATHER - DAYS WITH] 9 = BLOWING SNOW
X = TORNADO
MAX 32 OR BELOW: 0 0.01 INCH OR MORE: 0
MAX 90 OR ABOVE: 0 0.10 INCH OR MORE: 0
MIN 32 OR BELOW: 0 0.50 INCH OR MORE: 0
MIN 0 OR BELOW: 0 1.00 INCH OR MORE: 0
[HDD (BASE 65) ]
TOTAL THIS MO. 229 CLEAR (SCALE 0-3) 19
DPTR FM NORMAL -15 PTCLDY (SCALE 4-7) 9
TOTAL FM JUL 1 1731 CLOUDY (SCALE 8-10) 2
DPTR FM NORMAL -80
[CDD (BASE 65) ]
TOTAL THIS MO. 7
DPTR FM NORMAL 6 [PRESSURE DATA]
TOTAL FM JAN 1 26 HIGHEST SLP 30.15 ON 3
DPTR FM NORMAL 14 LOWEST SLP 29.73 ON 11
[REMARKS]
#FINAL-04-21#