000
CXUS53 KABR 011100
CF6PIR
PRELIMINARY LOCAL CLIMATOLOGICAL DATA (WS FORM: F-6)
STATION: PIERRE SD
MONTH: JUNE
YEAR: 2022
LATITUDE: 44 22 N
LONGITUDE: 100 17 W
TEMPERATURE IN F: :PCPN: SNOW: WIND :SUNSHINE: SKY :PK WND
================================================================================
1 2 3 4 5 6A 6B 7 8 9 10 11 12 13 14 15 16 17 18
12Z AVG MX 2MIN
DY MAX MIN AVG DEP HDD CDD WTR SNW DPTH SPD SPD DIR MIN PSBL S-S WX SPD DR
================================================================================
1 72 39 56 -7 9 0 0.00 0.0 0 7.3 16 320 M M 0 25 340
2 79 44 62 -1 3 0 0.00 0.0 0 11.4 24 320 M M 1 31 320
3 76 40 58 -6 7 0 0.00 0.0 0 7.6 21 180 M M 4 28 170
4 72 49 61 -3 4 0 0.06 0.0 0 7.9 18 80 M M 5 1 25 90
5 66 53 60 -4 5 0 0.13 0.0 0 7.9 16 120 M M 8 1 M M
6 60 53 57 -8 8 0 0.24 0.0 0 10.3 18 70 M M 10 1 25 60
7 73 53 63 -2 2 0 0.41 0.0 0 5.8 26 270 M M 7 13 33 270
8 71 47 59 -6 6 0 0.00 0.0 0 7.4 16 310 M M 4 22 310
9 75 55 65 -1 0 0 0.00 0.0 0 8.0 18 120 M M 3 12 23 130
10 81 53 67 1 0 2 0.00 0.0 0 7.2 15 170 M M 3 12 22 170
11 90 60 75 9 0 10 0.13 0.0 0 8.4 22 330 M M 1 3 29 330
12 87 62 75 8 0 10 1.61 0.0 0 12.5 46 270 M M 3 13 62 90
13 86 64 75 8 0 10 1.53 0.0 0 9.5 36 100 M M 6 13 52 110
14 77 57 67 0 0 2 0.34 0.0 0 16.6 41 320 M M 3 13 55 330
15 77 52 65 -3 0 0 0.00 0.0 0 10.4 23 320 M M 0 35 300
16 82 59 71 3 0 6 0.00 0.0 0 12.6 25 290 M M 0 33 270
17 87 51 69 1 0 4 0.00 0.0 0 13.5 26 130 M M 0 38 130
18 99 70 85 16 0 20 0.00 0.0 0 19.4 32 180 M M 0 44 180
19 99 71 85 16 0 20 T 0.0 0 14.3 29 190 M M 1 3 41 260
20 87 60 74 5 0 9 0.73 0.0 0 12.0 52 250 M M 2 123 79 240
21 79 56 68 -2 0 3 0.00 0.0 0 12.5 29 300 M M 0 39 300
22 86 56 71 1 0 6 0.00 0.0 0 8.9 18 140 M M 0 25 140
23 95 65 80 10 0 15 0.00 0.0 0 9.3 18 150 M M 0 25 150
24 95 64 80 10 0 15 1.16 0.0 0 8.8 32 280 M M 2 13 50 280
25 73 56 65 -6 0 0 T 0.0 0 18.5 31 320 M M 2 3 42 340
26 78 50 64 -7 1 0 0.00 0.0 0 9.5 20 320 M M 0 28 330
27 87 50 69 -2 0 4 0.00 0.0 0 7.0 17 190 M M 1 24 190
28 87 57 72 0 0 7 0.00 0.0 0 6.0 16 330 M M 0 21 320
29 100 65 83 11 0 18 T 0.0 0 10.8 33 250 M M 1 3 55 260
30 85 62 74 2 0 9 0.00 0.0 0 10.6 21 10 M M 1 27 10
================================================================================
SM 2461 1673 45 170 6.34 0.0 311.9 M 68
================================================================================
AV 82.0 55.8 10.4 FASTST M M 2 MAX(MPH)
MISC ----> 52 250 79 240
================================================================================
NOTES:
# LAST OF SEVERAL OCCURRENCES
COLUMN 17 PEAK WIND IN M.P.H.
PRELIMINARY LOCAL CLIMATOLOGICAL DATA (WS FORM: F-6) , PAGE 2
STATION: PIERRE SD
MONTH: JUNE
YEAR: 2022
LATITUDE: 44 22 N
LONGITUDE: 100 17 W
[TEMPERATURE DATA] [PRECIPITATION DATA] SYMBOLS USED IN COLUMN 16
AVERAGE MONTHLY: 68.9 TOTAL FOR MONTH: 6.34 1 = FOG OR MIST
DPTR FM NORMAL: 1.1 DPTR FM NORMAL: 2.65 2 = FOG REDUCING VISIBILITY
HIGHEST: 100 ON 29 GRTST 24HR 2.95 ON 12-13 TO 1/4 MILE OR LESS
LOWEST: 39 ON 1 3 = THUNDER
SNOW, ICE PELLETS, HAIL 4 = ICE PELLETS
TOTAL MONTH: 0.0 INCH 5 = HAIL
GRTST 24HR 0.0 6 = FREEZING RAIN OR DRIZZLE
GRTST DEPTH: 0 7 = DUSTSTORM OR SANDSTORM:
VSBY 1/2 MILE OR LESS
8 = SMOKE OR HAZE
[NO. OF DAYS WITH] [WEATHER - DAYS WITH] 9 = BLOWING SNOW
X = TORNADO
MAX 32 OR BELOW: 0 0.01 INCH OR MORE: 10
MAX 90 OR ABOVE: 6 0.10 INCH OR MORE: 9
MIN 32 OR BELOW: 0 0.50 INCH OR MORE: 4
MIN 0 OR BELOW: 0 1.00 INCH OR MORE: 3
[HDD (BASE 65) ]
TOTAL THIS MO. 45 CLEAR (SCALE 0-3) 20
DPTR FM NORMAL -5 PTCLDY (SCALE 4-7) 9
TOTAL FM JUL 1 6914 CLOUDY (SCALE 8-10) 1
DPTR FM NORMAL -436
[CDD (BASE 65) ]
TOTAL THIS MO. 170
DPTR FM NORMAL 36 [PRESSURE DATA]
TOTAL FM JAN 1 180 HIGHEST SLP 30.36 ON 26
DPTR FM NORMAL 17 LOWEST SLP 29.30 ON 14
[REMARKS]
#FINAL-06-22#