000
CXUS51 KBOX 012228
CF6PVD
PRELIMINARY LOCAL CLIMATOLOGICAL DATA (WS FORM: F-6)
STATION: PROVIDENCE RI
MONTH: MARCH
YEAR: 2020
LATITUDE: 41 43 N
LONGITUDE: 71 26 W
TEMPERATURE IN F: :PCPN: SNOW: WIND :SUNSHINE: SKY :PK WND
================================================================================
1 2 3 4 5 6A 6B 7 8 9 10 11 12 13 14 15 16 17 18
12Z AVG MX 2MIN
DY MAX MIN AVG DEP HDD CDD WTR SNW DPTH SPD SPD DIR MIN PSBL S-S WX SPD DR
================================================================================
1 36 19 28 -7 37 0 0.00 0.0 0 8.9 20 300 M M 1 26 290
2 55 22 39 4 26 0 T 0.0 0 11.1 26 200 M M 5 32 190
3 60 46 53 18 12 0 0.25 0.0 0 10.3 18 160 M M 8 1 23 220
4 54 43 49 14 16 0 0.05 0.0 0 15.0 29 290 M M 5 1 44 270
5 53 34 44 8 21 0 0.00 0.0 0 9.4 18 320 M M 3 30 350
6 51 30 41 5 24 0 0.09 0.1 0 12.4 33 40 M M 7 1 42 40
7 47 30 39 3 26 0 0.02 T 0 17.5 31 360 M M 6 1 44 20
8 56 28 42 6 23 0 0.00 0.0 0 7.7 17 290 M M 4 27 260
9 72 36 54 17 11 0 0.00 0.0 0 9.8 22 220 M M 3 27 220
10 68 42 55 18 10 0 T 0.0 0 11.7 31 250 M M 6 40 220
11 58 40 49 12 16 0 0.00 0.0 0 7.9 21 160 M M 7 26 160
12 49 32 41 3 24 0 T 0.0 0 6.2 13 180 M M 7 25 80
13 62 42 52 14 13 0 0.33 0.0 0 13.1 24 180 M M 8 1 35 160
14 53 36 45 7 20 0 0.00 0.0 0 12.0 24 260 M M 4 33 250
15 52 32 42 4 23 0 0.00 0.0 0 8.5 17 10 M M 3 27 30
16 42 26 34 -5 31 0 0.00 0.0 0 9.9 17 180 M M 4 22 180
17 48 35 42 3 23 0 0.23 0.1 0 7.5 14 150 M M 9 14 18 130
18 53 34 44 5 21 0 0.00 0.0 0 6.9 17 150 M M 4 23 350
19 48 41 45 5 20 0 0.89 0.0 0 10.3 20 10 M M 9 1 24 10
20 65 42 54 14 11 0 0.01 0.0 0 8.8 24 240 M M 8 12 32 250
21 60 33 47 7 18 0 0.00 0.0 0 12.3 24 310 M M 4 33 320
22 41 27 34 -7 31 0 0.00 0.0 0 9.0 17 10 M M 2 34 80
23 42 27 35 -6 30 0 1.73 T 0 10.1 23 10 M M 8 1 32 350
24 52 36 44 3 21 0 0.04 0.2 0 10.6 21 360 M M 8 1 27 340
25 45 37 41 -1 24 0 0.01 0.0 0 10.6 21 50 M M 9 1 25 70
26 58 33 46 4 19 0 0.00 0.0 0 10.8 18 20 M M 3 25 40
27 66 42 54 12 11 0 T 0.0 0 9.2 23 320 M M 5 32 310
28 53 31 42 -1 23 0 0.42 0.0 0 4.6 15 150 M M 7 1 22 130
29 46 41 44 1 21 0 0.81 0.0 0 12.3 21 20 M M 10 13 28 30
30 46 38 42 -1 23 0 0.01 0.0 0 14.3 24 20 M M 10 1 29 30
31 47 32 40 -4 25 0 0.01 0.0 0 9.7 18 10 M M 5 1 23 20
================================================================================
SM 1638 1067 654 0 4.90 0.4 318.4 M 182
================================================================================
AV 52.8 34.4 10.3 FASTST M M 6 MAX(MPH)
MISC ----> # 33 40 # 44 270
================================================================================
NOTES:
# LAST OF SEVERAL OCCURRENCES
COLUMN 17 PEAK WIND IN M.P.H.
PRELIMINARY LOCAL CLIMATOLOGICAL DATA (WS FORM: F-6) , PAGE 2
STATION: PROVIDENCE RI
MONTH: MARCH
YEAR: 2020
LATITUDE: 41 43 N
LONGITUDE: 71 26 W
[TEMPERATURE DATA] [PRECIPITATION DATA] SYMBOLS USED IN COLUMN 16
AVERAGE MONTHLY: 43.6 TOTAL FOR MONTH: 4.90 1 = FOG OR MIST
DPTR FM NORMAL: 4.7 DPTR FM NORMAL: -0.11 2 = FOG REDUCING VISIBILITY
HIGHEST: 72 ON 9 GRTST 24HR 1.73 ON 23-23 TO 1/4 MILE OR LESS
LOWEST: 19 ON 1 3 = THUNDER
SNOW, ICE PELLETS, HAIL 4 = ICE PELLETS
TOTAL MONTH: 0.4 INCH 5 = HAIL
GRTST 24HR 0.2 ON 24-24 6 = FREEZING RAIN OR DRIZZLE
GRTST DEPTH: 0 7 = DUSTSTORM OR SANDSTORM:
VSBY 1/2 MILE OR LESS
8 = SMOKE OR HAZE
[NO. OF DAYS WITH] [WEATHER - DAYS WITH] 9 = BLOWING SNOW
X = TORNADO
MAX 32 OR BELOW: 0 0.01 INCH OR MORE: 15
MAX 90 OR ABOVE: 0 0.10 INCH OR MORE: 7
MIN 32 OR BELOW: 12 0.50 INCH OR MORE: 3
MIN 0 OR BELOW: 0 1.00 INCH OR MORE: 1
[HDD (BASE 65) ]
TOTAL THIS MO. 654 CLEAR (SCALE 0-3) 3
DPTR FM NORMAL -155 PTCLDY (SCALE 4-7) 22
TOTAL FM JUL 1 4364 CLOUDY (SCALE 8-10) 6
DPTR FM NORMAL -507
[CDD (BASE 65) ]
TOTAL THIS MO. 0
DPTR FM NORMAL 0 [PRESSURE DATA]
TOTAL FM JAN 1 0 HIGHEST SLP 30.75 ON 22
DPTR FM NORMAL 0 LOWEST SLP 29.34 ON 4
[REMARKS]
#FINAL-03-20#