000
CXUS51 KGYX 010900
CF6PWM
PRELIMINARY LOCAL CLIMATOLOGICAL DATA (WS FORM: F-6)
STATION: PORTLAND ME
MONTH: JULY
YEAR: 2022
LATITUDE: 43 39 N
LONGITUDE: 70 19 W
TEMPERATURE IN F: :PCPN: SNOW: WIND :SUNSHINE: SKY :PK WND
================================================================================
1 2 3 4 5 6A 6B 7 8 9 10 11 12 13 14 15 16 17 18
12Z AVG MX 2MIN
DY MAX MIN AVG DEP HDD CDD WTR SNW DPTH SPD SPD DIR MIN PSBL S-S WX SPD DR
================================================================================
1 83 58 71 2 0 6 0.00 0.0 0 5.8 18 190 M M 6 24 180
2 87 64 76 7 0 11 T 0.0 0 7.9 17 240 M M 6 26 230
3 85 61 73 4 0 8 0.00 0.0 0 7.7 15 310 M M 4 24 320
4 82 54 68 -1 0 3 0.00 0.0 0 6.5 17 320 M M 3 23 290
5 79 57 68 -2 0 3 0.34 0.0 0 6.1 22 170 M M 8 1 28 160
6 79 60 70 0 0 5 0.04 0.0 0 10.7 28 350 M M 6 1 33 350
7 76 54 65 -5 0 0 0.00 0.0 0 7.2 16 200 M M 3 24 170
8 78 62 70 0 0 5 0.00 0.0 0 7.0 17 160 M M 4 22 150
9 77 59 68 -2 0 3 0.00 0.0 0 6.4 15 10 M M 0 19 20
10 78 52 65 -5 0 0 0.00 0.0 0 6.3 17 190 M M 1 24 170
11 81 54 68 -2 0 3 0.00 0.0 0 8.1 18 180 M M 3 26 190
12 79 63 71 1 0 6 0.14 0.0 0 9.6 23 250 M M 3 138 31 190
13 83 63 73 3 0 8 0.00 0.0 0 5.0 15 350 M M 3 17 360
14 82 62 72 1 0 7 0.23 0.0 0 5.5 14 210 M M 5 13 19 240
15 82 57 70 -1 0 5 0.00 0.0 0 7.2 17 180 M M 3 21 180
16 81 58 70 -1 0 5 0.00 0.0 0 5.5 15 180 M M 7 20 180
17 85 62 74 3 0 9 T 0.0 0 5.0 16 180 M M 4 21 170
18 79 62 71 0 0 6 0.21 0.0 0 7.2 17 170 M M 8 1 25 170
19 91 68 80 9 0 15 0.02 0.0 0 11.1 24 280 M M 4 31 260
20 89 67 78 7 0 13 0.00 0.0 0 5.9 15 170 M M 2 3 21 170
21 85 66 76 5 0 11 T 0.0 0 6.7 22 180 M M 4 3 30 190
22 93 68 81 10 0 16 0.00 0.0 0 7.1 18 260 M M 2 25 270
23 92 65 79 8 0 14 0.00 0.0 0 5.5 16 180 M M 3 23 190
24 89 65 77 6 0 12 0.00 0.0 0 7.1 20 190 M M 4 29 180
25 84 69 77 6 0 12 0.03 0.0 0 7.0 18 240 M M 6 3 25 230
26 82 58 70 -1 0 5 0.00 0.0 0 5.6 17 150 M M 3 23 180
27 83 58 71 0 0 6 0.00 0.0 0 5.9 16 180 M M 3 21 190
28 82 60 71 0 0 6 0.27 0.0 0 6.6 17 150 M M 4 13 22 140
29 89 67 78 7 0 13 0.00 0.0 0 6.8 21 260 M M 5 28 260
30 85 63 74 3 0 9 T 0.0 0 9.6 23 310 M M 5 30 280
31 82 59 71 0 0 6 0.00 0.0 0 6.9 16 190 M M 2 20 180
================================================================================
SM 2582 1895 0 231 1.28 0.0 216.5 M 124
================================================================================
AV 83.3 61.1 7.0 FASTST M M 4 MAX(MPH)
MISC ----> 28 350 33 350
================================================================================
NOTES:
# LAST OF SEVERAL OCCURRENCES
COLUMN 17 PEAK WIND IN M.P.H.
PRELIMINARY LOCAL CLIMATOLOGICAL DATA (WS FORM: F-6) , PAGE 2
STATION: PORTLAND ME
MONTH: JULY
YEAR: 2022
LATITUDE: 43 39 N
LONGITUDE: 70 19 W
[TEMPERATURE DATA] [PRECIPITATION DATA] SYMBOLS USED IN COLUMN 16
AVERAGE MONTHLY: 72.2 TOTAL FOR MONTH: 1.28 1 = FOG OR MIST
DPTR FM NORMAL: 1.8 DPTR FM NORMAL: -2.15 2 = FOG REDUCING VISIBILITY
HIGHEST: 93 ON 22 GRTST 24HR 0.38 ON 5- 6 TO 1/4 MILE OR LESS
LOWEST: 52 ON 10 3 = THUNDER
SNOW, ICE PELLETS, HAIL 4 = ICE PELLETS
TOTAL MONTH: 0.0 INCH 5 = HAIL
GRTST 24HR 0.0 6 = FREEZING RAIN OR DRIZZLE
GRTST DEPTH: 0 7 = DUSTSTORM OR SANDSTORM:
VSBY 1/2 MILE OR LESS
8 = SMOKE OR HAZE
[NO. OF DAYS WITH] [WEATHER - DAYS WITH] 9 = BLOWING SNOW
X = TORNADO
MAX 32 OR BELOW: 0 0.01 INCH OR MORE: 8
MAX 90 OR ABOVE: 3 0.10 INCH OR MORE: 5
MIN 32 OR BELOW: 0 0.50 INCH OR MORE: 0
MIN 0 OR BELOW: 0 1.00 INCH OR MORE: 0
[HDD (BASE 65) ]
TOTAL THIS MO. 0 CLEAR (SCALE 0-3) 11
DPTR FM NORMAL -10 PTCLDY (SCALE 4-7) 20
TOTAL FM JUL 1 0 CLOUDY (SCALE 8-10) 0
DPTR FM NORMAL -4
[CDD (BASE 65) ]
TOTAL THIS MO. 231
DPTR FM NORMAL 55 [PRESSURE DATA]
TOTAL FM JAN 1 285 HIGHEST SLP 30.15 ON 31
DPTR FM NORMAL 30 LOWEST SLP 29.48 ON 19
[REMARKS]
#FINAL-07-22#