000
CXUS52 KRAH 051655 RRA
CLSRDU
CLIMATE REPORT
NATIONAL WEATHER SERVICE RALEIGH NC
1155 AM EST TUE DEC 05 2023
...................................
...THE RALEIGH NC CLIMATE SUMMARY FOR THE SEASON, FROM
9/1/2023 TO 11/30/2023...
CLIMATE NORMAL PERIOD 1991 TO 2020
CLIMATE RECORD PERIOD 1887 TO 2023
WEATHER OBSERVED NORMAL DEPART LAST YEAR`S
VALUE DATE(S) VALUE FROM VALUE
NORMAL
..............................................................
TEMPERATURE (F)
RECORD
HIGH 104 09/06/1954
LOW 11 11/25/1970
HIGHEST 102 09/06
09/07
LOWEST 23 11/29
AVG. MAXIMUM 74.9 72.8 2.1
AVG. MINIMUM 51.6 51.0 0.6
MEAN 63.2 61.9 1.3
DAYS MAX >= 90 8 4.9 3.1
DAYS MAX <= 32 0 0.0 0.0
DAYS MIN <= 32 6 8.5 -2.5
DAYS MIN <= 0 0 0.0 0.0
PRECIPITATION (INCHES)
RECORD
MAXIMUM 25.44 1999
MINIMUM 2.34 1973
TOTALS 9.13 11.84 -2.71
DAYS >= .01 15 24.8 -9.8
DAYS >= 1.00 3 3.5 -0.5
GREATEST
24 HR. TOTAL 2.80 09/22 TO 09/23
DEGREE DAYS
HEATING TOTAL 490 586 -96
SINCE 7/1 490 587 -97
COOLING TOTAL 349 306 43
SINCE 1/1 1920 1802 118
..............................................................
WIND (MPH)
AVERAGE WIND SPEED 4.4
HIGHEST WIND SPEED/DIRECTION 48/230 DATE 09/08
HIGHEST GUST SPEED/DIRECTION 76/240 DATE 09/08
SKY COVER
POSSIBLE SUNSHINE (PERCENT) MM
AVERAGE SKY COVER 0.47
NUMBER OF DAYS FAIR 37
NUMBER OF DAYS PC 33
NUMBER OF DAYS CLOUDY 21
AVERAGE RH (PERCENT) 67
WEATHER CONDITIONS. NUMBER OF DAYS WITH
THUNDERSTORM 3 MIXED PRECIP 0
HEAVY RAIN 6 RAIN 9
LIGHT RAIN 22 FREEZING RAIN 0
LT FREEZING RAIN 0 HAIL 1
HEAVY SNOW 0 SNOW 0
LIGHT SNOW 0 SLEET 0
FOG 25 FOG W/VIS <= 1/4 MILE 3
HAZE 0
- INDICATES NEGATIVE NUMBERS.
R INDICATES RECORD WAS SET OR TIED.
MM INDICATES DATA IS MISSING.
T INDICATES TRACE AMOUNT.
&&
THE AVERAGE MEAN TEMPERATURE OF 63.2 DEGREES F RANKS THE 20TH WARMEST ON RECORD.
THE TOTAL PRECIPITATION OF 9.13" RANKS THE 66TH WETTEST ON RECORD.
$$