000
CXUS53 KGRB 040701
CF6RHI
PRELIMINARY LOCAL CLIMATOLOGICAL DATA (WS FORM: F-6)
STATION: RHINELANDER WI
MONTH: DECEMBER
YEAR: 2020
LATITUDE: 45 37 N
LONGITUDE: 89 27 W
TEMPERATURE IN F: :PCPN: SNOW: WIND :SUNSHINE: SKY :PK WND
================================================================================
1 2 3 4 5 6A 6B 7 8 9 10 11 12 13 14 15 16 17 18
12Z AVG MX 2MIN
DY MAX MIN AVG DEP HDD CDD WTR SNW DPTH SPD SPD DIR MIN PSBL S-S WX SPD DR
================================================================================
1 33 10 22 0 43 0 0.00 0.0 0 2.6 8 340 M M 4 14 50
2 43 10 27 5 38 0 0.00 0.0 0 8.3 21 270 M M 1 27 290
3 38 27 33 12 32 0 0.00 0.0 0 11.3 18 270 M M 9 26 260
4 34 24 29 8 36 0 0.00 0.0 0 6.0 12 40 M M 9 17 30
5 30 14 22 2 43 0 0.00 0.0 0 1.3 8 90 M M 6 10 170
6 28 9 19 -1 46 0 T T 0 2.9 15 260 M M 6 16 21 260
7 29 27 28 8 37 0 T 0.0 0 1.8 12 270 M M 10 14 270
8 30 25 28 9 37 0 0.00 0.0 0 9.5 15 240 M M 10 1 24 230
9 46 22 34 15 31 0 0.00 0.0 0 6.0 13 270 M M 1 1 18 290
10 48 23 36 18 29 0 0.00 0.0 0 4.7 13 220 M M 2 19 360
11 35 25 30 12 35 0 0.00 0.0 0 7.1 13 50 M M 9 25 350
12 26 20 23 5 42 0 0.00 0.0 0 8.1 15 50 M M 10 27 50
13 21 19 20 3 45 0 0.04 0.5 0 6.8 16 260 M M 10 1 24 260
14 21 -2 10 -7 55 0 T T 0 8.9 17 270 M M 5 1 33 280
15 18 -7 6 -11 59 0 T T 0 3.3 10 200 M M 7 14 190
16 28 12 20 4 45 0 T T 0 3.0 12 200 M M 6 1 16 220
17 30 10 20 4 45 0 0.00 0.0 0 2.1 10 190 M M 6 15 170
18 29 10 20 4 45 0 0.01 0.3 T 6.1 20 180 M M 6 18 29 180
19 32 27 30 14 35 0 0.10 0.9 1 2.8 14 260 M M 10 1 19 270
20 29 21 25 10 40 0 0.00 0.0 1 8.9 16 270 M M 8 1 23 270
21 32 24 28 13 37 0 0.11 1.7 2 6.3 12 360 M M 10 1 20 350
22 33 25 29 14 36 0 0.00 0.0 2 9.1 17 170 M M 9 31 140
23 41 16 29 14 36 0 0.11 1.3 1 9.3 23 220 M M 7 168 34 230
24 16 1 9 -5 56 0 0.08 0.5 1 9.5 17 300 M M 10 18 34 330
25 17 7 12 -2 53 0 T T 1 8.3 15 280 M M 9 1 23 280
26 23 14 19 5 46 0 T T 1 5.3 13 320 M M 10 20 320
27 24 16 20 6 45 0 0.09 0.7 2 5.0 10 360 M M 10 1 19 320
28 20 0 10 -4 55 0 T T 2 9.9 20 270 M M 9 1 31 290
29 19 -11 4 -10 61 0 0.11 1.3 3 4.6 12 120 M M 3 1 15 120
30 23 19 21 8 44 0 0.13 1.2 4 11.3 23 270 M M 10 1 33 280
31 25 3 14 1 51 0 0.00 0.0 3 6.1 14 270 M M 5 18 20 300
================================================================================
SM 901 440 1338 0 0.78 8.4 196.2 M 227
================================================================================
AV 29.1 14.2 6.3 FASTST M M 7 MAX(MPH)
MISC ----> # 23 220 # 34 230
================================================================================
NOTES:
# LAST OF SEVERAL OCCURRENCES
COLUMN 17 PEAK WIND IN M.P.H.
PRELIMINARY LOCAL CLIMATOLOGICAL DATA (WS FORM: F-6) , PAGE 2
STATION: RHINELANDER WI
MONTH: DECEMBER
YEAR: 2020
LATITUDE: 45 37 N
LONGITUDE: 89 27 W
[TEMPERATURE DATA] [PRECIPITATION DATA] SYMBOLS USED IN COLUMN 16
AVERAGE MONTHLY: 21.6 TOTAL FOR MONTH: 0.78 1 = FOG OR MIST
DPTR FM NORMAL: 4.8 DPTR FM NORMAL: -0.66 2 = FOG REDUCING VISIBILITY
HIGHEST: 48 ON 10 GRTST 24HR 0.13 ON 30-30 TO 1/4 MILE OR LESS
LOWEST: -11 ON 29 3 = THUNDER
SNOW, ICE PELLETS, HAIL 4 = ICE PELLETS
TOTAL MONTH: 8.4 INCHES 5 = HAIL
GRTST 24HR 1.7 ON 21-21 6 = FREEZING RAIN OR DRIZZLE
GRTST DEPTH: 4 ON 30 7 = DUSTSTORM OR SANDSTORM:
VSBY 1/2 MILE OR LESS
8 = SMOKE OR HAZE
[NO. OF DAYS WITH] [WEATHER - DAYS WITH] 9 = BLOWING SNOW
X = TORNADO
MAX 32 OR BELOW: 22 0.01 INCH OR MORE: 9
MAX 90 OR ABOVE: 0 0.10 INCH OR MORE: 5
MIN 32 OR BELOW: 31 0.50 INCH OR MORE: 0
MIN 0 OR BELOW: 4 1.00 INCH OR MORE: 0
[HDD (BASE 65) ]
TOTAL THIS MO. 1338 CLEAR (SCALE 0-3) 4
DPTR FM NORMAL -154 PTCLDY (SCALE 4-7) 11
TOTAL FM JUL 1 3458 CLOUDY (SCALE 8-10) 16
DPTR FM NORMAL -169
[CDD (BASE 65) ]
TOTAL THIS MO. 0
DPTR FM NORMAL 0 [PRESSURE DATA]
TOTAL FM JAN 1 356 HIGHEST SLP 30.51 ON 29
DPTR FM NORMAL 95 LOWEST SLP 29.14 ON 23
[REMARKS]
#FINAL-12-20#