000
CXUS56 KSGX 011145
CF6SNA
PRELIMINARY LOCAL CLIMATOLOGICAL DATA (WS FORM: F-6)
STATION: JOHN WAYNE AIRPORT CA
MONTH: NOVEMBER
YEAR: 2023
LATITUDE: 33 40 N
LONGITUDE: 117 53 W
TEMPERATURE IN F: :PCPN: SNOW: WIND :SUNSHINE: SKY :PK WND
================================================================================
1 2 3 4 5 6A 6B 7 8 9 10 11 12 13 14 15 16 17 18
12Z AVG MX 2MIN
DY MAX MIN AVG DEP HDD CDD WTR SNW DPTH SPD SPD DIR MIN PSBL S-S WX SPD DR
================================================================================
1 87 55 71 5 0 6 0.00 M M 1.8 10 220 M M 1 13 210
2 82 56 69 4 0 4 0.00 M M 1.4 9 210 M M 1 12 230
3 80 54 67 2 0 2 0.00 M M 2.4 13 190 M M 0 8 15 200
4 78 56 67 2 0 2 0.00 M M 2.5 10 200 M M 4 128 14 210
5 80 54 67 2 0 2 0.00 M M 2.9 10 210 M M 1 14 220
6 74 56 65 0 0 0 0.00 M M 4.0 9 220 M M 5 128 17 220
7 71 60 66 2 0 1 0.00 M M 5.7 15 200 M M 6 19 190
8 81 56 69 5 0 4 0.00 M M 8.4 25 60 M M 0 33 60
9 83 57 70 6 0 5 0.00 M M 8.5 23 60 M M 2 33 60
10 76 51 64 0 1 0 0.00 M M 2.0 9 230 M M 2 12 220
11 81 49 65 1 0 0 0.00 M M 2.4 12 210 M M 0 13 210
12 86 50 68 4 0 3 0.00 M M 3.2 14 200 M M 2 16 200
13 75 54 65 2 0 0 0.00 M M 3.1 12 200 M M 4 13 210
14 80 50 65 2 0 0 0.00 M M 2.5 9 240 M M 1 8 13 220
15 71 55 63 0 2 0 0.51 M M 3.6 13 130 M M 7 138 18 160
16 75 60 68 5 0 3 0.00 M M 3.4 16 200 M M 5 18 200
17 71 57 64 2 1 0 0.00 M M 3.9 13 210 M M 3 17 220
18 71 61 66 4 0 1 0.02 M M 5.2 16 210 M M 7 1 19 210
19 71 57 64 2 1 0 0.00 M M 5.6 14 190 M M 4 1 17 280
20 78 55 67 5 0 2 0.00 M M 14.9 35 60 M M 0 48 60
21 85 60 73 12 0 8 0.00 M M 4.5 16 30 M M 1 21 20
22 82 53 68 7 0 3 0.00 M M 2.2 9 220 M M 3 12 210
23 73 58 66 5 0 1 0.00 M M 5.8 20 190 M M 3 8 24 180
24 69 59 64 3 1 0 0.00 M M 6.8 14 180 M M 5 22 200
25 70 53 62 2 3 0 0.00 M M 4.5 13 200 M M 1 16 200
26 73 55 64 4 1 0 0.00 M M 7.7 14 80 M M 5 25 90
27 74 52 63 3 2 0 0.00 M M 2.1 13 220 M M 5 16 190
28 72 52 62 2 3 0 0.00 M M 2.1 10 190 M M 1 13 210
29 67 52 60 0 5 0 0.00 M M 3.3 15 210 M M 5 18 200
30 66 56 61 2 4 0 0.00 M M 4.2 15 210 M M 6 17 200
================================================================================
SM 2282 1653 24 47 0.53 M 130.6 M 90
================================================================================
AV 76.1 55.1 4.4 FASTST M M 3 MAX(MPH)
MISC ----> 35 60 48 60
================================================================================
NOTES:
# LAST OF SEVERAL OCCURRENCES
COLUMN 17 PEAK WIND IN M.P.H.
PRELIMINARY LOCAL CLIMATOLOGICAL DATA (WS FORM: F-6) , PAGE 2
STATION: JOHN WAYNE AIRPORT CA
MONTH: NOVEMBER
YEAR: 2023
LATITUDE: 33 40 N
LONGITUDE: 117 53 W
[TEMPERATURE DATA] [PRECIPITATION DATA] SYMBOLS USED IN COLUMN 16
AVERAGE MONTHLY: 65.6 TOTAL FOR MONTH: 0.53 1 = FOG OR MIST
DPTR FM NORMAL: 3.0 DPTR FM NORMAL: -0.27 2 = FOG REDUCING VISIBILITY
HIGHEST: 87 ON 1 GRTST 24HR 0.51 ON 15-15 TO 1/4 MILE OR LESS
LOWEST: 49 ON 11 3 = THUNDER
SNOW, ICE PELLETS, HAIL 4 = ICE PELLETS
TOTAL MONTH: M 5 = HAIL
GRTST 24HR M ON M 6 = FREEZING RAIN OR DRIZZLE
GRTST DEPTH: M ON M 7 = DUSTSTORM OR SANDSTORM:
VSBY 1/2 MILE OR LESS
8 = SMOKE OR HAZE
[NO. OF DAYS WITH] [WEATHER - DAYS WITH] 9 = BLOWING SNOW
X = TORNADO
MAX 32 OR BELOW: 0 0.01 INCH OR MORE: 2
MAX 90 OR ABOVE: 0 0.10 INCH OR MORE: 1
MIN 32 OR BELOW: 0 0.50 INCH OR MORE: 1
MIN 0 OR BELOW: 0 1.00 INCH OR MORE: 0
[HDD (BASE 65) ]
TOTAL THIS MO. 24 CLEAR (SCALE 0-3) 15
DPTR FM NORMAL -80 PTCLDY (SCALE 4-7) 15
TOTAL FM JUL 1 24 CLOUDY (SCALE 8-10) 0
DPTR FM NORMAL -104
[CDD (BASE 65) ]
TOTAL THIS MO. 47
DPTR FM NORMAL 15 [PRESSURE DATA]
TOTAL FM JAN 1 1094 HIGHEST SLP 30.27 ON 21
DPTR FM NORMAL 21 LOWEST SLP 29.77 ON 23
[REMARKS]
#FINAL-11-23#