000
CXUS54 KFWD 251721
CF6TPL
PRELIMINARY LOCAL CLIMATOLOGICAL DATA (WS FORM: F-6)
STATION: TEMPLE
MONTH: MARCH
YEAR: 2021
LATITUDE: 31 8 N
LONGITUDE: 97 25 W
TEMPERATURE IN F: :PCPN: SNOW: WIND :SUNSHINE: SKY :PK WND
================================================================================
1 2 3 4 5 6A 6B 7 8 9 10 11 12 13 14 15 16 17 18
12Z AVG MX 2MIN
DY MAX MIN AVG DEP HDD CDD WTR SNW DPTH SPD SPD DIR MIN PSBL S-S WX SPD DR
================================================================================
1 55 45 50 -4 15 0 0.21 M M 13.5 23 340 M M 10 36 350
2 63 35 49 -6 16 0 0.00 M M 6.6 12 360 M M 2 1 18 360
3 70 32 51 -4 14 0 0.00 M M 6.3 12 150 M M 0 1 M M
4 74 42 58 3 7 0 0.00 M M 12.4 20 130 M M 0 25 130
5 77 52 65 9 0 0 0.00 M M 13.8 23 320 M M 5 35 330
6 65 43 54 -2 11 0 0.00 M M 8.9 17 20 M M 2 23 20
7 67 34 51 -5 14 0 0.00 M M 7.1 16 120 M M 0 M M
8 74 40 57 1 8 0 0.00 M M 9.4 16 170 M M 2 22 180
9 76 54 65 8 0 0 0.00 M M 18.4 25 170 M M 6 36 180
10 77 62 70 13 0 5 0.00 M M 21.8 30 170 M M 8 38 170
11 80 67 74 17 0 9 0.00 M M 19.3 32 170 M M 8 39 190
12 82 66 74 16 0 9 0.00 M M 15.0 24 170 M M 9 1 33 160
13 77 64 71 13 0 6 0.00 M M 17.7 27 160 M M 9 36 150
14 76 48 62 4 3 0 0.16 M M 9.7 26 150 M M 7 1 35 150
15 85 42 64 6 1 0 0.00 M M 9.0 17 210 M M 0 24 210
16 81 60 71 12 0 6 M M M 13.9 20 150 M M 8 28 150
17 73 48 61 2 4 0 0.04 M M 20.9 30 300 M M 3 39 270
18 65 43 54 -5 11 0 0.00 M M 14.4 22 340 M M 0 33 310
19 65 39 52 -7 13 0 0.00 M M 9.9 17 360 M M 0 21 340
20 70 36 53 -7 12 0 0.00 M M 4.6 9 160 M M 0 M M
21 70 42 56 -4 9 0 0.00 M M 12.4 18 140 M M 3 24 170
22 69 54 62 2 3 0 0.46 M M 14.7 25 140 M M 8 13 36 130
23 77 47 62 2 3 0 0.01 M M 6.6 12 290 M M 1 1 M M
24 71 47 59 -1 6 0 T M M 10.3 15 120 M M 5 1 21 120
25 72 53 63 2 2 0 0.30 M M 8.5 16 310 M M 4 13 23 310
26 80 45 63 2 2 0 0.00 M M 9.7 17 160 M M 0 M M
27 80 61 71 10 0 6 0.00 M M 8.1 18 170 M M 6 30 340
28 73 44 59 -2 6 0 0.00 M M 13.2 24 20 M M 0 35 340
29 76 37 57 -5 8 0 0.00 M M 10.5 21 170 M M 1 26 170
30 81 59 70 8 0 5 0.00 M M 14.5 24 180 M M 7 1 33 190
31 70 43 57 -5 8 0 0.00 M M 14.3 25 360 M M 5 35 360
================================================================================
SM 2271 1484 176 46 1.18 M 375.3 M 119
================================================================================
AV 73.3 47.9 12.1 FASTST M M 4 MAX(MPH)
MISC ----> 32 170 39 270
================================================================================
NOTES:
# LAST OF SEVERAL OCCURRENCES
COLUMN 17 PEAK WIND IN M.P.H.
PRELIMINARY LOCAL CLIMATOLOGICAL DATA (WS FORM: F-6) , PAGE 2
STATION: TEMPLE
MONTH: MARCH
YEAR: 2021
LATITUDE: 31 8 N
LONGITUDE: 97 25 W
[TEMPERATURE DATA] [PRECIPITATION DATA] SYMBOLS USED IN COLUMN 16
AVERAGE MONTHLY: 60.6 TOTAL FOR MONTH: 1.18 1 = FOG OR MIST
DPTR FM NORMAL: 2.2 DPTR FM NORMAL: -1.96 2 = FOG REDUCING VISIBILITY
HIGHEST: 85 ON 15 GRTST 24HR 0.46 ON 22-22 TO 1/4 MILE OR LESS
LOWEST: 32 ON 3 3 = THUNDER
SNOW, ICE PELLETS, HAIL 4 = ICE PELLETS
TOTAL MONTH: M 5 = HAIL
GRTST 24HR M ON M 6 = FREEZING RAIN OR DRIZZLE
GRTST DEPTH: M ON M 7 = DUSTSTORM OR SANDSTORM:
VSBY 1/2 MILE OR LESS
8 = SMOKE OR HAZE
[NO. OF DAYS WITH] [WEATHER - DAYS WITH] 9 = BLOWING SNOW
X = TORNADO
MAX 32 OR BELOW: 0 0.01 INCH OR MORE: 6
MAX 90 OR ABOVE: 0 0.10 INCH OR MORE: 4
MIN 32 OR BELOW: 1 0.50 INCH OR MORE: 0
MIN 0 OR BELOW: 0 1.00 INCH OR MORE: 0
[HDD (BASE 65) ]
TOTAL THIS MO. 176 CLEAR (SCALE 0-3) 16
DPTR FM NORMAL -64 PTCLDY (SCALE 4-7) 11
TOTAL FM JUL 1 2020 CLOUDY (SCALE 8-10) 4
DPTR FM NORMAL -28
[CDD (BASE 65) ]
TOTAL THIS MO. 46
DPTR FM NORMAL 9 [PRESSURE DATA]
TOTAL FM JAN 1 51 HIGHEST SLP M ON M
DPTR FM NORMAL 5 LOWEST SLP M ON M
[REMARKS]
#FINAL-03-21#