000
CXUS53 KLBF 091141
CLMVTN
CLIMATE REPORT
NATIONAL WEATHER SERVICE NORTH PLATTE NE
641 AM CDT MON OCT 09 2023
...................................
...THE VALENTINE CLIMATE SUMMARY FOR THE MONTH OF SEPTEMBER 2023...
CLIMATE NORMAL PERIOD 1991 TO 2020
CLIMATE RECORD PERIOD 1885 TO 2023
WEATHER OBSERVED NORMAL DEPART LAST YEAR`S
VALUE DATE(S) VALUE FROM VALUE DATE(S)
NORMAL
................................................................
TEMPERATURE (F)
RECORD
HIGH 106 09/05/2020
09/09/1931
04/27/2035
LOW 12 09/25/1926
HIGHEST 104 09/02 97 7 106 09/08
LOWEST 39 09/17 29 10 32 09/26
AVG. MAXIMUM 81.4 79.8 1.6 84.9
AVG. MINIMUM 51.0 48.6 2.4 49.7
MEAN 66.2 64.2 2.0 67.3
DAYS MAX >= 90 7 5.8 1.2 11
DAYS MAX <= 32 0 0.0 0.0 0
DAYS MIN <= 32 0 1.1 -1.1 1
DAYS MIN <= 0 0 0.0 0.0 0
PRECIPITATION (INCHES)
RECORD
MAXIMUM 5.91 1973
MINIMUM 0.07 1953
TOTALS 4.08 1.72 2.36 0.80
DAILY AVG. 0.14 0.06 0.08 0.03
DAYS >= .01 9 6.8 2.2 3
DAYS >= .10 6 3.7 2.3 2
DAYS >= .50 2 1.1 0.9 1
DAYS >= 1.00 2 0.3 1.7 0
GREATEST
24 HR. TOTAL 1.69 09/20 TO 09/21 0.52 09/16 TO 09/16
SNOWFALL (INCHES)
RECORDS
TOTAL 18.4 1985
TOTALS 0.0 0.0 0.0 0.0
SINCE 7/1 0.0 0.0 0.0 MM
SNOWDEPTH AVG. 0 0
DAYS >= 1.0 0 0.0 0.0 0
GREATEST
SNOW DEPTH 0 0 MM
24 HR TOTAL MM
DEGREE DAYS
HEATING TOTAL 58 126 -68 72
SINCE 7/1 72 146 -74 MM
COOLING TOTAL 103 101 2 149
SINCE 1/1 853 920 -67 MM
................................................................
WIND (MPH)
AVERAGE WIND SPEED 8.1
HIGHEST WIND SPEED/DIRECTION 38/290 DATE 09/04
HIGHEST GUST SPEED/DIRECTION 56/290 DATE 09/04
SKY COVER
POSSIBLE SUNSHINE (PERCENT) MM
AVERAGE SKY COVER 0.22
NUMBER OF DAYS FAIR 21
NUMBER OF DAYS PC 7
NUMBER OF DAYS CLOUDY 2
AVERAGE RH (PERCENT) 64
WEATHER CONDITIONS. NUMBER OF DAYS WITH
THUNDERSTORM 9 MIXED PRECIP 0
HEAVY RAIN 3 RAIN 5
LIGHT RAIN 10 FREEZING RAIN 0
LT FREEZING RAIN 0 HAIL 0
HEAVY SNOW 0 SNOW 0
LIGHT SNOW 0 SLEET 0
FOG 13 FOG W/VIS <= 1/4 MILE 2
HAZE 9
- INDICATES NEGATIVE NUMBERS.
R INDICATES RECORD WAS SET OR TIED.
MM INDICATES DATA IS MISSING.
T INDICATES TRACE AMOUNT.
$$