000
CXUS51 KCAR 260600
CF6BGR
PRELIMINARY LOCAL CLIMATOLOGICAL DATA (WS FORM: F-6)

                                          STATION:   BANGOR ME
                                          MONTH:     FEBRUARY
                                          YEAR:      2017
                                          LATITUDE:   44 47 N
                                          LONGITUDE:  68 49 W

  TEMPERATURE IN F:       :PCPN:    SNOW:  WIND      :SUNSHINE: SKY     :PK WND
================================================================================
1   2   3   4   5  6A  6B    7    8   9   10  11  12  13   14  15   16   17  18
                                     12Z  AVG MX 2MIN
DY MAX MIN AVG DEP HDD CDD  WTR  SNW DPTH SPD SPD DIR MIN PSBL S-S WX    SPD DR
================================================================================

 1  22   2  12  -6  53   0 0.05  1.7    T  3.5  8 320   M    M   7 1      10 310
 2  32   0  16  -2  49   0    T    T    2  4.3 22 270   M    M   3 14     33 270
 3  27   1  14  -4  51   0 0.00  0.0    2  3.4 16 310   M    M   4        21 320
 4  24   2  13  -5  52   0 0.00  0.0    2  6.1 21 300   M    M   5        30 310
 5  36   9  23   5  42   0 0.00  0.0    2  6.9 23 200   M    M   8        29 200
 6  33  12  23   5  42   0    T    T    1 11.8 25 320   M    M   5 189    35 290
 7  18  11  15  -4  50   0 0.17  2.2    1  7.7 15  80   M    M  10 1489   20  50
 8  38  12  25   6  40   0 0.15  0.5    4  6.6 13 360   M    M   6 146    16 310
 9  27   7  17  -2  48   0 0.23  3.9    3 15.6 26 350   M    M   8 129    34 350
10  12  -2   5 -14  60   0    T  1.0    8 12.7 32 320   M    M   4 9      42 310
11  11  -2   5 -15  60   0 0.07  2.6    8  7.6 16  20   M    M  10 1      20  20
12  23   8  16  -4  49   0 0.14  2.7    9  8.6 16  20   M    M  10 1      20  20
13  25  19  22   2  43   0 0.90 21.5   18 22.4 35 350   M    M  10 19     53 350
14  27   0  14  -6  51   0    T    T   31  5.2 21 360   M    M   4 1      28 350
15  34  -4  15  -6  50   0    T    T   31  8.9 20  30   M    M   9 18     26  30
16  28  21  25   4  40   0 0.06  1.3   31 15.2 29 320   M    M   8 189    37 310
17  35  14  25   4  40   0 0.00  0.0   31 11.1 23 300   M    M   4 8      33 300
18  38   8  23   1  42   0 0.00  0.0   29  3.8 16 180   M    M   6        19 180
19  52  18  35  13  30   0 0.01  0.0   28  7.0 20 320   M    M   6        23 320
20  38  21  30   8  35   0    T    T   21 12.7 22 350   M    M   5        28 350
21  37   8  23   1  42   0 0.00  0.0   18  4.5 13 180   M    M   4        17 190
22  47  26  37  14  28   0    T    T   17  1.9  9 200   M    M   7 6      13 190
23  46  22  34  11  31   0 0.00  0.0   15  7.6 18 190   M    M   5 12     23 190
24  55  32  44  21  21   0 0.05  0.0   12  3.1 10 160   M    M   7 12     12 200
25  54  35  45  21  20   0 0.25  0.0    8  5.9 16 180   M    M  10 12     21 190
================================================================================
SM  819  280      1069   0  2.08    37.4 204.1          M      165
================================================================================
AV 32.8 11.2                               8.2 FASTST   M    M   7    MAX(MPH)
                                 MISC ---->  # 35 350               # 53  350
================================================================================
NOTES:
# LAST OF SEVERAL OCCURRENCES

COLUMN 17 PEAK WIND IN M.P.H.

PRELIMINARY LOCAL CLIMATOLOGICAL DATA (WS FORM: F-6) , PAGE 2

                                          STATION:  BANGOR ME
                                          MONTH:    FEBRUARY
                                          YEAR:     2017
                                          LATITUDE:   44 47 N
                                          LONGITUDE:  68 49 W

[TEMPERATURE DATA]      [PRECIPITATION DATA]       SYMBOLS USED IN COLUMN 16

AVERAGE MONTHLY: 22.0   TOTAL FOR MONTH:   2.08    1 = FOG OR MIST
DPTR FM NORMAL:   1.7   DPTR FM NORMAL:   -0.15    2 = FOG REDUCING VISIBILITY
HIGHEST:    55 ON 24    GRTST 24HR  0.90 ON 13-13      TO 1/4 MILE OR LESS
LOWEST:     -4 ON 15                               3 = THUNDER
                        SNOW, ICE PELLETS, HAIL    4 = ICE PELLETS
                        TOTAL MONTH:  37.4 INCHES  5 = HAIL
                        GRTST 24HR  21.5 ON 13-13  6 = FREEZING RAIN OR DRIZZLE
                        GRTST DEPTH:  31 ON 17,16  7 = DUSTSTORM OR SANDSTORM:
                                                       VSBY 1/2 MILE OR LESS
                                                   8 = SMOKE OR HAZE
[NO. OF DAYS WITH]      [WEATHER - DAYS WITH]      9 = BLOWING SNOW
                                                   X = TORNADO
MAX 32 OR BELOW:  12    0.01 INCH OR MORE:  11
MAX 90 OR ABOVE:   0    0.10 INCH OR MORE:   6
MIN 32 OR BELOW:  24    0.50 INCH OR MORE:   1
MIN  0 OR BELOW:   5    1.00 INCH OR MORE:   0

[HDD (BASE 65) ]
TOTAL THIS MO.  1069    CLEAR  (SCALE 0-3)   0
DPTR FM NORMAL   -47    PTCLDY (SCALE 4-7)  16
TOTAL FM JUL 1  5037    CLOUDY (SCALE 8-10)  9
DPTR FM NORMAL  -486

[CDD (BASE 65) ]
TOTAL THIS MO.     0
DPTR FM NORMAL     0    [PRESSURE DATA]
TOTAL FM JAN 1     0    HIGHEST SLP M ON M
DPTR FM NORMAL     0    LOWEST  SLP 29.21 ON 16

[REMARKS]
