000
CXUS51 KCAR 210600
CF6BGR
PRELIMINARY LOCAL CLIMATOLOGICAL DATA (WS FORM: F-6)

                                          STATION:   BANGOR ME
                                          MONTH:     AUGUST
                                          YEAR:      2017
                                          LATITUDE:   44 47 N
                                          LONGITUDE:  68 49 W

  TEMPERATURE IN F:       :PCPN:    SNOW:  WIND      :SUNSHINE: SKY     :PK WND
================================================================================
1   2   3   4   5  6A  6B    7    8   9   10  11  12  13   14  15   16   17  18
                                     12Z  AVG MX 2MIN
DY MAX MIN AVG DEP HDD CDD  WTR  SNW DPTH SPD SPD DIR MIN PSBL S-S WX    SPD DR
================================================================================

 1  87  57  72   3   0   7 0.00  0.0    0  3.9 18 330   M    M   2 1      26 330
 2  87  57  72   3   0   7 0.00  0.0    0  7.9 21 170   M    M   4 1      27 180
 3  84  65  75   6   0  10 0.00  0.0    0  8.2 20 190   M    M   7 18     25 180
 4  82  64  73   4   0   8 0.00  0.0    0 10.8 22 180   M    M   6 1      29 180
 5  81  66  74   5   0   9 0.43  0.0    0 10.5 21 160   M    M  10 13     29 160
 6  73  56  65  -3   0   0 0.00  0.0    0  7.7 21 310   M    M   6 1      32 310
 7  80  50  65  -3   0   0    T  0.0    0  5.1 14 270   M    M   4        20 280
 8  72  55  64  -4   1   0 0.19  0.0    0  5.6 15  50   M    M   8 1      18  50
 9  83  52  68   0   0   3    T  0.0    0  5.9 16 230   M    M   3 1      22 210
10  82  55  69   1   0   4    T  0.0    0  5.2 24 330   M    M   5 13     28 330
11  84  60  72   4   0   7 0.00  0.0    0  6.3 18 170   M    M   8 1      23 170
12  77  62  70   2   0   5 0.04  0.0    0  6.8 16 190   M    M  10 18     21 190
13  84  63  74   6   0   9 0.08  0.0    0  8.2 23 310   M    M   6 13     32 310
14  83  54  69   1   0   4 0.00  0.0    0  6.5 16 230   M    M   4        20 230
15  80  57  69   1   0   4 0.17  0.0    0  7.4 20 170   M    M   8 13     23 170
16  78  57  68   1   0   3 0.00  0.0    0  8.6 22 320   M    M   4 1      29 320
17  80  51  66  -1   0   1 0.00  0.0    0  8.4 24 320   M    M   3        29 320
18  69  51  60  -7   5   0 0.59  0.0    0  4.9 16 150   M    M   9 1      21 140
19  74  60  67   0   0   2 0.13  0.0    0  4.7  9  40   M    M  10 1      12  80
20  82  62  72   5   0   7    T  0.0    0  6.2 18 320   M    M   6 1      25 320
================================================================================
SM 1602 1154         6  90  1.63     0.0 138.8          M      123
================================================================================
AV 80.1 57.7                               6.9 FASTST   M    M   6    MAX(MPH)
                                 MISC ---->  # 24 330               # 32  310
================================================================================
NOTES:
# LAST OF SEVERAL OCCURRENCES

COLUMN 17 PEAK WIND IN M.P.H.

PRELIMINARY LOCAL CLIMATOLOGICAL DATA (WS FORM: F-6) , PAGE 2

                                          STATION:  BANGOR ME
                                          MONTH:    AUGUST
                                          YEAR:     2017
                                          LATITUDE:   44 47 N
                                          LONGITUDE:  68 49 W

[TEMPERATURE DATA]      [PRECIPITATION DATA]       SYMBOLS USED IN COLUMN 16

AVERAGE MONTHLY: 68.9   TOTAL FOR MONTH:   1.63    1 = FOG OR MIST
DPTR FM NORMAL:   0.9   DPTR FM NORMAL:   -0.36    2 = FOG REDUCING VISIBILITY
HIGHEST:    87 ON  2, 1 GRTST 24HR  0.59 ON 18-18      TO 1/4 MILE OR LESS
LOWEST:     50 ON  7                               3 = THUNDER
                        SNOW, ICE PELLETS, HAIL    4 = ICE PELLETS
                        TOTAL MONTH:   0.0 INCH    5 = HAIL
                        GRTST 24HR     0.0         6 = FREEZING RAIN OR DRIZZLE
                        GRTST DEPTH:   0           7 = DUSTSTORM OR SANDSTORM:
                                                       VSBY 1/2 MILE OR LESS
                                                   8 = SMOKE OR HAZE
[NO. OF DAYS WITH]      [WEATHER - DAYS WITH]      9 = BLOWING SNOW
                                                   X = TORNADO
MAX 32 OR BELOW:   0    0.01 INCH OR MORE:   7
MAX 90 OR ABOVE:   0    0.10 INCH OR MORE:   5
MIN 32 OR BELOW:   0    0.50 INCH OR MORE:   1
MIN  0 OR BELOW:   0    1.00 INCH OR MORE:   0

[HDD (BASE 65) ]
TOTAL THIS MO.     6    CLEAR  (SCALE 0-3)   3
DPTR FM NORMAL   -14    PTCLDY (SCALE 4-7)  12
TOTAL FM JUL 1    20    CLOUDY (SCALE 8-10)  5
DPTR FM NORMAL   -23

[CDD (BASE 65) ]
TOTAL THIS MO.    90
DPTR FM NORMAL    16    [PRESSURE DATA]
TOTAL FM JAN 1   261    HIGHEST SLP M ON M
DPTR FM NORMAL    -3    LOWEST  SLP 29.71 ON 13

[REMARKS]
