664
CXUS52 KMLB 220627
CF6ORL
PRELIMINARY LOCAL CLIMATOLOGICAL DATA (WS FORM: F-6)

                                          STATION:   ORLANDO EXEC
                                          MONTH:     MAY
                                          YEAR:      2017
                                          LATITUDE:   28 32 N
                                          LONGITUDE:  81 20 W

  TEMPERATURE IN F:       :PCPN:    SNOW:  WIND      :SUNSHINE: SKY     :PK WND
================================================================================
1   2   3   4   5  6A  6B    7    8   9   10  11  12  13   14  15   16   17  18
                                     12Z  AVG MX 2MIN
DY MAX MIN AVG DEP HDD CDD  WTR  SNW DPTH SPD SPD DIR MIN PSBL S-S WX    SPD DR
================================================================================

 1  93  72  83   8   0  18 0.09  0.0    0 10.3 24 210   M    M   4 3      28 210
 2  85  70  78   3   0  13 0.07  0.0    0  8.3 18 290   M    M   5 13     22 290
 3  90  68  79   4   0  14 0.00  0.0    0  8.2 21  70   M    M   2 12     25  80
 4  93  68  81   6   0  16 0.00  0.0    0 11.5 26 270   M    M   2 3      35 250
 5  80  67  74  -2   0   9 0.16  0.0    0 13.8 25 260   M    M   3 13     34 250
 6  81  57  69  -7   0   4 0.01  0.0    0 15.0 31 270   M    M   1 2      38 290
 7  86  58  72  -4   0   7 0.00  0.0    0  7.0 16 240   M    M   0 8      21 260
 8  91  66  79   3   0  14 0.00  0.0    0  5.6 18  70   M    M   0        24  60
 9  92  65  79   3   0  14 0.00  0.0    0  5.1 17  80   M    M   0        21  60
10  95  68  82   5   0  17 0.00  0.0    0  4.3 15 140   M    M   0        17 280
11  95  71  83   6   0  18 0.00  0.0    0  8.1 21 290   M    M   0        26 310
12  94  71  83   6   0  18 0.00  0.0    0  9.2 20 210   M    M   0        24 220
13  83  70  77   0   0  12 0.24  0.0    0  8.8 23 310   M    M   3 13     29 310
14  89  68  79   1   0  14 0.00  0.0    0  7.2 22  20   M    M   2 1      27  20
15  92  69  81   3   0  16 0.00  0.0    0  7.8 21  80   M    M   2        25  80
16  93  70  82   4   0  17 0.00  0.0    0  9.4 21  80   M    M   2        31 120
17  92  70  81   3   0  16 0.00  0.0    0 11.2 24 120   M    M   3        30  90
18  92  70  81   3   0  16 0.00  0.0    0 11.7 21  70   M    M   1        29 120
19  93  74  84   5   0  19    T  0.0    0 11.8 22 110   M    M   3        30 120
20  96  75  86   7   0  21 0.00  0.0    0  9.7 21 100   M    M   2        26 110
21  91  73  82   3   0  17 0.00  0.0    0  6.2 17 130   M    M   2        22 110
================================================================================
SM 1896 1440         0 310  0.57     0.0 190.2          M       37
================================================================================
AV 90.3 68.6                               9.1 FASTST   M    M   2    MAX(MPH)
                                 MISC ---->  # 31 270               # 38  290
================================================================================
NOTES:
# LAST OF SEVERAL OCCURRENCES

COLUMN 17 PEAK WIND IN M.P.H.

PRELIMINARY LOCAL CLIMATOLOGICAL DATA (WS FORM: F-6) , PAGE 2

                                          STATION:  ORLANDO EXEC
                                          MONTH:    MAY
                                          YEAR:     2017
                                          LATITUDE:   28 32 N
                                          LONGITUDE:  81 20 W

[TEMPERATURE DATA]      [PRECIPITATION DATA]       SYMBOLS USED IN COLUMN 16

AVERAGE MONTHLY: 79.4   TOTAL FOR MONTH:   0.57    1 = FOG OR MIST
DPTR FM NORMAL:   2.5   DPTR FM NORMAL:   -1.07    2 = FOG REDUCING VISIBILITY
HIGHEST:    96 ON 20    GRTST 24HR  0.24 ON 13-13      TO 1/4 MILE OR LESS
LOWEST:     57 ON  6                               3 = THUNDER
                        SNOW, ICE PELLETS, HAIL    4 = ICE PELLETS
                        TOTAL MONTH:   0.0 INCH    5 = HAIL
                        GRTST 24HR     0.0         6 = FREEZING RAIN OR DRIZZLE
                        GRTST DEPTH:   0           7 = DUSTSTORM OR SANDSTORM:
                                                       VSBY 1/2 MILE OR LESS
                                                   8 = SMOKE OR HAZE
[NO. OF DAYS WITH]      [WEATHER - DAYS WITH]      9 = BLOWING SNOW
                                                   X = TORNADO
MAX 32 OR BELOW:   0    0.01 INCH OR MORE:   5
MAX 90 OR ABOVE:  15    0.10 INCH OR MORE:   2
MIN 32 OR BELOW:   0    0.50 INCH OR MORE:   0
MIN  0 OR BELOW:   0    1.00 INCH OR MORE:   0

[HDD (BASE 65) ]
TOTAL THIS MO.     0    CLEAR  (SCALE 0-3)  17
DPTR FM NORMAL     0    PTCLDY (SCALE 4-7)   4
TOTAL FM JUL 1   192    CLOUDY (SCALE 8-10)  0
DPTR FM NORMAL  -338

[CDD (BASE 65) ]
TOTAL THIS MO.   310
DPTR FM NORMAL    60    [PRESSURE DATA]
TOTAL FM JAN 1  1012    HIGHEST SLP M ON M
DPTR FM NORMAL   323    LOWEST  SLP 29.68 ON  5

[REMARKS]
