000
CXUS55 KPUB 291159
CF6SPD
PRELIMINARY LOCAL CLIMATOLOGICAL DATA (WS FORM: F-6)

                                          STATION:   SPRINGFIELD CO
                                          MONTH:     DECEMBER
                                          YEAR:      2014
                                          LATITUDE:   37 16 N
                                          LONGITUDE: 102 37 W

  TEMPERATURE IN F:       :PCPN:    SNOW:  WIND      :SUNSHINE: SKY     :PK WND
================================================================================
1   2   3   4   5  6A  6B    7    8   9   10  11  12  13   14  15   16   17  18
                                     12Z  AVG MX 2MIN
DY MAX MIN AVG DEP HDD CDD  WTR  SNW DPTH SPD SPD DIR MIN PSBL S-S WX    SPD DR
================================================================================

 1  30   5  18 -17  47   0 0.00  0.0    0  8.9 18 350   M    M   0        23 350
 2  61  13  37   2  28   0 0.00  0.0    0  6.9 15 320   M    M   0        19 320
 3  41  23  32  -3  33   0 0.00  0.0    0  8.9 15  40   M    M   0        19 110
 4  53  25  39   5  26   0 0.37    M    0  6.5 15 190   M    M   0        19 190
 5  59  32  46  12  19   0 0.02    M    0 10.5 22 360   M    M   0        25 360
 6  49  27  38   4  27   0 0.00  0.0    0 10.4 22 190   M    M   0        29 190
 7  61  31  46  12  19   0 0.00  0.0    0  9.3 22 310   M    M   0        28 310
 8  62  25  44  11  21   0 0.00  0.0    0  9.3 24 190   M    M   0        30 190
 9  55  25  40   7  25   0 0.00  0.0    0  8.2 18 190   M    M   0        22 170
10  60  25  43  10  22   0 0.00  0.0    0  8.5 18 300   M    M   0        23 300
11  64  24  44  11  21   0 0.00  0.0    0  7.7 16 170   M    M   0        20 180
12  58  25  42  10  23   0 0.00  0.0    0  6.5 13 130   M    M   0        15 130
13  68  27  48  16  17   0 0.00  0.0    0 10.4 29 200   M    M   0        35 200
14  48  32  40   8  25   0 0.16    M    0 18.0 36 340   M    M   0        45 330
15  39  23  31  -1  34   0 0.00  0.0    0 14.9 26 330   M    M   0        34 340
16  48  18  33   1  32   0 0.00  0.0    0 13.8 25 180   M    M   0        32 170
17  37  22  30  -2  35   0 0.00  0.0    0  7.1 15 340   M    M   0        22 200
18  45  22  34   2  31   0 0.00  0.0    M  5.1 17 340   M    M   0        20 350
19  49  22  36   4  29   0 0.00  0.0    M  5.5 14 310   M    M   0        16 310
20  53  21  37   6  28   0 0.00  0.0    0  4.8 12 160   M    M   0        13 140
21  59  28  44  13  21   0 0.00  0.0    0 10.4 18 290   M    M   0        22 250
22  45  30  38   7  27   0 0.02    M    0 14.3 25 320   M    M   0        35 310
23  32  20  26  -5  39   0 0.02    M    M 28.8 51 340   M    M   0        62 340
24  46  12  29  -2  36   0 0.00  0.0    0  9.8 17 200   M    M   0        22 190
25  61  27  44  13  21   0 0.00  0.0    0 13.6 28 230   M    M   0        36 230
26  27  11  19 -12  46   0 0.04    M    0 13.4 23  20   M    M   0        27  10
27  32   6  19 -12  46   0 0.00  0.0    0  6.9 13 310   M    M   0        15 300
28  45  12  29  -2  36   0 0.00  0.0    0  7.5 15 190   M    M   0        17 180
================================================================================
SM 1387  613       814   0  0.63     0.0 285.9          M        0
================================================================================
AV 49.5 21.9                              10.2 FASTST   M    M   0    MAX(MPH)
                                 MISC ---->  # 51 340               # 62  340
================================================================================
NOTES:
# LAST OF SEVERAL OCCURRENCES

COLUMN 17 PEAK WIND IN M.P.H.

PRELIMINARY LOCAL CLIMATOLOGICAL DATA (WS FORM: F-6) , PAGE 2

                                          STATION:  SPRINGFIELD CO
                                          MONTH:    DECEMBER
                                          YEAR:     2014
                                          LATITUDE:   37 16 N
                                          LONGITUDE: 102 37 W

[TEMPERATURE DATA]      [PRECIPITATION DATA]       SYMBOLS USED IN COLUMN 16

AVERAGE MONTHLY: 35.7   TOTAL FOR MONTH:   0.63    1 = FOG OR MIST
DPTR FM NORMAL:   3.3   DPTR FM NORMAL:    0.16    2 = FOG REDUCING VISIBILITY
HIGHEST:    68 ON 13    GRTST 24HR  0.39 ON  4- 5      TO 1/4 MILE OR LESS
LOWEST:      5 ON  1                               3 = THUNDER
                        SNOW, ICE PELLETS, HAIL    4 = ICE PELLETS
                        TOTAL MONTH:   0.0 INCH    5 = HAIL
                        GRTST 24HR     0.0         6 = FREEZING RAIN OR DRIZZLE
                        GRTST DEPTH:   0           7 = DUSTSTORM OR SANDSTORM:
                                                       VSBY 1/2 MILE OR LESS
                                                   8 = SMOKE OR HAZE
[NO. OF DAYS WITH]      [WEATHER - DAYS WITH]      9 = BLOWING SNOW
                                                   X = TORNADO
MAX 32 OR BELOW:   4    0.01 INCH OR MORE:   6
MAX 90 OR ABOVE:   0    0.10 INCH OR MORE:   2
MIN 32 OR BELOW:  28    0.50 INCH OR MORE:   0
MIN  0 OR BELOW:   0    1.00 INCH OR MORE:   0

[HDD (BASE 65) ]
TOTAL THIS MO.   814    CLEAR  (SCALE 0-3)  28
DPTR FM NORMAL   -98    PTCLDY (SCALE 4-7)   0
TOTAL FM JUL 1  1946    CLOUDY (SCALE 8-10)  0
DPTR FM NORMAL  -112

[CDD (BASE 65) ]
TOTAL THIS MO.     0
DPTR FM NORMAL     0    [PRESSURE DATA]
TOTAL FM JAN 1  1042    HIGHEST SLP M ON M
DPTR FM NORMAL    14    LOWEST  SLP 29.58 ON 22

[REMARKS]
