000
CXUS54 KFWD 010830
CF60F2
PRELIMINARY LOCAL CLIMATOLOGICAL DATA (WS FORM: F-6)
STATION: BOWIE
MONTH: JANUARY
YEAR: 2023
LATITUDE: 33 36 N
LONGITUDE: 97 47 W
TEMPERATURE IN F: :PCPN: SNOW: WIND :SUNSHINE: SKY :PK WND
================================================================================
1 2 3 4 5 6A 6B 7 8 9 10 11 12 13 14 15 16 17 18
12Z AVG MX 2MIN
DY MAX MIN AVG DEP HDD CDD WTR SNW DPTH SPD SPD DIR MIN PSBL S-S WX SPD DR
================================================================================
1 77 49 63 22 2 0 0.00 M M 6.6 14 200 M M 0 47 210
2 75 57 66 25 0 1 0.00 M M 9.4 18 200 M M 5 1 25 180
3 60 36 48 7 17 0 0.00 M M 7.2 13 280 M M 1 20 260
4 55 30 43 2 22 0 0.00 M M 2.5 9 320 M M 0 M M
5 58 30 44 3 21 0 0.00 M M 2.4 7 320 M M 0 8 M M
6 69 39 54 13 11 0 0.00 M M 8.4 15 160 M M 0 22 140
7 58 39 49 8 16 0 0.00 M M 8.7 14 320 M M 0 20 320
8 60 32 46 5 19 0 0.00 M M 3.4 12 360 M M 0 M M
9 71 33 52 11 13 0 0.00 M M 5.9 18 200 M M 0 25 200
10 82 38 60 19 5 0 0.00 M M 6.6 17 240 M M 0 28 250
11 84 46 65 24 0 0 0.00 M M 9.7 20 300 M M 0 29 300
12 58 35 47 6 18 0 0.00 M M 16.7 25 340 M M 0 37 330
13 57 28 43 2 22 0 0.00 M M 2.8 7 350 M M 0 M M
14 64 32 48 7 17 0 0.00 M M 9.9 17 150 M M 0 28 160
15 68 46 57 16 8 0 0.00 M M 12.9 18 170 M M 0 26 180
16 73 52 63 22 2 0 0.00 M M 8.8 18 180 M M 0 26 180
17 71 41 56 15 9 0 0.00 M M 3.1 6 120 M M 0 M M
18 67 53 60 19 5 0 0.00 M M 10.1 24 280 M M 3 39 280
19 57 36 47 6 18 0 0.00 M M 7.4 17 330 M M 0 23 330
20 59 33 46 4 19 0 0.00 M M 4.7 13 120 M M 4 18 130
21 65 40 53 11 12 0 0.00 M M 9.4 16 310 M M 4 22 260
22 51 29 40 -2 25 0 0.00 M M 8.3 15 300 M M 2 22 310
23 53 25 39 -3 26 0 0.00 M M 4.1 9 90 M M 3 M M
24 44 32 38 -4 27 0 0.44 M M 9.1 15 80 M M 10 22 80
25 45 32 39 -3 26 0 0.00 M M 8.6 13 320 M M 7 18 310
26 51 30 41 -1 24 0 0.00 M M 6.8 13 300 M M 0 20 300
27 62 26 44 2 21 0 0.00 M M 7.8 15 240 M M 0 23 240
28 67 39 53 11 12 0 0.00 M M 10.4 17 190 M M 2 24 200
29 52 24 38 -4 27 0 0.00 M M 12.5 21 340 M M 8 1 28 340
30 24 21 23 -19 42 0 0.01 M M 11.9 17 360 M M 10 146 24 360
31 27 22 25 -17 40 0 0.00 M M 9.4 14 350 M M 7 1 22 360
================================================================================
SM 1864 1105 526 1 0.45 M 245.7 M 66
================================================================================
AV 60.1 35.6 7.9 FASTST M M 2 MAX(MPH)
MISC ----> 25 340 47 210
================================================================================
NOTES:
# LAST OF SEVERAL OCCURRENCES
COLUMN 17 PEAK WIND IN M.P.H.
PRELIMINARY LOCAL CLIMATOLOGICAL DATA (WS FORM: F-6) , PAGE 2
STATION: BOWIE
MONTH: JANUARY
YEAR: 2023
LATITUDE: 33 36 N
LONGITUDE: 97 47 W
[TEMPERATURE DATA] [PRECIPITATION DATA] SYMBOLS USED IN COLUMN 16
AVERAGE MONTHLY: 47.9 TOTAL FOR MONTH: 0.45 1 = FOG OR MIST
DPTR FM NORMAL: 6.5 DPTR FM NORMAL: -1.00 2 = FOG REDUCING VISIBILITY
HIGHEST: 84 ON 11 GRTST 24HR 1.51 ON 24-24 TO 1/4 MILE OR LESS
LOWEST: 21 ON 30 3 = THUNDER
SNOW, ICE PELLETS, HAIL 4 = ICE PELLETS
TOTAL MONTH: M 5 = HAIL
GRTST 24HR M ON M 6 = FREEZING RAIN OR DRIZZLE
GRTST DEPTH: M ON M 7 = DUSTSTORM OR SANDSTORM:
VSBY 1/2 MILE OR LESS
8 = SMOKE OR HAZE
[NO. OF DAYS WITH] [WEATHER - DAYS WITH] 9 = BLOWING SNOW
X = TORNADO
MAX 32 OR BELOW: 2 0.01 INCH OR MORE: 2
MAX 90 OR ABOVE: 0 0.10 INCH OR MORE: 1
MIN 32 OR BELOW: 14 0.50 INCH OR MORE: 0
MIN 0 OR BELOW: 0 1.00 INCH OR MORE: 0
[HDD (BASE 65) ]
TOTAL THIS MO. 526 CLEAR (SCALE 0-3) 22
DPTR FM NORMAL -207 PTCLDY (SCALE 4-7) 6
TOTAL FM JUL 1 1649 CLOUDY (SCALE 8-10) 3
DPTR FM NORMAL -302
[CDD (BASE 65) ]
TOTAL THIS MO. 1
DPTR FM NORMAL 1 [PRESSURE DATA]
TOTAL FM JAN 1 1 HIGHEST SLP M ON M
DPTR FM NORMAL 1 LOWEST SLP M ON M
[REMARKS]
#FINAL-01-23#