000
CXUS51 KOKX 010910
CF6BDR
PRELIMINARY LOCAL CLIMATOLOGICAL DATA (WS FORM: F-6)
STATION: BRIDGEPORT CT
MONTH: APRIL
YEAR: 2021
LATITUDE: 41 10 N
LONGITUDE: 73 8 W
TEMPERATURE IN F: :PCPN: SNOW: WIND :SUNSHINE: SKY :PK WND
================================================================================
1 2 3 4 5 6A 6B 7 8 9 10 11 12 13 14 15 16 17 18
12Z AVG MX 2MIN
DY MAX MIN AVG DEP HDD CDD WTR SNW DPTH SPD SPD DIR MIN PSBL S-S WX SPD DR
================================================================================
1 56 37 47 3 18 0 0.04 0.0 0 15.6 26 330 M M 9 1 41 340
2 37 29 33 -12 32 0 0.00 0.0 0 10.3 22 330 M M 8 29 330
3 53 28 41 -4 24 0 0.00 0.0 0 7.9 20 300 M M 0 25 300
4 62 33 48 3 17 0 0.00 0.0 0 6.7 20 300 M M 4 24 350
5 67 43 55 9 10 0 0.00 0.0 0 12.6 29 340 M M 0 39 330
6 67 43 55 9 10 0 0.00 0.0 0 9.5 21 340 M M 0 29 330
7 64 41 53 7 12 0 0.00 0.0 0 6.4 15 140 M M 0 19 80
8 67 45 56 9 9 0 0.00 0.0 0 5.2 14 150 M M 1 19 150
9 54 43 49 2 16 0 T 0.0 0 5.0 12 210 M M 6 12 14 280
10 64 48 56 8 9 0 0.00 0.0 0 6.3 14 200 M M 7 1 18 200
11 54 48 51 3 14 0 0.13 0.0 0 10.0 23 100 M M 10 12 28 100
12 51 47 49 1 16 0 0.20 0.0 0 6.9 16 70 M M 10 1 20 70
13 61 43 52 3 13 0 0.00 0.0 0 7.6 17 10 M M 6 22 40
14 63 43 53 4 12 0 0.00 0.0 0 8.8 15 60 M M 5 1 19 70
15 50 41 46 -3 19 0 1.75 0.0 0 12.1 24 70 M M 10 1 28 70
16 49 40 45 -5 20 0 0.01 0.0 0 10.1 22 350 M M 10 28 350
17 56 40 48 -2 17 0 0.00 0.0 0 8.9 20 350 M M 8 24 290
18 60 45 53 3 12 0 0.00 0.0 0 7.1 18 210 M M 7 23 210
19 63 43 53 2 12 0 0.00 0.0 M 3.6 13 190 M M 2 21 180
20 70 42 56 5 9 0 0.00 0.0 0 11.2 23 200 M M 0 31 190
21 62 39 51 0 14 0 0.36 0.0 0 11.8 23 300 M M 7 13 32 310
22 49 35 42 -10 23 0 0.00 0.0 0 17.0 30 290 M M 4 40 300
23 64 37 51 -1 14 0 0.00 0.0 0 12.7 25 270 M M 1 33 250
24 69 45 57 5 8 0 0.00 0.0 M 9.6 21 200 M M 1 27 230
25 61 48 55 3 10 0 0.62 0.0 0 6.6 16 330 M M 8 1 22 340
26 61 42 52 -1 13 0 0.00 0.0 0 13.6 24 310 M M 0 33 300
27 60 44 52 -1 13 0 0.00 0.0 0 6.2 15 220 M M 2 18 230
28 61 48 55 1 10 0 0.07 0.0 0 6.6 21 350 M M 3 1 24 350
29 60 52 56 2 9 0 0.04 0.0 M 4.9 13 70 M M 8 1 14 70
30 70 47 59 5 6 0 0.00 0.0 M 20.0 39 300 M M 5 49 290
================================================================================
SM 1785 1259 421 0 3.22 0.0 280.8 M 142
================================================================================
AV 59.5 42.0 9.4 FASTST M M 5 MAX(MPH)
MISC ----> 39 300 49 290
================================================================================
NOTES:
# LAST OF SEVERAL OCCURRENCES
COLUMN 17 PEAK WIND IN M.P.H.
PRELIMINARY LOCAL CLIMATOLOGICAL DATA (WS FORM: F-6) , PAGE 2
STATION: BRIDGEPORT CT
MONTH: APRIL
YEAR: 2021
LATITUDE: 41 10 N
LONGITUDE: 73 8 W
[TEMPERATURE DATA] [PRECIPITATION DATA] SYMBOLS USED IN COLUMN 16
AVERAGE MONTHLY: 50.7 TOTAL FOR MONTH: 3.22 1 = FOG OR MIST
DPTR FM NORMAL: 1.4 DPTR FM NORMAL: -0.91 2 = FOG REDUCING VISIBILITY
HIGHEST: 70 ON 30,20 GRTST 24HR 1.75 ON 15-15 TO 1/4 MILE OR LESS
LOWEST: 28 ON 3 3 = THUNDER
SNOW, ICE PELLETS, HAIL 4 = ICE PELLETS
TOTAL MONTH: 0.0 INCH 5 = HAIL
GRTST 24HR 0.0 6 = FREEZING RAIN OR DRIZZLE
GRTST DEPTH: 0 7 = DUSTSTORM OR SANDSTORM:
VSBY 1/2 MILE OR LESS
8 = SMOKE OR HAZE
[NO. OF DAYS WITH] [WEATHER - DAYS WITH] 9 = BLOWING SNOW
X = TORNADO
MAX 32 OR BELOW: 0 0.01 INCH OR MORE: 9
MAX 90 OR ABOVE: 0 0.10 INCH OR MORE: 5
MIN 32 OR BELOW: 2 0.50 INCH OR MORE: 2
MIN 0 OR BELOW: 0 1.00 INCH OR MORE: 1
[HDD (BASE 65) ]
TOTAL THIS MO. 421 CLEAR (SCALE 0-3) 12
DPTR FM NORMAL -50 PTCLDY (SCALE 4-7) 10
TOTAL FM JUL 1 4607 CLOUDY (SCALE 8-10) 8
DPTR FM NORMAL -549
[CDD (BASE 65) ]
TOTAL THIS MO. 0
DPTR FM NORMAL -2 [PRESSURE DATA]
TOTAL FM JAN 1 0 HIGHEST SLP M ON M
DPTR FM NORMAL -2 LOWEST SLP 29.31 ON 30
[REMARKS]
#FINAL-04-21#