000
CXUS54 KHGX 011410
CF6CLL
PRELIMINARY LOCAL CLIMATOLOGICAL DATA (WS FORM: F-6)
STATION: COLLEGE STATION
MONTH: MARCH
YEAR: 2023
LATITUDE: 30 34 N
LONGITUDE: 96 22 W
TEMPERATURE IN F: :PCPN: SNOW: WIND :SUNSHINE: SKY :PK WND
================================================================================
1 2 3 4 5 6A 6B 7 8 9 10 11 12 13 14 15 16 17 18
12Z AVG MX 2MIN
DY MAX MIN AVG DEP HDD CDD WTR SNW DPTH SPD SPD DIR MIN PSBL S-S WX SPD DR
================================================================================
1 83 70 77 19 0 12 0.00 0.0 0 11.7 22 170 M M 7 1 33 180
2 81 59 70 11 0 5 0.44 0.0 0 13.8 31 270 M M 9 138 42 270
3 70 50 60 1 5 0 0.09 0.0 0 11.1 26 260 M M 1 13 34 260
4 79 44 62 3 3 0 0.00 0.0 0 5.0 13 170 M M 0 19 260
5 80 53 67 8 0 2 0.00 0.0 0 7.3 16 140 M M 0 1 22 170
6 83 57 70 10 0 5 0.00 0.0 0 5.6 14 220 M M 7 19 200
7 82 64 73 13 0 8 0.00 0.0 0 6.9 18 170 M M 9 1 24 170
8 85 67 76 16 0 11 0.00 0.0 0 6.2 16 170 M M 5 1 21 180
9 85 67 76 16 0 11 0.00 0.0 0 7.7 16 180 M M M 25 160
10 71 59 65 4 0 0 0.00 0.0 0 8.1 16 350 M M 7 21 350
11 87 60 74 13 0 9 0.00 0.0 0 13.1 23 230 M M 4 1 33 190
12 72 58 65 4 0 0 0.00 0.0 0 12.4 21 350 M M 8 28 350
13 69 50 60 -1 5 0 0.00 0.0 0 10.8 18 30 M M 0 24 50
14 68 50 59 -3 6 0 0.00 0.0 0 9.1 15 50 M M 4 20 40
15 75 48 62 0 3 0 0.00 0.0 0 11.5 22 160 M M 4 30 150
16 75 52 64 2 1 0 0.65 0.0 0 14.9 29 310 M M 8 138 40 310
17 59 43 51 -11 14 0 0.08 0.0 0 15.9 28 340 M M 4 37 340
18 56 45 51 -12 14 0 0.00 0.0 0 8.4 15 30 M M 7 20 30
19 59 38 49 -14 16 0 0.00 0.0 0 5.9 13 30 M M 0 18 30
20 58 36 47 -16 18 0 0.00 0.0 0 9.2 20 160 M M 6 26 160
21 71 52 62 -1 3 0 0.05 0.0 0 12.4 25 160 M M 10 1 32 180
22 83 68 76 12 0 11 T 0.0 0 13.6 23 170 M M 10 32 170
23 85 72 79 15 0 14 0.00 0.0 0 16.8 30 170 M M 9 43 160
24 84 58 71 7 0 6 T 0.0 0 10.2 23 160 M M 6 1 30 170
25 82 49 66 2 0 1 0.00 0.0 0 3.7 17 350 M M 0 24 300
26 74 52 63 -1 2 0 T 0.0 0 3.4 8 70 M M 5 1 12 50
27 81 58 70 5 0 5 0.00 0.0 0 7.7 15 20 M M 5 1 20 20
28 75 59 67 2 0 2 T 0.0 0 14.5 26 10 M M 2 41 10
29 71 55 63 -2 2 0 T 0.0 0 7.8 14 50 M M 9 20 30
30 78 61 70 5 0 5 T 0.0 0 13.1 24 140 M M 8 38 32 140
31 88 68 78 12 0 13 0.06 0.0 0 13.0 26 180 M M 5 13 40 190
================================================================================
SM 2349 1722 92 120 1.37 0.0 310.8 M 159
================================================================================
AV 75.8 55.5 10.0 FASTST M M 5 MAX(MPH)
MISC ----> 31 270 43 160
================================================================================
NOTES:
# LAST OF SEVERAL OCCURRENCES
COLUMN 17 PEAK WIND IN M.P.H.
PRELIMINARY LOCAL CLIMATOLOGICAL DATA (WS FORM: F-6) , PAGE 2
STATION: COLLEGE STATION
MONTH: MARCH
YEAR: 2023
LATITUDE: 30 34 N
LONGITUDE: 96 22 W
[TEMPERATURE DATA] [PRECIPITATION DATA] SYMBOLS USED IN COLUMN 16
AVERAGE MONTHLY: 65.7 TOTAL FOR MONTH: 1.37 1 = FOG OR MIST
DPTR FM NORMAL: 3.6 DPTR FM NORMAL: -2.04 2 = FOG REDUCING VISIBILITY
HIGHEST: 88 ON 31 GRTST 24HR 0.73 ON 16-17 TO 1/4 MILE OR LESS
LOWEST: 36 ON 20 3 = THUNDER
SNOW, ICE PELLETS, HAIL 4 = ICE PELLETS
TOTAL MONTH: 0.0 INCH 5 = HAIL
GRTST 24HR 0.0 6 = FREEZING RAIN OR DRIZZLE
GRTST DEPTH: 0 7 = DUSTSTORM OR SANDSTORM:
VSBY 1/2 MILE OR LESS
8 = SMOKE OR HAZE
[NO. OF DAYS WITH] [WEATHER - DAYS WITH] 9 = BLOWING SNOW
X = TORNADO
MAX 32 OR BELOW: 0 0.01 INCH OR MORE: 6
MAX 90 OR ABOVE: 0 0.10 INCH OR MORE: 2
MIN 32 OR BELOW: 0 0.50 INCH OR MORE: 1
MIN 0 OR BELOW: 0 1.00 INCH OR MORE: 0
[HDD (BASE 65) ]
TOTAL THIS MO. 92 CLEAR (SCALE 0-3) 7
DPTR FM NORMAL -65 PTCLDY (SCALE 4-7) 16
TOTAL FM JUL 1 1231 CLOUDY (SCALE 8-10) 8
DPTR FM NORMAL -267
[CDD (BASE 65) ]
TOTAL THIS MO. 120
DPTR FM NORMAL 53 [PRESSURE DATA]
TOTAL FM JAN 1 203 HIGHEST SLP 30.57 ON 19
DPTR FM NORMAL 103 LOWEST SLP 29.28 ON 2
[REMARKS]
#FINAL-03-23#