000
CXUS54 KHGX 011510
CF6CLL
PRELIMINARY LOCAL CLIMATOLOGICAL DATA (WS FORM: F-6)
STATION: COLLEGE STATION
MONTH: DECEMBER
YEAR: 2022
LATITUDE: 30 34 N
LONGITUDE: 96 22 W
TEMPERATURE IN F: :PCPN: SNOW: WIND :SUNSHINE: SKY :PK WND
================================================================================
1 2 3 4 5 6A 6B 7 8 9 10 11 12 13 14 15 16 17 18
12Z AVG MX 2MIN
DY MAX MIN AVG DEP HDD CDD WTR SNW DPTH SPD SPD DIR MIN PSBL S-S WX SPD DR
================================================================================
1 58 37 48 -8 17 0 0.00 0.0 0 7.3 13 120 M M 5 19 130
2 72 54 63 7 2 0 0.03 0.0 0 6.9 17 210 M M 10 18 25 200
3 70 57 64 9 1 0 0.00 0.0 0 8.8 15 320 M M 10 21 220
4 62 55 59 4 6 0 0.00 0.0 0 4.0 13 20 M M 10 16 20
5 81 61 71 16 0 6 T 0.0 0 8.6 22 220 M M 7 1 33 220
6 81 70 76 21 0 11 0.00 0.0 0 9.4 16 180 M M 8 23 160
7 82 66 74 20 0 9 0.00 0.0 0 9.2 21 190 M M 5 12 28 190
8 82 66 74 20 0 9 0.00 0.0 0 8.0 18 180 M M 5 1 24 190
9 81 64 73 19 0 8 T 0.0 0 6.3 15 170 M M 7 1 21 180
10 77 64 71 17 0 6 1.62 0.0 0 4.8 15 360 M M 9 13 23 20
11 66 60 63 9 2 0 0.45 0.0 0 8.7 18 10 M M 10 13 27 40
12 70 60 65 11 0 0 0.01 0.0 0 10.0 18 130 M M 10 1 29 130
13 76 62 69 16 0 4 0.59 0.0 0 11.6 22 170 M M 9 1 31 170
14 68 44 56 3 9 0 0.05 0.0 0 7.5 22 300 M M 5 38 34 310
15 62 36 49 -4 16 0 0.00 0.0 0 3.7 9 210 M M 0 13 90
16 55 42 49 -4 16 0 0.01 0.0 0 8.8 21 10 M M 5 27 350
17 59 38 49 -4 16 0 0.00 0.0 0 6.8 16 10 M M 0 20 10
18 58 35 47 -5 18 0 0.00 0.0 0 6.8 16 70 M M 3 20 80
19 52 42 47 -5 18 0 1.57 0.0 0 9.0 23 300 M M 10 13 32 300
20 54 40 47 -5 18 0 0.03 0.0 0 9.2 16 360 M M 8 1 21 20
21 50 36 43 -9 22 0 0.00 0.0 0 3.5 9 220 M M 6 12 13 220
22 52 18 35 -17 30 0 0.00 0.0 0 13.4 29 330 M M 5 1 42 350
23 31 14 23 -29 42 0 0.00 0.0 0 15.4 28 350 M M 0 40 360
24 42 18 30 -22 35 0 0.00 0.0 0 6.1 13 360 M M 0 19 10
25 49 22 36 -16 29 0 0.00 0.0 0 2.7 10 210 M M 0 14 240
26 61 29 45 -7 20 0 0.00 0.0 0 5.9 12 330 M M 0 16 270
27 53 28 41 -11 24 0 0.00 0.0 0 6.1 14 10 M M 0 18 10
28 77 38 58 7 7 0 0.00 0.0 0 13.4 26 170 M M 2 39 160
29 76 61 69 18 0 4 1.18 0.0 0 8.7 24 170 M M 9 13 33 170
30 65 56 61 10 4 0 0.00 0.0 0 5.4 15 10 M M 7 1 18 10
31 76 46 61 10 4 0 0.00 0.0 0 6.7 20 200 M M 3 12 25 210
================================================================================
SM 1998 1419 356 57 5.54 0.0 242.7 M 168
================================================================================
AV 64.5 45.8 7.8 FASTST M M 5 MAX(MPH)
MISC ----> 29 330 42 350
================================================================================
NOTES:
# LAST OF SEVERAL OCCURRENCES
COLUMN 17 PEAK WIND IN M.P.H.
PRELIMINARY LOCAL CLIMATOLOGICAL DATA (WS FORM: F-6) , PAGE 2
STATION: COLLEGE STATION
MONTH: DECEMBER
YEAR: 2022
LATITUDE: 30 34 N
LONGITUDE: 96 22 W
[TEMPERATURE DATA] [PRECIPITATION DATA] SYMBOLS USED IN COLUMN 16
AVERAGE MONTHLY: 55.1 TOTAL FOR MONTH: 5.54 1 = FOG OR MIST
DPTR FM NORMAL: 2.0 DPTR FM NORMAL: 1.83 2 = FOG REDUCING VISIBILITY
HIGHEST: 82 ON 8, 7 GRTST 24HR 2.15 ON 10-11 TO 1/4 MILE OR LESS
LOWEST: 14 ON 23 3 = THUNDER
SNOW, ICE PELLETS, HAIL 4 = ICE PELLETS
TOTAL MONTH: 0.0 INCH 5 = HAIL
GRTST 24HR 0.0 6 = FREEZING RAIN OR DRIZZLE
GRTST DEPTH: 0 7 = DUSTSTORM OR SANDSTORM:
VSBY 1/2 MILE OR LESS
8 = SMOKE OR HAZE
[NO. OF DAYS WITH] [WEATHER - DAYS WITH] 9 = BLOWING SNOW
X = TORNADO
MAX 32 OR BELOW: 1 0.01 INCH OR MORE: 10
MAX 90 OR ABOVE: 0 0.10 INCH OR MORE: 5
MIN 32 OR BELOW: 6 0.50 INCH OR MORE: 4
MIN 0 OR BELOW: 0 1.00 INCH OR MORE: 3
[HDD (BASE 65) ]
TOTAL THIS MO. 356 CLEAR (SCALE 0-3) 9
DPTR FM NORMAL -31 PTCLDY (SCALE 4-7) 12
TOTAL FM JUL 1 613 CLOUDY (SCALE 8-10) 10
DPTR FM NORMAL -4
[CDD (BASE 65) ]
TOTAL THIS MO. 57
DPTR FM NORMAL 39 [PRESSURE DATA]
TOTAL FM JAN 1 3919 HIGHEST SLP 30.78 ON 23
DPTR FM NORMAL 748 LOWEST SLP 29.63 ON 13
[REMARKS]
#FINAL-12-22#