000
CXUS53 KLSX 011600
CF6CPS
PRELIMINARY LOCAL CLIMATOLOGICAL DATA (WS FORM: F-6)

                                          STATION:   CAHOKIA/ST. LOUIS IL
                                          MONTH:     NOVEMBER
                                          YEAR:      2011
                                          LATITUDE:   38 34 N
                                          LONGITUDE:  90  9 W

  TEMPERATURE IN F:       :PCPN:    SNOW:  WIND      :SUNSHINE: SKY     :PK WND
================================================================================
1   2   3   4   5  6A  6B    7    8   9   10  11  12  13   14  15   16   17  18
                                     12Z  AVG MX 2MIN
DY MAX MIN AVG DEP HDD CDD  WTR  SNW DPTH SPD SPD DIR MIN PSBL S-S WX    SPD DR
================================================================================

 1  75  38  57   6   8   0 0.00  0.0    0  5.6 17 170   M    M   0        24 190
 2  75  45  60   9   5   0 0.00  0.0    0  8.5 20 180   M    M   0        29 170
 3  59  47  53   2  12   0 0.82  0.0    0 12.8 24 330   M    M  10 1      31 330
 4  57  37  47  -3  18   0 0.00  0.0    0  5.6 17 350   M    M   5 1      22 360
 5  60  34  47  -3  18   0 0.00  0.0    0  7.0 16 150   M    M   5 12     21 150
 6  64  46  55   6  10   0 0.00  0.0    0 10.0 21 190   M    M   7        31 210
 7  66  54  60  11   5   0 0.54  0.0    0  4.2 13 150   M    M   9 1      17 140
 8  72  59  66  18   0   1 0.39  0.0    0  8.8 21 140   M    M   6 1      29 130
 9  63  41  52   4  13   0 0.05  0.0    0 13.4 29 270   M    M   6 1      38 280
10  49  29  39  -9  26   0 0.00  0.0    0 10.4 28 310   M    M   0        35 310
11  63  25  44  -3  21   0 0.00  0.0    0  5.9 16 190   M    M   0 8      23 170
12  63  39  51   4  14   0 0.00  0.0    0 11.5 21 190   M    M   2 8      31 170
13  77  60  69  23   0   4 0.01  0.0    0 11.2 22 210   M    M   3        33 180
14  78  58  68  22   0   3 0.00  0.0    0  9.2 23 250   M    M   3        30 250
15  62  46  54   9  11   0 0.00  0.0    0  5.8 25 340   M    M   4 12     30 330
16  53  36  45   0  20   0 0.00  0.0    0 12.7 28  10   M    M   4        32 360
17  48  30  39  -5  26   0 0.00  0.0    0  5.3 16 300   M    M   2        21 310
18  57  29  43  -1  22   0 0.00  0.0    0 10.3 22 190   M    M   2        32 190
19  64  48  56  12   9   0 0.00  0.0    0 11.5 22 180   M    M   8 8      33 210
20  62  39  51   8  14   0 0.35  0.0    0  7.1 18 360   M    M  10 1      24 340
21  48  44  46   3  19   0 0.00  0.0    0  4.7 10  10   M    M  10 18     13  20
22  49  45  47   5  18   0 0.98  0.0    0 11.5 21 330   M    M  10 1      26 340
23  47  44  46   4  19   0 0.00  0.0    0  6.1 16 320   M    M  10 1      18 310
24  59  42  51  10  14   0 0.00  0.0    0  7.9 13 150   M    M   5        16 150
25  66  35  51  10  14   0 0.00  0.0    0  9.0 18 190   M    M   0 1      29 180
26  64  42  53  13  12   0 0.40  0.0    0 10.3 32 310   M    M   8 1      40 320
27  42  37  40   0  25   0 0.08  0.0    0 14.8 25 320   M    M  10 18     30 320
28  40  35  38  -2  27   0 0.27    M    0 16.2 28 330   M    M  10 1      33 330
29  41  32  37  -2  28   0 0.23  0.0    0 15.4 25 340   M    M   7 1      31 320
30  44  26  35  -4  30   0 0.00  0.0    0  4.5 12 170   M    M   0        15 170
================================================================================
SM 1767 1222       458   8  4.12     0.0 277.2          M      156
================================================================================
AV 58.9 40.7                               9.2 FASTST   M    M   5    MAX(MPH)
                                 MISC ---->  # 32 310               # 40  320
================================================================================
NOTES:
# LAST OF SEVERAL OCCURRENCES

COLUMN 17 PEAK WIND IN M.P.H.

PRELIMINARY LOCAL CLIMATOLOGICAL DATA (WS FORM: F-6) , PAGE 2

                                          STATION:  CAHOKIA/ST. LOUIS IL
                                          MONTH:    NOVEMBER
                                          YEAR:     2011
                                          LATITUDE:   38 34 N
                                          LONGITUDE:  90  9 W

[TEMPERATURE DATA]      [PRECIPITATION DATA]       SYMBOLS USED IN COLUMN 16

AVERAGE MONTHLY: 49.8   TOTAL FOR MONTH:   4.12    1 = FOG OR MIST
DPTR FM NORMAL:   4.7   DPTR FM NORMAL:    0.36    2 = FOG REDUCING VISIBILITY
HIGHEST:    78 ON 14    GRTST 24HR  0.98 ON 22-22      TO 1/4 MILE OR LESS
LOWEST:     25 ON 11                               3 = THUNDER
                        SNOW, ICE PELLETS, HAIL    4 = ICE PELLETS
                        TOTAL MONTH:   0.0 INCH    5 = HAIL
                        GRTST 24HR     0.0         6 = FREEZING RAIN OR DRIZZLE
                        GRTST DEPTH:   0           7 = DUSTSTORM OR SANDSTORM:
                                                       VSBY 1/2 MILE OR LESS
                                                   8 = SMOKE OR HAZE
[NO. OF DAYS WITH]      [WEATHER - DAYS WITH]      9 = BLOWING SNOW
                                                   X = TORNADO
MAX 32 OR BELOW:   0    0.01 INCH OR MORE:  11
MAX 90 OR ABOVE:   0    0.10 INCH OR MORE:   8
MIN 32 OR BELOW:   6    0.50 INCH OR MORE:   3
MIN  0 OR BELOW:   0    1.00 INCH OR MORE:   0

[HDD (BASE 65) ]
TOTAL THIS MO.   458    CLEAR  (SCALE 0-3)  11
DPTR FM NORMAL  -140    PTCLDY (SCALE 4-7)  11
TOTAL FM JUL 1   773    CLOUDY (SCALE 8-10)  8
DPTR FM NORMAL  -157

[CDD (BASE 65) ]
TOTAL THIS MO.     8
DPTR FM NORMAL     7    [PRESSURE DATA]
TOTAL FM JAN 1  1600    HIGHEST SLP 30.39 ON 17
DPTR FM NORMAL   279    LOWEST  SLP 29.52 ON 13

[REMARKS]
#FINAL-11-11#
