000
CXUS53 KLSX 011602
CF6CPS
PRELIMINARY LOCAL CLIMATOLOGICAL DATA (WS FORM: F-6)

                                          STATION:   CAHOKIA/ST. LOUIS
                                          MONTH:     MARCH
                                          YEAR:      2012
                                          LATITUDE:   38 34 N
                                          LONGITUDE:  90  9 W

  TEMPERATURE IN F:       :PCPN:    SNOW:  WIND      :SUNSHINE: SKY     :PK WND
================================================================================
1   2   3   4   5  6A  6B    7    8   9   10  11  12  13   14  15   16   17  18
                                     12Z  AVG MX 2MIN
DY MAX MIN AVG DEP HDD CDD  WTR  SNW DPTH SPD SPD DIR MIN PSBL S-S WX    SPD DR
================================================================================

 1  66  34  50  10  15   0 0.00  0.0    0  7.5 21 140   M    M   0        26 160
 2  61  35  48   7  17   0 0.39  0.0    0 10.8 35 290   M    M   4 13     46 280
 3  45  31  38  -3  27   0 0.00  0.0    0 10.7 24 300   M    M   3        30 300
 4  45  27  36  -5  29   0 0.01  0.0    0  5.9 23 340   M    M   7        32 350
 5  49  27  38  -4  27   0 0.00  0.0    0  9.5 25 330   M    M   3        29 320
 6  73  36  55  13  10   0 0.00  0.0    0 12.5 26 190   M    M   0        46 200
 7  71  56  64  22   1   0    T  0.0    0 13.7 21 170   M    M   5        38 190
 8  68  36  52  10  13   0 0.45  0.0    0 11.3 33 320   M    M   5 1      40 320
 9  55  30  43   0  22   0 0.00  0.0    0  6.8 17 350   M    M   0        22  10
10  63  29  46   3  19   0 0.00  0.0    0  6.2 15 150   M    M   0        20 150
11  58  35  47   3  18   0 0.15  0.0    0  7.5 18 140   M    M   5 1      24 160
12  82  55  69  25   0   4    T  0.0    0  9.4 23 190   M    M   2 1      39 180
13  81  46  64  20   1   0 0.00  0.0    0  3.5 12 150   M    M   0 1      17 140
14  85  53  69  25   0   4    T  0.0    0  8.0 18 190   M    M   3 18     26 190
15  79  59  69  24   0   4 0.15  0.0    0  7.5 22 290   M    M   3 3      29 270
16  75  56  66  21   0   1 0.16  0.0    0  5.0 13 170   M    M   4 13     18 170
17  79  58  69  23   0   4 0.70  0.0    0  6.9 29 150   M    M   5 12     37 150
18  80  57  69  23   0   4    T  0.0    0  7.4 16 190   M    M   1        23 210
19  80  64  72  26   0   7 0.00  0.0    0 11.5 24 150   M    M   1        35 150
20  80  65  73  27   0   8 0.00  0.0    0 11.5 25 140   M    M   1        33 150
21  80  65  73  26   0   8 0.00  0.0    0 10.5 28 160   M    M   3        37 160
22  72  50  61  14   4   0 0.43  0.0    0  4.5 20 240   M    M   7 12     31 250
23  65  47  56   8   9   0 0.56  0.0    0  4.6 15 260   M    M   8 123    21 120
24  73  51  62  14   3   0 0.07  0.0    0  6.5 15 310   M    M   4 1      17 310
25  74  54  64  16   1   0 0.00  0.0    0  4.3 14 360   M    M   4 18     18 340
26  72  50  61  12   4   0 0.00  0.0    0  6.0 15  90   M    M   1 1       M  M
27  80  51  66  17   0   1 0.00  0.0    0  8.5 16 150   M    M   0        22 150
28  81  58  70  21   0   5 0.00  0.0    0  4.8 13 340   M    M   2 8      18 220
29  72  56  64  14   1   0 0.06  0.0    0  8.2 18  50   M    M   4 3      22  50
30  83  53  68  18   0   3 0.00  0.0    0  7.7 16 330   M    M   1        21 320
31  76  49  63  13   2   0 0.00  0.0    0  5.3 14  10   M    M   1 18     17  10
================================================================================
SM 2203 1473       223  53  3.13     0.0 244.0          M       87
================================================================================
AV 71.1 47.5                               7.9 FASTST   M    M   3    MAX(MPH)
                                 MISC ---->  # 35 290               # 46  280
================================================================================
NOTES:
# LAST OF SEVERAL OCCURRENCES

COLUMN 17 PEAK WIND IN M.P.H.

PRELIMINARY LOCAL CLIMATOLOGICAL DATA (WS FORM: F-6) , PAGE 2

                                          STATION:  CAHOKIA/ST. LOUIS
                                          MONTH:    MARCH
                                          YEAR:     2012
                                          LATITUDE:   38 34 N
                                          LONGITUDE:  90  9 W

[TEMPERATURE DATA]      [PRECIPITATION DATA]       SYMBOLS USED IN COLUMN 16

AVERAGE MONTHLY: 59.3   TOTAL FOR MONTH:   3.13    1 = FOG OR MIST
DPTR FM NORMAL:  14.1   DPTR FM NORMAL:   -0.04    2 = FOG REDUCING VISIBILITY
HIGHEST:    85 ON 14    GRTST 24HR  0.71 ON 16-17      TO 1/4 MILE OR LESS
LOWEST:     27 ON  5, 4                            3 = THUNDER
                        SNOW, ICE PELLETS, HAIL    4 = ICE PELLETS
                        TOTAL MONTH:   0.0 INCH    5 = HAIL
                        GRTST 24HR     0.0         6 = FREEZING RAIN OR DRIZZLE
                        GRTST DEPTH:   0           7 = DUSTSTORM OR SANDSTORM:
                                                       VSBY 1/2 MILE OR LESS
                                                   8 = SMOKE OR HAZE
[NO. OF DAYS WITH]      [WEATHER - DAYS WITH]      9 = BLOWING SNOW
                                                   X = TORNADO
MAX 32 OR BELOW:   0    0.01 INCH OR MORE:  11
MAX 90 OR ABOVE:   0    0.10 INCH OR MORE:   8
MIN 32 OR BELOW:   5    0.50 INCH OR MORE:   2
MIN  0 OR BELOW:   0    1.00 INCH OR MORE:   0

[HDD (BASE 65) ]
TOTAL THIS MO.   223    CLEAR  (SCALE 0-3)  17
DPTR FM NORMAL  -394    PTCLDY (SCALE 4-7)  14
TOTAL FM JUL 1  3335    CLOUDY (SCALE 8-10)  0
DPTR FM NORMAL -1003

[CDD (BASE 65) ]
TOTAL THIS MO.    53
DPTR FM NORMAL    50    [PRESSURE DATA]
TOTAL FM JAN 1    53    HIGHEST SLP 30.56 ON  9
DPTR FM NORMAL    50    LOWEST  SLP 29.33 ON  2

[REMARKS]
#FINAL-03-12#
