000
CXUS54 KAMA 010710
CF6DHT
PRELIMINARY LOCAL CLIMATOLOGICAL DATA (WS FORM: F-6)
STATION: DALHART
MONTH: MARCH
YEAR: 2022
LATITUDE: 36 1 N
LONGITUDE: 102 33 W
TEMPERATURE IN F: :PCPN: SNOW: WIND :SUNSHINE: SKY :PK WND
================================================================================
1 2 3 4 5 6A 6B 7 8 9 10 11 12 13 14 15 16 17 18
12Z AVG MX 2MIN
DY MAX MIN AVG DEP HDD CDD WTR SNW DPTH SPD SPD DIR MIN PSBL S-S WX SPD DR
================================================================================
1 73 24 49 6 16 0 0.00 M M 7.3 13 300 M M 0 20 60
2 75 26 51 8 14 0 0.00 M M 5.8 12 330 M M 0 15 320
3 78 26 52 9 13 0 0.00 M M 10.5 22 200 M M 0 29 180
4 77 38 58 14 7 0 0.00 M M 16.8 39 210 M M 2 54 210
5 69 32 51 7 14 0 0.00 M M 20.1 35 240 M M 1 46 230
6 39 22 31 -13 34 0 0.00 M M 13.7 24 10 M M 4 30 10
7 40 18 29 -15 36 0 0.00 M M 9.6 20 360 M M 0 25 10
8 47 17 32 -13 33 0 0.00 M M 8.8 18 30 M M 5 23 20
9 60 16 38 -7 27 0 0.00 M M 16.1 41 360 M M 1 8 52 360
10 29 14 22 -23 43 0 T M M 19.9 36 360 M M 9 18 49 360
11 38 17 28 -18 37 0 T M M 11.5 22 360 M M 4 1 35 20
12 60 12 36 -10 29 0 0.00 M M 10.0 18 210 M M 0 36 210
13 74 20 47 1 18 0 0.00 M M 12.1 32 210 M M 0 41 210
14 59 35 47 0 18 0 0.00 M M 21.2 44 360 M M 3 8 60 350
15 70 22 46 -1 19 0 0.00 M M 11.5 24 210 M M 0 31 230
16 74 29 52 5 13 0 0.00 M M 9.8 21 10 M M 0 26 10
17 53 31 42 -6 23 0 T M M 27.4 46 10 M M 5 18 64 360
18 59 27 43 -5 22 0 0.00 M M 9.3 17 350 M M 1 24 320
19 67 25 46 -2 19 0 0.00 M M 6.9 14 210 M M 0 18 210
20 77 30 54 6 11 0 0.00 M M 18.8 37 180 M M 2 8 49 200
21 59 33 46 -3 19 0 0.06 M M 20.9 43 350 M M 8 1 59 350
22 48 31 40 -9 25 0 T M M 26.6 46 350 M M 4 1 65 360
23 48 26 37 -12 28 0 T M M 17.7 43 360 M M 2 65 360
24 71 22 47 -3 18 0 0.00 M M 11.1 26 10 M M 0 35 10
25 65 36 51 1 14 0 0.00 M M 11.7 24 20 M M 0 34 50
26 83 27 55 5 10 0 0.00 M M 11.2 22 200 M M 0 31 200
27 69 38 54 4 11 0 0.00 M M 10.1 18 90 M M 0 24 100
28 83 29 56 5 9 0 0.00 M M 11.1 24 220 M M 0 31 240
29 75 48 62 11 3 0 0.00 M M 25.0 53 230 M M 1 8 69 220
30 52 31 42 -9 23 0 0.02 M M 20.1 39 10 M M 8 51 360
31 64 27 46 -5 19 0 0.00 M M 9.1 16 290 M M 0 25 240
================================================================================
SM 1935 829 625 0 0.08 M 441.7 M 60
================================================================================
AV 62.4 26.7 14.2 FASTST M M 2 MAX(MPH)
MISC ----> 53 230 69 220
================================================================================
NOTES:
# LAST OF SEVERAL OCCURRENCES
COLUMN 17 PEAK WIND IN M.P.H.
PRELIMINARY LOCAL CLIMATOLOGICAL DATA (WS FORM: F-6) , PAGE 2
STATION: DALHART
MONTH: MARCH
YEAR: 2022
LATITUDE: 36 1 N
LONGITUDE: 102 33 W
[TEMPERATURE DATA] [PRECIPITATION DATA] SYMBOLS USED IN COLUMN 16
AVERAGE MONTHLY: 44.6 TOTAL FOR MONTH: 0.08 1 = FOG OR MIST
DPTR FM NORMAL: -2.6 DPTR FM NORMAL: -0.85 2 = FOG REDUCING VISIBILITY
HIGHEST: 83 ON 28,26 GRTST 24HR 0.06 ON 21-21 TO 1/4 MILE OR LESS
LOWEST: 12 ON 12 3 = THUNDER
SNOW, ICE PELLETS, HAIL 4 = ICE PELLETS
TOTAL MONTH: M 5 = HAIL
GRTST 24HR M ON M 6 = FREEZING RAIN OR DRIZZLE
GRTST DEPTH: M ON M 7 = DUSTSTORM OR SANDSTORM:
VSBY 1/2 MILE OR LESS
8 = SMOKE OR HAZE
[NO. OF DAYS WITH] [WEATHER - DAYS WITH] 9 = BLOWING SNOW
X = TORNADO
MAX 32 OR BELOW: 1 0.01 INCH OR MORE: 2
MAX 90 OR ABOVE: 0 0.10 INCH OR MORE: 0
MIN 32 OR BELOW: 25 0.50 INCH OR MORE: 0
MIN 0 OR BELOW: 0 1.00 INCH OR MORE: 0
[HDD (BASE 65) ]
TOTAL THIS MO. 625 CLEAR (SCALE 0-3) 23
DPTR FM NORMAL 72 PTCLDY (SCALE 4-7) 7
TOTAL FM JUL 1 3849 CLOUDY (SCALE 8-10) 1
DPTR FM NORMAL -104
[CDD (BASE 65) ]
TOTAL THIS MO. 0
DPTR FM NORMAL -1 [PRESSURE DATA]
TOTAL FM JAN 1 0 HIGHEST SLP M ON M
DPTR FM NORMAL -1 LOWEST SLP 29.27 ON 29
[REMARKS]
#FINAL-03-22#