574
CXUS54 KEWX 100047
CF6DRT
PRELIMINARY LOCAL CLIMATOLOGICAL DATA (WS FORM: F-6)
STATION: DEL RIO
MONTH: DECEMBER
YEAR: 2020
LATITUDE: 29 22 N
LONGITUDE: 100 55 W
TEMPERATURE IN F: :PCPN: SNOW: WIND :SUNSHINE: SKY :PK WND
================================================================================
1 2 3 4 5 6A 6B 7 8 9 10 11 12 13 14 15 16 17 18
12Z AVG MX 2MIN
DY MAX MIN AVG DEP HDD CDD WTR SNW DPTH SPD SPD DIR MIN PSBL S-S WX SPD DR
================================================================================
1 67 34 51 -4 14 0 0.00 0.0 0 11.4 22 120 M M 0 36 140
2 65 38 52 -3 13 0 0.00 0.0 0 13.6 25 300 M M 0 38 310
3 56 38 47 -7 18 0 0.00 0.0 0 10.9 24 300 M M 0 36 280
4 61 35 48 -6 17 0 0.00 0.0 0 3.2 14 230 M M 0 17 250
5 59 44 52 -2 13 0 0.01 0.0 0 7.7 20 290 M M 7 25 300
6 72 38 55 1 10 0 0.00 0.0 0 8.9 24 300 M M 0 37 300
7 76 36 56 2 9 0 0.00 0.0 0 4.8 14 260 M M 0 25 260
8 79 38 59 6 6 0 0.00 0.0 0 5.3 15 260 M M 0 19 240
9 81 37 59 6 6 0 0.00 0.0 0 5.5 14 140 M M 0 19 140
10 80 44 62 9 3 0 0.00 0.0 0 10.4 22 130 M M 0 34 150
11 82 51 67 14 0 2 T 0.0 0 5.2 18 270 M M 1 24 250
12 78 40 59 7 6 0 0.00 0.0 0 7.9 20 130 M M 0 26 130
13 73 46 60 8 5 0 T 0.0 0 14.0 35 300 M M 6 18 53 300
14 60 32 46 -6 19 0 0.00 0.0 0 7.6 16 140 M M 0 23 100
15 70 37 54 2 11 0 0.00 0.0 0 8.8 20 330 M M 0 30 330
16 65 36 51 -1 14 0 0.00 0.0 0 4.8 14 350 M M 1 20 350
17 66 33 50 -2 15 0 0.00 0.0 0 9.4 18 130 M M 0 27 130
18 70 42 56 4 9 0 0.00 0.0 0 10.9 23 140 M M 1 34 140
19 72 43 58 6 7 0 0.00 0.0 0 9.0 26 300 M M 4 35 300
20 73 35 54 2 11 0 0.00 0.0 0 6.2 23 300 M M 0 35 290
21 76 32 54 2 11 0 0.00 0.0 0 5.0 16 140 M M 0 23 130
22 74 52 63 11 2 0 0.00 0.0 0 10.9 21 150 M M 1 31 150
23 82 49 66 15 0 1 0.00 0.0 0 8.1 26 10 M M 3 12 43 360
24 60 37 49 -2 16 0 0.00 0.0 0 8.7 24 340 M M 1 8 38 340
25 71 30 51 0 14 0 0.00 0.0 0 5.4 16 150 M M 0 21 150
26 72 43 58 7 7 0 0.00 0.0 0 8.8 18 140 M M 0 26 140
27 78 38 58 7 7 0 0.00 0.0 0 5.9 13 130 M M 0 19 140
28 80 44 62 11 3 0 0.00 0.0 0 11.8 24 120 M M 3 1 36 130
29 78 66 72 21 0 7 T 0.0 0 16.3 30 150 M M 6 46 140
30 68 43 56 5 9 0 0.59 0.0 0 12.2 23 300 M M 8 1 33 340
31 43 37 40 -11 25 0 0.66 T 0 19.3 30 290 M M 9 13 39 300
================================================================================
SM 2187 1248 300 10 1.26 T 277.9 M 51
================================================================================
AV 70.5 40.3 9.0 FASTST M M 2 MAX(MPH)
MISC ----> 35 300 53 300
================================================================================
NOTES:
# LAST OF SEVERAL OCCURRENCES
COLUMN 17 PEAK WIND IN M.P.H.
PRELIMINARY LOCAL CLIMATOLOGICAL DATA (WS FORM: F-6) , PAGE 2
STATION: DEL RIO
MONTH: DECEMBER
YEAR: 2020
LATITUDE: 29 22 N
LONGITUDE: 100 55 W
[TEMPERATURE DATA] [PRECIPITATION DATA] SYMBOLS USED IN COLUMN 16
AVERAGE MONTHLY: 55.4 TOTAL FOR MONTH: 1.26 1 = FOG OR MIST
DPTR FM NORMAL: 3.0 DPTR FM NORMAL: 0.61 2 = FOG REDUCING VISIBILITY
HIGHEST: 82 ON 23,11 GRTST 24HR 1.24 ON 30-31 TO 1/4 MILE OR LESS
LOWEST: 30 ON 25 3 = THUNDER
SNOW, ICE PELLETS, HAIL 4 = ICE PELLETS
TOTAL MONTH: T 5 = HAIL
GRTST 24HR T ON 31-31 6 = FREEZING RAIN OR DRIZZLE
GRTST DEPTH: 0 7 = DUSTSTORM OR SANDSTORM:
VSBY 1/2 MILE OR LESS
8 = SMOKE OR HAZE
[NO. OF DAYS WITH] [WEATHER - DAYS WITH] 9 = BLOWING SNOW
X = TORNADO
MAX 32 OR BELOW: 0 0.01 INCH OR MORE: 3
MAX 90 OR ABOVE: 0 0.10 INCH OR MORE: 2
MIN 32 OR BELOW: 3 0.50 INCH OR MORE: 2
MIN 0 OR BELOW: 0 1.00 INCH OR MORE: 0
[HDD (BASE 65) ]
TOTAL THIS MO. 300 CLEAR (SCALE 0-3) 24
DPTR FM NORMAL -94 PTCLDY (SCALE 4-7) 5
TOTAL FM JUL 1 398 CLOUDY (SCALE 8-10) 2
DPTR FM NORMAL -195
[CDD (BASE 65) ]
TOTAL THIS MO. 10
DPTR FM NORMAL 7 [PRESSURE DATA]
TOTAL FM JAN 1 4336 HIGHEST SLP 30.52 ON 24
DPTR FM NORMAL 961 LOWEST SLP 29.71 ON 29
[REMARKS]
#FINAL-12-20#