000
CXAK56 PAFG 012057
CF6FAI
PRELIMINARY LOCAL CLIMATOLOGICAL DATA (WS FORM: F-6)
STATION: FAIRBANKS AK
MONTH: AUGUST
YEAR: 2021
LATITUDE: 64 49 N
LONGITUDE: 147 52 W
TEMPERATURE IN F: :PCPN: SNOW: WIND :SUNSHINE: SKY :PK WND
================================================================================
1 2 3 4 5 6A 6B 7 8 9 10 11 12 13 14 15 16 17 18
12Z AVG MX 2MIN
DY MAX MIN AVG DEP HDD CDD WTR SNW DPTH SPD SPD DIR MIN PSBL S-S WX SPD DR
================================================================================
1 78 57 68 7 0 3 0.00 0.0 0 2.5 6 10 M M 7 8 240
2 88 57 73 13 0 8 0.00 0.0 0 4.7 12 30 M M 3 15 30
3 89 64 77 17 0 12 0.00 0.0 0 7.6 20 30 M M 5 3 24 70
4 84 61 73 13 0 8 0.00 0.0 0 8.5 18 30 M M 4 21 40
5 84 58 71 11 0 6 0.00 0.0 0 3.7 12 300 M M 3 14 280
6 67 63 65 5 0 0 T 0.0 0 4.8 20 270 M M 8 24 260
7 63 56 60 0 5 0 0.13 0.0 0 3.5 7 360 M M 8 1 11 180
8 66 54 60 1 5 0 0.51 0.0 0 5.1 12 280 M M 8 1 14 330
9 63 52 58 -1 7 0 0.36 0.0 0 5.4 10 190 M M 9 1 17 250
10 64 50 57 -2 8 0 0.07 0.0 0 5.3 15 260 M M 8 24 280
11 69 52 61 2 4 0 0.05 0.0 0 3.2 9 270 M M 8 12 270
12 63 54 59 1 6 0 0.01 0.0 0 3.9 13 300 M M 8 16 280
13 63 52 58 0 7 0 T 0.0 0 5.1 13 260 M M 8 1 17 280
14 57 48 53 -5 12 0 0.00 0.0 0 6.3 15 270 M M 8 21 260
15 53 48 51 -7 14 0 0.36 0.0 0 7.8 15 240 M M 9 1 22 240
16 54 50 52 -5 13 0 0.62 0.0 0 5.4 12 240 M M 10 1 20 210
17 55 42 49 -8 16 0 0.33 0.0 0 4.1 12 270 M M 9 1 16 270
18 60 36 48 -9 17 0 0.00 0.0 0 2.2 8 190 M M 7 12 11 180
19 53 42 48 -8 17 0 0.13 0.0 0 2.2 7 320 M M 9 1 8 40
20 56 48 52 -4 13 0 0.24 0.0 0 6.9 20 250 M M 9 1 28 260
21 57 40 49 -7 16 0 0.04 0.0 0 5.9 17 280 M M 8 1 21 270
22 64 39 52 -4 13 0 T 0.0 0 2.8 9 100 M M 8 12 100
23 58 52 55 0 10 0 0.18 0.0 0 2.4 6 170 M M 10 1 12 140
24 61 54 58 3 7 0 0.13 0.0 0 1.5 9 290 M M 10 1 12 280
25 59 54 57 3 8 0 0.06 0.0 0 2.6 8 250 M M 10 1 10 250
26 58 48 53 -1 12 0 0.07 0.0 0 5.5 16 240 M M 9 23 250
27 49 42 46 -8 19 0 0.37 0.0 0 5.2 16 240 M M 10 1 22 250
28 53 39 46 -7 19 0 0.00 0.0 0 4.3 13 250 M M 7 15 260
29 56 37 47 -6 18 0 0.00 0.0 0 2.0 6 50 M M 8 7 100
30 62 49 56 3 9 0 0.01 0.0 0 2.3 10 190 M M 9 13 190
31 70 47 59 7 6 0 0.00 0.0 0 1.7 9 50 M M 7 1 9 50
================================================================================
SM 1976 1545 281 37 3.67 0.0 134.4 M 244
================================================================================
AV 63.7 49.8 4.3 FASTST M M 8 MAX(MPH)
MISC ----> # 20 30 28 260
================================================================================
NOTES:
# LAST OF SEVERAL OCCURRENCES
COLUMN 17 PEAK WIND IN M.P.H.
PRELIMINARY LOCAL CLIMATOLOGICAL DATA (WS FORM: F-6) , PAGE 2
STATION: FAIRBANKS AK
MONTH: AUGUST
YEAR: 2021
LATITUDE: 64 49 N
LONGITUDE: 147 52 W
[TEMPERATURE DATA] [PRECIPITATION DATA] SYMBOLS USED IN COLUMN 16
AVERAGE MONTHLY: 56.8 TOTAL FOR MONTH: 3.67 1 = FOG OR MIST
DPTR FM NORMAL: -0.2 DPTR FM NORMAL: 1.57 2 = FOG REDUCING VISIBILITY
HIGHEST: 89 ON 3 GRTST 24HR 0.87 ON 8- 9 TO 1/4 MILE OR LESS
LOWEST: 36 ON 18 3 = THUNDER
SNOW, ICE PELLETS, HAIL 4 = ICE PELLETS
TOTAL MONTH: 0.0 INCH 5 = HAIL
GRTST 24HR 0.0 6 = FREEZING RAIN OR DRIZZLE
GRTST DEPTH: 0 7 = DUSTSTORM OR SANDSTORM:
VSBY 1/2 MILE OR LESS
8 = SMOKE OR HAZE
[NO. OF DAYS WITH] [WEATHER - DAYS WITH] 9 = BLOWING SNOW
X = TORNADO
MAX 32 OR BELOW: 0 0.01 INCH OR MORE: 18
MAX 90 OR ABOVE: 0 0.10 INCH OR MORE: 11
MIN 32 OR BELOW: 0 0.50 INCH OR MORE: 2
MIN 0 OR BELOW: 0 1.00 INCH OR MORE: 0
[HDD (BASE 65) ]
TOTAL THIS MO. 281 CLEAR (SCALE 0-3) 0
DPTR FM NORMAL 26 PTCLDY (SCALE 4-7) 12
TOTAL FM JUL 1 338 CLOUDY (SCALE 8-10) 19
DPTR FM NORMAL -15
[CDD (BASE 65) ]
TOTAL THIS MO. 37
DPTR FM NORMAL 30 [PRESSURE DATA]
TOTAL FM JAN 1 125 HIGHEST SLP 30.17 ON 21
DPTR FM NORMAL 57 LOWEST SLP 29.34 ON 9
[REMARKS]
#FINAL-08-21#