000
CXHW53 PHFO 011250
CF6KOA
PRELIMINARY LOCAL CLIMATOLOGICAL DATA (WS FORM: F-6)
STATION: KONA HI
MONTH: NOVEMBER
YEAR: 2021
LATITUDE: 19 38 N
LONGITUDE: 156 0 W
TEMPERATURE IN F: :PCPN: SNOW: WIND :SUNSHINE: SKY :PK WND
================================================================================
1 2 3 4 5 6A 6B 7 8 9 10 11 12 13 14 15 16 17 18
12Z AVG MX 2MIN
DY MAX MIN AVG DEP HDD CDD WTR SNW DPTH SPD SPD DIR MIN PSBL S-S WX SPD DR
================================================================================
1 84 68 76 -4 0 11 0.00 M M 6.9 14 220 M M 2 17 210
2 83 71 77 -3 0 12 0.00 M M 6.0 10 130 M M 3 13 140
3 84 72 78 -1 0 13 0.00 M M 6.7 14 50 M M 1 16 200
4 85 73 79 0 0 14 0.00 M M 7.7 16 190 M M 2 19 190
5 85 72 79 0 0 14 0.00 M M 8.4 18 140 M M 2 21 190
6 85 73 79 0 0 14 0.00 M M 7.4 18 30 M M 3 23 20
7 86 72 79 0 0 14 0.00 M M 7.0 15 190 M M 4 20 190
8 86 70 78 -1 0 13 0.00 M M 6.4 13 190 M M 4 17 190
9 86 73 80 1 0 15 0.00 M M 6.7 13 290 M M 4 17 290
10 86 72 79 0 0 14 0.00 M M 7.8 17 320 M M 2 21 320
11 84 72 78 -1 0 13 0.00 M M 5.9 12 240 M M 5 13 250
12 84 76 80 1 0 15 0.00 M M 6.0 14 230 M M 6 17 220
13 87 73 80 1 0 15 0.00 M M 8.6 15 20 M M 3 21 360
14 84 78 81 3 0 16 0.00 M M 9.2 18 360 M M 7 21 360
15 86 77 82 4 0 17 T M M 8.8 16 190 M M 6 20 190
16 86 73 80 2 0 15 0.00 M M 8.9 15 160 M M 3 18 160
17 86 77 82 4 0 17 0.00 M M 6.8 12 340 M M 4 14 340
18 86 75 81 3 0 16 0.00 M M 8.0 17 200 M M 4 20 190
19 87 74 81 3 0 16 0.00 M M 7.1 15 210 M M 6 20 360
20 86 73 80 2 0 15 0.02 M M 6.2 14 190 M M 4 17 190
21 86 72 79 1 0 14 0.00 M M 7.1 18 20 M M 3 21 20
22 85 72 79 1 0 14 0.00 M M 6.4 12 260 M M 4 14 260
23 85 71 78 0 0 13 0.00 M M 6.6 14 200 M M 3 18 200
24 85 73 79 1 0 14 T M M 7.1 13 130 M M 3 16 130
25 84 70 77 -1 0 12 0.00 M M 6.9 15 30 M M 2 18 40
26 86 72 79 1 0 14 0.00 M M 7.5 20 190 M M 4 23 190
27 84 72 78 0 0 13 T M M 6.5 12 270 M M 3 16 110
28 84 71 78 1 0 13 0.00 M M 9.1 29 50 M M 4 35 50
29 84 72 78 1 0 13 0.11 M M 12.6 35 150 M M 3 44 140
30 86 69 78 1 0 13 0.00 M M 7.0 15 330 M M 3 19 330
================================================================================
SM 2555 2178 0 422 0.13 M 223.3 M 107
================================================================================
AV 85.2 72.6 7.4 FASTST M M 4 MAX(MPH)
MISC ----> 35 150 44 140
================================================================================
NOTES:
# LAST OF SEVERAL OCCURRENCES
COLUMN 17 PEAK WIND IN M.P.H.
PRELIMINARY LOCAL CLIMATOLOGICAL DATA (WS FORM: F-6) , PAGE 2
STATION: KONA HI
MONTH: NOVEMBER
YEAR: 2021
LATITUDE: 19 38 N
LONGITUDE: 156 0 W
[TEMPERATURE DATA] [PRECIPITATION DATA] SYMBOLS USED IN COLUMN 16
AVERAGE MONTHLY: 78.9 TOTAL FOR MONTH: 0.13 1 = FOG OR MIST
DPTR FM NORMAL: 0.5 DPTR FM NORMAL: -0.70 2 = FOG REDUCING VISIBILITY
HIGHEST: 87 ON 19,13 GRTST 24HR 0.11 ON 29-29 TO 1/4 MILE OR LESS
LOWEST: 68 ON 1 3 = THUNDER
SNOW, ICE PELLETS, HAIL 4 = ICE PELLETS
TOTAL MONTH: M 5 = HAIL
GRTST 24HR M ON M 6 = FREEZING RAIN OR DRIZZLE
GRTST DEPTH: M ON M 7 = DUSTSTORM OR SANDSTORM:
VSBY 1/2 MILE OR LESS
8 = SMOKE OR HAZE
[NO. OF DAYS WITH] [WEATHER - DAYS WITH] 9 = BLOWING SNOW
X = TORNADO
MAX 32 OR BELOW: 0 0.01 INCH OR MORE: 2
MAX 90 OR ABOVE: 0 0.10 INCH OR MORE: 1
MIN 32 OR BELOW: 0 0.50 INCH OR MORE: 0
MIN 0 OR BELOW: 0 1.00 INCH OR MORE: 0
[HDD (BASE 65) ]
TOTAL THIS MO. 0 CLEAR (SCALE 0-3) 10
DPTR FM NORMAL 0 PTCLDY (SCALE 4-7) 20
TOTAL FM JUL 1 0 CLOUDY (SCALE 8-10) 0
DPTR FM NORMAL 0
[CDD (BASE 65) ]
TOTAL THIS MO. 422
DPTR FM NORMAL 20 [PRESSURE DATA]
TOTAL FM JAN 1 4663 HIGHEST SLP 30.08 ON 7
DPTR FM NORMAL 170 LOWEST SLP 29.82 ON 29
[REMARKS]
#FINAL-11-21#