000
CXUS55 KPUB 092058
CF6LAA
PRELIMINARY LOCAL CLIMATOLOGICAL DATA (WS FORM: F-6)
STATION: LAMAR CO
MONTH: NOVEMBER
YEAR: 2021
LATITUDE: 38 4 N
LONGITUDE: 102 41 W
TEMPERATURE IN F: :PCPN: SNOW: WIND :SUNSHINE: SKY :PK WND
================================================================================
1 2 3 4 5 6A 6B 7 8 9 10 11 12 13 14 15 16 17 18
12Z AVG MX 2MIN
DY MAX MIN AVG DEP HDD CDD WTR SNW DPTH SPD SPD DIR MIN PSBL S-S WX SPD DR
================================================================================
1 53 26 40 -7 25 0 0.01 M M 8.9 17 70 M M 2 23 80
2 47 31 39 -7 26 0 T M M 9.2 17 150 M M 10 22 170
3 63 22 43 -3 22 0 0.00 M M 4.3 10 210 M M 2 12 13 10
4 70 18 44 -2 21 0 0.00 M M 2.8 13 150 M M 0 16 250
5 76 26 51 6 14 0 0.00 M M 5.6 14 90 M M 0 19 110
6 83 24 54 9 11 0 0.00 M M 8.1 17 160 M M 0 23 170
7 85 34 60 16 5 0 0.00 M M 7.6 15 150 M M 0 19 160
8 62 30 46 2 19 0 0.00 M M 7.8 18 20 M M 0 27 360
9 60 25 43 -1 22 0 0.00 M M 6.6 16 110 M M 3 21 110
10 67 22 45 2 20 0 0.00 M M 10.0 31 340 M M 1 40 360
11 60 20 40 -3 25 0 0.00 M M 6.3 26 40 M M 1 37 20
12 53 22 38 -5 27 0 0.00 M M 7.5 22 300 M M 1 31 20
13 71 20 46 4 19 0 0.00 M M 6.2 22 40 M M 0 30 50
14 66 24 45 3 20 0 0.00 M M 7.6 20 50 M M 0 28 50
15 80 29 55 13 10 0 0.00 M M 5.3 12 230 M M 0 14 240
16 66 34 50 9 15 0 0.00 M M M M M M M 0 8 M M
17 M 13 M M M M 0.00 M M 8.8 22 20 M M 1 28 40
18 58 5 32 -8 33 0 0.00 M M 6.8 20 180 M M 0 27 180
19 68 21 45 5 20 0 0.00 M M 5.7 15 90 M M 0 21 80
20 58 22 40 1 25 0 T M M 5.8 20 360 M M 2 26 10
21 58 25 42 3 23 0 T M M 6.8 18 10 M M 2 24 360
22 65 M M M M M 0.00 M M M M M M M M M M
23 78 M M M M M 0.00 M M 8.1 17 260 M M 0 23 250
24 59 26 43 5 22 0 0.00 M M 14.7 32 10 M M 5 46 20
25 54 15 35 -2 30 0 0.00 M M 7.1 15 270 M M 0 22 240
26 70 22 46 9 19 0 0.00 M M 6.1 13 280 M M 0 16 280
27 62 23 43 7 22 0 0.00 M M 7.0 18 40 M M 0 24 50
28 64 17 41 5 24 0 0.00 M M 4.8 15 280 M M 0 19 290
29 75 26 51 15 14 0 0.00 M M 6.3 15 260 M M 0 19 250
30 62 24 43 8 22 0 0.00 M M 5.7 18 60 M M 0 23 70
================================================================================
SM 1828 646 555 0 0.01 M 197.5 M 30
================================================================================
AV 65.3 23.1 7.1 FASTST M M 1 MAX(MPH)
MISC ----> 32 10 46 20
================================================================================
NOTES:
COLUMNS 2&3. LOW TEMPERATURE ON 11/16 WAS TAKEN FROM THE DAILY CLIMATE PAGE
BEFORE THE ASOS FAILED AND VERIFIED WITH 5 MIN OBS. USED BACKUP COOP STATION
(05-4770) HIGH TEMPERATURE REPORTED ON 11/17 TO SUPPLEMENT THE HIGH. ON 11/22
USED COOP HIGH FROM 11/23 TO SUPPLEMENT HIGH TEMPERATURE. COOP OBS NOT USED TO
SUPPLEMENT HIGH ON 11/17 DUE TO PRE-DAWN HIGH OCCURING FOLLOWING A COLD FRONTAL
PASSAGE. WAS UNABLE TO VERIFY CALENDAR DAY LOWS ON 11/22 AND 11/23 WITH THE
BACKUP OBSERVER.
COLUMN 7. USED BACKUP COOP OBS TO SUPPLEMENT PRECIPITATION ON 11/17 AND 11/22.
COLUMN 17 PEAK WIND IN M.P.H.
PRELIMINARY LOCAL CLIMATOLOGICAL DATA (WS FORM: F-6) , PAGE 2
STATION: LAMAR CO
MONTH: NOVEMBER
YEAR: 2021
LATITUDE: 38 4 N
LONGITUDE: 102 41 W
[TEMPERATURE DATA] [PRECIPITATION DATA] SYMBOLS USED IN COLUMN 16
AVERAGE MONTHLY: 44.2 TOTAL FOR MONTH: 0.01 1 = FOG OR MIST
DPTR FM NORMAL: 3.1 DPTR FM NORMAL: -0.37 2 = FOG REDUCING VISIBILITY
HIGHEST: 85 ON 7 GRTST 24HR 0.01 ON 1- 1 TO 1/4 MILE OR LESS
LOWEST: 5 ON 18 3 = THUNDER
SNOW, ICE PELLETS, HAIL 4 = ICE PELLETS
TOTAL MONTH: M 5 = HAIL
GRTST 24HR M ON M 6 = FREEZING RAIN OR DRIZZLE
GRTST DEPTH: M ON M 7 = DUSTSTORM OR SANDSTORM:
VSBY 1/2 MILE OR LESS
8 = SMOKE OR HAZE
[NO. OF DAYS WITH] [WEATHER - DAYS WITH] 9 = BLOWING SNOW
X = TORNADO
MAX 32 OR BELOW: 0 0.01 INCH OR MORE: 1
MAX 90 OR ABOVE: 0 0.10 INCH OR MORE: 0
MIN 32 OR BELOW: 26 0.50 INCH OR MORE: 0
MIN 0 OR BELOW: 0 1.00 INCH OR MORE: 0
[HDD (BASE 65) ]
TOTAL THIS MO. 555 CLEAR (SCALE 0-3) 27
DPTR FM NORMAL -161 PTCLDY (SCALE 4-7) 1
TOTAL FM JUL 1 877 CLOUDY (SCALE 8-10) 2
DPTR FM NORMAL -267
[CDD (BASE 65) ]
TOTAL THIS MO. 0
DPTR FM NORMAL 0 [PRESSURE DATA]
TOTAL FM JAN 1 1411 HIGHEST SLP 30.62 ON 18
DPTR FM NORMAL 96 LOWEST SLP 29.51 ON 24
[REMARKS]
#FINAL-11-21#