000
CXUS52 KTAE 010800
CF6MAI
PRELIMINARY LOCAL CLIMATOLOGICAL DATA (WS FORM: F-6)
STATION: MARIANNA
MONTH: MAY
YEAR: 2022
LATITUDE: 30 50 N
LONGITUDE: 85 11 W
TEMPERATURE IN F: :PCPN: SNOW: WIND :SUNSHINE: SKY :PK WND
================================================================================
1 2 3 4 5 6A 6B 7 8 9 10 11 12 13 14 15 16 17 18
12Z AVG MX 2MIN
DY MAX MIN AVG DEP HDD CDD WTR SNW DPTH SPD SPD DIR MIN PSBL S-S WX SPD DR
================================================================================
1 85 64 75 3 0 10 T M M 4.6 13 160 M M 4 13 18 140
2 87 65 76 4 0 11 0.00 0.0 0 3.7 13 250 M M 4 12 15 250
3 89 64 77 5 0 12 0.00 0.0 M 5.8 15 240 M M 1 12 20 290
4 88 67 78 5 0 13 0.00 0.0 0 2.8 10 280 M M 4 12 16 300
5 91 68 80 7 0 15 0.00 0.0 0 M 3 290 M M 0 1 4 310
6 82 71 77 4 0 12 0.52 0.0 0 M M M M M 0 3 M M
7 83 65 74 0 0 9 0.52 0.0 0 M M M M M 0 M M
8 84 59 72 -2 0 7 0.00 0.0 0 M M M M M 0 M M
9 79 62 71 -3 0 6 0.00 0.0 0 M M M M M 0 M M
10 83 57 70 -4 0 5 0.00 0.0 M M M M M M 0 M M
11 86 51 69 -6 0 4 0.00 0.0 M M M M M M 0 M M
12 88 59 74 -1 0 9 0.00 0.0 M M M M M M 0 M M
13 84 66 75 0 0 10 0.00 0.0 M M M M M M 0 M M
14 88 64 76 0 0 11 0.00 0.0 M M M M M M 0 M M
15 85 66 76 0 0 11 0.06 0.0 0 M M M M M 0 3 M M
16 89 67 78 2 0 13 0.05 0.0 0 M M M M M 0 M M
17 90 69 80 4 0 15 0.00 0.0 0 M M M M M 0 M M
18 93 67 80 3 0 15 0.00 0.0 0 M M M M M 0 M M
19 92 72 82 5 0 17 0.00 0.0 0 M M M M M 0 M M
20 91 71 81 4 0 16 0.11 0.0 0 M M M M M 0 3 M M
21 85 74 80 3 0 15 0.04 0.0 0 M 24 M M M 0 3 30 195
22 84 68 76 -2 0 11 0.11 0.0 0 M M M M M 0 3 M M
23 85 70 78 0 0 13 2.80 0.0 0 M M M M M 0 3 39 M
24 85 70 78 0 0 13 0.00 0.0 M M M M M M 0 3 M M
25 80 70 75 -3 0 10 2.21 M M M M M M M 0 3 M M
26 74 68 71 -7 0 6 1.11 0.0 M M M M M M 0 3 M M
27 87 67 77 -2 0 12 0.88 0.0 0 M M M M M 0 M M
28 86 64 75 -4 0 10 0.00 0.0 0 M M M M M 0 M M
29 90 65 78 -1 0 13 0.00 0.0 0 M M M M M 0 M M
30 91 69 80 1 0 15 0.00 0.0 0 M M M M M 0 3 M M
31 91 71 81 2 0 16 0.00 0.0 0 M M M M M 0 M M
================================================================================
SM 2675 2050 0 355 8.41 0.0 16.9 M 13
================================================================================
AV 86.3 66.1 4.2 FASTST M M 0 MAX(MPH)
MISC ----> 24 9999 39 9999
================================================================================
NOTES:
# LAST OF SEVERAL OCCURRENCES
COLUMN 17 PEAK WIND IN M.P.H.
PRELIMINARY LOCAL CLIMATOLOGICAL DATA (WS FORM: F-6) , PAGE 2
STATION: MARIANNA
MONTH: MAY
YEAR: 2022
LATITUDE: 30 50 N
LONGITUDE: 85 11 W
[TEMPERATURE DATA] [PRECIPITATION DATA] SYMBOLS USED IN COLUMN 16
AVERAGE MONTHLY: 76.2 TOTAL FOR MONTH: 8.41 1 = FOG OR MIST
DPTR FM NORMAL: 0.3 DPTR FM NORMAL: 5.26 2 = FOG REDUCING VISIBILITY
HIGHEST: 93 ON 18 GRTST 24HR 2.80 ON 23-23 TO 1/4 MILE OR LESS
LOWEST: 51 ON 11 3 = THUNDER
SNOW, ICE PELLETS, HAIL 4 = ICE PELLETS
TOTAL MONTH: 0.0 INCH 5 = HAIL
GRTST 24HR 0.0 6 = FREEZING RAIN OR DRIZZLE
GRTST DEPTH: 0 7 = DUSTSTORM OR SANDSTORM:
VSBY 1/2 MILE OR LESS
8 = SMOKE OR HAZE
[NO. OF DAYS WITH] [WEATHER - DAYS WITH] 9 = BLOWING SNOW
X = TORNADO
MAX 32 OR BELOW: 0 0.01 INCH OR MORE: 11
MAX 90 OR ABOVE: 8 0.10 INCH OR MORE: 8
MIN 32 OR BELOW: 0 0.50 INCH OR MORE: 6
MIN 0 OR BELOW: 0 1.00 INCH OR MORE: 3
[HDD (BASE 65) ]
TOTAL THIS MO. 0 CLEAR (SCALE 0-3) 28
DPTR FM NORMAL -2 PTCLDY (SCALE 4-7) 3
TOTAL FM JUL 1 1345 CLOUDY (SCALE 8-10) 0
DPTR FM NORMAL -173
[CDD (BASE 65) ]
TOTAL THIS MO. 355
DPTR FM NORMAL 16 [PRESSURE DATA]
TOTAL FM JAN 1 561 HIGHEST SLP M ON M
DPTR FM NORMAL 17 LOWEST SLP 29.97 ON 3
[REMARKS]
#FINAL-05-22#