000
CXUS53 KEAX 010736
CF6MCI
PRELIMINARY LOCAL CLIMATOLOGICAL DATA (WS FORM: F-6)
STATION: KANSAS CITY INTERNATIONAL MO
MONTH: APRIL
YEAR: 2023
LATITUDE: 39 19 N
LONGITUDE: 94 43 W
TEMPERATURE IN F: :PCPN: SNOW: WIND :SUNSHINE: SKY :PK WND
================================================================================
1 2 3 4 5 6A 6B 7 8 9 10 11 12 13 14 15 16 17 18
12Z AVG MX 2MIN
DY MAX MIN AVG DEP HDD CDD WTR SNW DPTH SPD SPD DIR MIN PSBL S-S WX SPD DR
================================================================================
1 59 34 47 -3 18 0 0.00 0.0 0 13.0 35 290 M M 3 52 300
2 77 39 58 8 7 0 0.00 0.0 0 13.4 31 200 M M 3 41 200
3 71 51 61 10 4 0 0.00 0.0 0 11.2 21 50 M M 5 26 60
4 85 43 64 13 1 0 0.10 0.0 0 19.3 35 190 M M 7 138 49 200
5 52 33 43 -9 22 0 0.02 0.0 0 12.1 23 300 M M 4 3 32 300
6 59 27 43 -9 22 0 0.00 0.0 0 6.2 12 350 M M 2 19 270
7 65 34 50 -2 15 0 0.00 0.0 0 9.8 16 170 M M 1 23 160
8 68 40 54 2 11 0 0.00 0.0 0 10.9 20 150 M M 2 28 190
9 73 46 60 7 5 0 0.00 0.0 0 11.6 20 190 M M 6 26 170
10 69 52 61 8 4 0 0.25 0.0 0 10.5 22 140 M M 6 13 28 140
11 77 46 62 9 3 0 0.00 0.0 0 9.7 23 200 M M 1 1 31 200
12 78 57 68 14 0 3 0.00 0.0 0 15.4 26 220 M M 1 8 34 220
13 80 56 68 14 0 3 0.00 0.0 0 14.7 25 190 M M 3 8 34 210
14 81 54 68 14 0 3 T 0.0 0 15.1 33 270 M M 6 3 48 280
15 64 41 53 -1 12 0 0.43 0.0 0 13.0 41 300 M M 9 13 57 300
16 58 38 48 -7 17 0 0.00 0.0 0 15.7 28 290 M M 6 45 290
17 68 35 52 -3 13 0 0.00 0.0 0 8.1 16 80 M M 0 20 80
18 80 51 66 11 0 1 0.00 0.0 0 14.9 31 180 M M 5 42 200
19 79 58 69 13 0 4 1.42 0.0 0 21.9 32 190 M M 9 1358 47 180
20 68 41 55 -1 10 0 0.52 0.0 0 13.0 28 290 M M 7 13 46 280
21 57 40 49 -7 16 0 0.00 0.0 0 10.6 22 310 M M 3 36 280
22 48 33 41 -15 24 0 0.00 0.0 0 10.8 22 300 M M 5 36 290
23 57 31 44 -13 21 0 0.00 0.0 0 6.7 16 360 M M 1 26 350
24 67 34 51 -6 14 0 0.00 0.0 0 10.2 21 210 M M 7 27 200
25 67 42 55 -2 10 0 0.00 0.0 0 5.9 16 130 M M 5 19 140
26 65 46 56 -2 9 0 0.00 0.0 0 10.7 17 90 M M 8 8 23 90
27 67 51 59 1 6 0 0.00 0.0 0 6.4 15 130 M M 9 22 90
28 65 51 58 0 7 0 0.03 0.0 0 7.2 16 290 M M 10 18 23 270
29 74 44 59 0 6 0 0.00 0.0 0 10.1 37 360 M M 3 8 51 360
30 60 42 51 -8 14 0 0.00 0.0 0 14.0 30 320 M M 3 43 310
================================================================================
SM 2038 1290 291 14 2.77 0.0 352.1 M 140
================================================================================
AV 67.9 43.0 11.7 FASTST M M 5 MAX(MPH)
MISC ----> 41 300 57 300
================================================================================
NOTES:
# LAST OF SEVERAL OCCURRENCES
COLUMN 17 PEAK WIND IN M.P.H.
PRELIMINARY LOCAL CLIMATOLOGICAL DATA (WS FORM: F-6) , PAGE 2
STATION: KANSAS CITY INTERNATIONAL MO
MONTH: APRIL
YEAR: 2023
LATITUDE: 39 19 N
LONGITUDE: 94 43 W
[TEMPERATURE DATA] [PRECIPITATION DATA] SYMBOLS USED IN COLUMN 16
AVERAGE MONTHLY: 55.5 TOTAL FOR MONTH: 2.77 1 = FOG OR MIST
DPTR FM NORMAL: 0.9 DPTR FM NORMAL: -1.28 2 = FOG REDUCING VISIBILITY
HIGHEST: 85 ON 4 GRTST 24HR 1.94 ON 19-20 TO 1/4 MILE OR LESS
LOWEST: 27 ON 6 3 = THUNDER
SNOW, ICE PELLETS, HAIL 4 = ICE PELLETS
TOTAL MONTH: 0.0 INCH 5 = HAIL
GRTST 24HR 0.0 6 = FREEZING RAIN OR DRIZZLE
GRTST DEPTH: 0 7 = DUSTSTORM OR SANDSTORM:
VSBY 1/2 MILE OR LESS
8 = SMOKE OR HAZE
[NO. OF DAYS WITH] [WEATHER - DAYS WITH] 9 = BLOWING SNOW
X = TORNADO
MAX 32 OR BELOW: 0 0.01 INCH OR MORE: 7
MAX 90 OR ABOVE: 0 0.10 INCH OR MORE: 5
MIN 32 OR BELOW: 2 0.50 INCH OR MORE: 2
MIN 0 OR BELOW: 0 1.00 INCH OR MORE: 1
[HDD (BASE 65) ]
TOTAL THIS MO. 291 CLEAR (SCALE 0-3) 13
DPTR FM NORMAL -39 PTCLDY (SCALE 4-7) 12
TOTAL FM JUL 1 4506 CLOUDY (SCALE 8-10) 5
DPTR FM NORMAL -449
[CDD (BASE 65) ]
TOTAL THIS MO. 14
DPTR FM NORMAL -4 [PRESSURE DATA]
TOTAL FM JAN 1 14 HIGHEST SLP M ON M
DPTR FM NORMAL -8 LOWEST SLP 29.28 ON 4
[REMARKS]
#FINAL-04-23#