000
CXHW50 PHFO 011250
CF6NGF
PRELIMINARY LOCAL CLIMATOLOGICAL DATA (WS FORM: F-6)
STATION: KANEOHE BAY MCAS HI
MONTH: JULY
YEAR: 2022
LATITUDE: 21 25 N
LONGITUDE: 157 46 W
TEMPERATURE IN F: :PCPN: SNOW: WIND :SUNSHINE: SKY :PK WND
================================================================================
1 2 3 4 5 6A 6B 7 8 9 10 11 12 13 14 15 16 17 18
12Z AVG MX 2MIN
DY MAX MIN AVG DEP HDD CDD WTR SNW DPTH SPD SPD DIR MIN PSBL S-S WX SPD DR
================================================================================
1 84 78 81 2 0 16 0.02 M M 11.9 17 50 M M 8 23 60
2 83 77 80 1 0 15 0.01 M M 12.0 15 60 M M 7 20 70
3 81 75 78 -1 0 13 0.23 M M 11.6 16 80 M M 9 18 25 80
4 83 77 80 1 0 15 0.00 M M 12.6 17 70 M M 6 8 26 80
5 83 73 78 -1 0 13 0.05 M M 11.8 15 70 M M 6 18 22 70
6 84 76 80 1 0 15 0.01 M M 10.0 13 50 M M 5 17 80
7 79 75 77 -2 0 12 0.07 M M 10.6 17 50 M M 7 18 24 80
8 80 76 78 -1 0 13 T M M 11.3 16 70 M M 8 21 60
9 84 75 80 1 0 15 0.03 M M 10.3 13 70 M M 8 21 70
10 80 76 78 -1 0 13 0.01 M M 10.5 16 70 M M 4 8 22 70
11 83 74 79 0 0 14 0.05 M M 11.0 14 60 M M 7 18 24 80
12 82 74 78 -1 0 13 0.02 M M 11.0 15 70 M M 8 25 70
13 82 76 79 0 0 14 0.04 M M 10.8 14 90 M M 7 22 80
14 82 74 78 -1 0 13 0.05 M M 11.2 15 60 M M 7 1 21 70
15 83 76 80 1 0 15 T M M 10.7 15 80 M M 7 20 80
16 84 75 80 1 0 15 0.04 M M 11.5 18 70 M M 8 1 26 80
17 80 75 78 -1 0 13 0.01 M M 9.9 13 80 M M 10 1 22 80
18 83 73 78 -1 0 13 0.03 M M 11.2 15 60 M M 8 18 25 80
19 84 77 81 2 0 16 0.01 M M 11.4 15 50 M M 4 19 80
20 84 77 81 2 0 16 0.09 M M 11.3 16 70 M M 3 23 70
21 85 75 80 1 0 15 0.02 M M 10.4 14 60 M M 7 8 19 90
22 84 77 81 2 0 16 0.00 M M 10.5 13 60 M M 5 20 80
23 83 77 80 1 0 15 T M M 10.2 12 60 M M 5 18 80
24 84 77 81 2 0 16 0.00 M M 10.0 15 60 M M 4 20 60
25 84 74 79 0 0 14 0.03 M M 9.9 15 60 M M 6 19 70
26 83 77 80 1 0 15 0.02 M M 11.5 15 60 M M 7 25 60
27 84 77 81 2 0 16 0.00 M M 9.1 12 70 M M 3 15 80
28 83 76 80 0 0 15 T M M 6.5 11 40 M M 4 M M
29 84 77 81 1 0 16 T M M 7.0 10 60 M M 4 M M
30 84 78 81 1 0 16 T M M 9.4 14 70 M M 7 20 60
31 85 78 82 2 0 17 T M M 11.0 15 70 M M 3 21 50
================================================================================
SM 2571 2352 0 453 0.84 M 328.1 M 192
================================================================================
AV 82.9 75.9 10.6 FASTST M M 6 MAX(MPH)
MISC ----> 18 70 26 80
================================================================================
NOTES:
# LAST OF SEVERAL OCCURRENCES
COLUMN 17 PEAK WIND IN M.P.H.
PRELIMINARY LOCAL CLIMATOLOGICAL DATA (WS FORM: F-6) , PAGE 2
STATION: KANEOHE BAY MCAS HI
MONTH: JULY
YEAR: 2022
LATITUDE: 21 25 N
LONGITUDE: 157 46 W
[TEMPERATURE DATA] [PRECIPITATION DATA] SYMBOLS USED IN COLUMN 16
AVERAGE MONTHLY: 79.4 TOTAL FOR MONTH: 0.84 1 = FOG OR MIST
DPTR FM NORMAL: 0.3 DPTR FM NORMAL: -0.47 2 = FOG REDUCING VISIBILITY
HIGHEST: 85 ON 31,21 GRTST 24HR 0.23 ON 3- 3 TO 1/4 MILE OR LESS
LOWEST: 73 ON 18, 5 3 = THUNDER
SNOW, ICE PELLETS, HAIL 4 = ICE PELLETS
TOTAL MONTH: M 5 = HAIL
GRTST 24HR M ON M 6 = FREEZING RAIN OR DRIZZLE
GRTST DEPTH: M ON M 7 = DUSTSTORM OR SANDSTORM:
VSBY 1/2 MILE OR LESS
8 = SMOKE OR HAZE
[NO. OF DAYS WITH] [WEATHER - DAYS WITH] 9 = BLOWING SNOW
X = TORNADO
MAX 32 OR BELOW: 0 0.01 INCH OR MORE: 20
MAX 90 OR ABOVE: 0 0.10 INCH OR MORE: 1
MIN 32 OR BELOW: 0 0.50 INCH OR MORE: 0
MIN 0 OR BELOW: 0 1.00 INCH OR MORE: 0
[HDD (BASE 65) ]
TOTAL THIS MO. 0 CLEAR (SCALE 0-3) 2
DPTR FM NORMAL 0 PTCLDY (SCALE 4-7) 24
TOTAL FM JUL 1 0 CLOUDY (SCALE 8-10) 5
DPTR FM NORMAL 0
[CDD (BASE 65) ]
TOTAL THIS MO. 453
DPTR FM NORMAL 16 [PRESSURE DATA]
TOTAL FM JAN 1 2514 HIGHEST SLP M ON M
DPTR FM NORMAL 264 LOWEST SLP 29.98 ON 26
[REMARKS]
#FINAL-07-22#