000
CXUS55 KPIH 012143
CF6PIH
PRELIMINARY LOCAL CLIMATOLOGICAL DATA (WS FORM: F-6)
STATION: POCATELLO ID
MONTH: NOVEMBER
YEAR: 2020
LATITUDE: 42 55 N
LONGITUDE: 112 36 W
TEMPERATURE IN F: :PCPN: SNOW: WIND :SUNSHINE: SKY :PK WND
================================================================================
1 2 3 4 5 6A 6B 7 8 9 10 11 12 13 14 15 16 17 18
12Z AVG MX 2MIN
DY MAX MIN AVG DEP HDD CDD WTR SNW DPTH SPD SPD DIR MIN PSBL S-S WX SPD DR
================================================================================
1 64 17 41 0 24 0 0.00 0.0 0 3.3 10 60 M M 0 14 50
2 69 21 45 5 20 0 0.00 0.0 0 2.5 9 350 M M 0 13 40
3 72 22 47 7 18 0 0.00 0.0 0 1.8 8 290 M M 0 8 11 50
4 70 28 49 9 16 0 0.00 0.0 0 7.9 22 250 M M 0 27 240
5 72 29 51 12 14 0 0.00 0.0 0 6.7 22 180 M M 0 30 190
6 70 48 59 20 6 0 0.00 0.0 0 15.6 31 170 M M 1 43 170
7 68 32 50 12 15 0 0.15 0.0 0 10.2 39 170 M M 4 178 53 170
8 41 22 32 -6 33 0 0.08 0.2 T 10.9 24 250 M M 9 18 31 240
9 31 24 28 -9 37 0 0.01 T 0 9.0 23 230 M M 10 28 230
10 33 25 29 -8 36 0 0.04 0.7 0 12.8 22 230 M M 10 18 31 230
11 34 25 30 -6 35 0 0.09 0.9 T 16.9 28 240 M M 8 1 36 240
12 36 18 27 -9 38 0 0.00 0.0 T 9.0 18 180 M M 3 25 190
13 41 18 30 -6 35 0 0.24 0.2 T 17.2 37 240 M M 6 13 50 180
14 36 29 33 -2 32 0 0.00 0.0 0 25.5 40 260 M M 4 53 250
15 41 32 37 3 28 0 0.04 T 0 15.5 24 210 M M 10 38 200
16 58 28 43 9 22 0 0.01 0.0 0 5.4 18 220 M M 5 1 25 210
17 62 22 42 8 23 0 0.00 0.0 0 14.4 35 170 M M 0 1 48 170
18 61 36 49 16 16 0 0.14 0.0 0 9.3 30 220 M M 5 1 44 170
19 45 31 38 5 27 0 0.01 0.0 0 13.5 26 240 M M 6 35 250
20 42 20 31 -1 34 0 0.00 0.0 0 4.9 10 50 M M 0 1 13 50
21 38 13 26 -6 39 0 0.00 0.0 0 3.1 9 230 M M 1 1 11 240
22 40 8 24 -7 41 0 0.00 0.0 0 3.9 13 60 M M 0 16 50
23 38 15 27 -4 38 0 0.00 0.0 0 6.9 22 240 M M 5 27 240
24 35 24 30 0 35 0 0.00 0.0 0 7.3 17 230 M M 7 20 240
25 45 25 35 5 30 0 0.01 0.1 0 13.0 28 230 M M 5 1 36 230
26 31 23 27 -2 38 0 0.03 0.5 1 11.2 21 240 M M 8 1 26 240
27 31 18 25 -4 40 0 0.00 0.0 T 3.5 9 240 M M 8 12 230
28 36 15 26 -3 39 0 0.00 0.0 0 4.6 10 30 M M 4 12 16 60
29 36 9 23 -5 42 0 0.00 0.0 0 2.9 9 40 M M 3 128 12 30
30 49 7 28 0 37 0 0.00 0.0 0 10.3 28 220 M M 3 37 220
================================================================================
SM 1425 684 888 0 0.85 2.6 279.0 M 125
================================================================================
AV 47.5 22.8 9.3 FASTST M M 4 MAX(MPH)
MISC ----> # 40 260 # 53 170
================================================================================
NOTES:
# LAST OF SEVERAL OCCURRENCES
SNOWFALL/DEPTH ALWAYS AUGMENTED BY WFO POCATELLO
COLUMN 17 PEAK WIND IN M.P.H.
PRELIMINARY LOCAL CLIMATOLOGICAL DATA (WS FORM: F-6) , PAGE 2
STATION: POCATELLO ID
MONTH: NOVEMBER
YEAR: 2020
LATITUDE: 42 55 N
LONGITUDE: 112 36 W
[TEMPERATURE DATA] [PRECIPITATION DATA] SYMBOLS USED IN COLUMN 16
AVERAGE MONTHLY: 35.2 TOTAL FOR MONTH: 0.85 1 = FOG OR MIST
DPTR FM NORMAL: 0.9 DPTR FM NORMAL: -0.26 2 = FOG REDUCING VISIBILITY
HIGHEST: 72 ON 5, 3 GRTST 24HR 0.24 ON 13-13 TO 1/4 MILE OR LESS
LOWEST: 7 ON 30 3 = THUNDER
SNOW, ICE PELLETS, HAIL 4 = ICE PELLETS
TOTAL MONTH: 2.6 INCHES 5 = HAIL
GRTST 24HR 0.9 ON 11-11 6 = FREEZING RAIN OR DRIZZLE
GRTST DEPTH: 1 ON 26 7 = DUSTSTORM OR SANDSTORM:
VSBY 1/2 MILE OR LESS
8 = SMOKE OR HAZE
[NO. OF DAYS WITH] [WEATHER - DAYS WITH] 9 = BLOWING SNOW
X = TORNADO
MAX 32 OR BELOW: 3 0.01 INCH OR MORE: 12
MAX 90 OR ABOVE: 0 0.10 INCH OR MORE: 3
MIN 32 OR BELOW: 28 0.50 INCH OR MORE: 0
MIN 0 OR BELOW: 0 1.00 INCH OR MORE: 0
[HDD (BASE 65) ]
TOTAL THIS MO. 888 CLEAR (SCALE 0-3) 12
DPTR FM NORMAL -33 PTCLDY (SCALE 4-7) 13
TOTAL FM JUL 1 1587 CLOUDY (SCALE 8-10) 5
DPTR FM NORMAL -141
[CDD (BASE 65) ]
TOTAL THIS MO. 0
DPTR FM NORMAL 0 [PRESSURE DATA]
TOTAL FM JAN 1 494 HIGHEST SLP 30.68 ON 29
DPTR FM NORMAL 102 LOWEST SLP 29.20 ON 7
[REMARKS]
2ND: HIGH OF 69 BREAKS OLD RECORD OF 68 SET IN 1965.
3RD: HIGH OF 72 BREAKS OLD RECORD OF 68 SET IN 1939.
4TH: HIGH OF 70 BREAKS OLD RECORD OF 67 SET IN 2010.
5TH: HIGH OF 72 BREAKS OLD RECORD OF 71 SET IN 2009.
17TH: HIGH OF 62 BREAKS OLD RECORD OF 61 SET IN 1995.
#FINAL-11-20#