000
CXUS54 KTSA 010950
CF6RVS
PRELIMINARY LOCAL CLIMATOLOGICAL DATA (WS FORM: F-6)
STATION: TULSA-RIVERSIDE OKLAHOMA
MONTH: FEBRUARY
YEAR: 2023
LATITUDE: 36 2 N
LONGITUDE: 95 59 W
TEMPERATURE IN F: :PCPN: SNOW: WIND :SUNSHINE: SKY :PK WND
================================================================================
1 2 3 4 5 6A 6B 7 8 9 10 11 12 13 14 15 16 17 18
12Z AVG MX 2MIN
DY MAX MIN AVG DEP HDD CDD WTR SNW DPTH SPD SPD DIR MIN PSBL S-S WX SPD DR
================================================================================
1 31 18 25 -15 40 0 0.00 0.0 M 0.8 7 40 M M 1 11 30
2 46 23 35 -5 30 0 T 0.0 M 1.0 13 10 M M 6 20 10
3 46 22 34 -7 31 0 0.00 0.0 M 5.7 13 10 M M 0 21 10
4 58 29 44 3 21 0 0.00 0.0 M 10.7 25 180 M M 0 37 190
5 64 27 46 5 19 0 0.00 0.0 M 1.0 8 120 M M 1 1 11 110
6 67 37 52 11 13 0 0.00 0.0 M 9.3 28 180 M M 4 42 180
7 61 41 51 10 14 0 1.12 0.0 M 6.8 16 10 M M 10 1 24 20
8 45 36 41 -1 24 0 1.01 0.0 M 7.7 16 260 M M 10 1 28 300
9 56 30 43 1 22 0 0.01 0.0 M 5.0 15 350 M M 4 1 27 270
10 43 27 35 -7 30 0 T 0.0 M 6.6 15 40 M M 6 27 340
11 54 24 39 -3 26 0 0.00 0.0 M 2.0 8 50 M M 0 13 10
12 67 25 46 4 19 0 0.00 0.0 M 6.1 20 200 M M 0 1 29 190
13 63 31 47 4 18 0 0.00 0.0 M 4.0 12 160 M M 0 18 150
14 67 45 56 13 9 0 0.54 0.0 M 12.1 32 210 M M 6 1 56 200
15 64 40 52 9 13 0 0.25 0.0 M 8.6 21 10 M M 2 13 32 20
16 40 30 35 -9 30 0 0.00 0.0 M 8.3 16 360 M M 9 33 350
17 50 23 37 -7 28 0 0.00 0.0 M 3.5 13 220 M M 1 20 350
18 52 26 39 -5 26 0 0.00 0.0 M 9.2 23 200 M M 1 33 190
19 68 40 54 10 11 0 0.00 0.0 M 7.9 17 180 M M 0 24 180
20 66 41 54 9 11 0 0.00 0.0 M 2.9 9 240 M M 0 14 210
21 73 38 56 11 9 0 0.00 0.0 M 5.8 20 170 M M 0 31 170
22 75 43 59 14 6 0 0.28 0.0 M 11.7 24 200 M M 4 1 36 200
23 43 26 35 -10 30 0 0.00 0.0 M 8.8 15 30 M M 0 28 310
24 38 26 32 -14 33 0 0.00 0.0 M 8.3 17 30 M M 7 26 30
25 47 34 41 -5 24 0 0.05 0.0 M 3.4 9 140 M M 10 3 13 140
26 65 44 55 9 10 0 0.16 0.0 M 8.8 29 200 M M 10 13 49 190
27 75 43 59 12 6 0 T 0.0 M 7.3 26 200 M M 2 8 42 210
28 78 37 58 11 7 0 0.00 0.0 M 5.9 21 220 M M 0 32 210
================================================================================
SM 1602 906 560 0 3.42 0.0 179.2 M 94
================================================================================
AV 57.2 32.4 6.4 FASTST M M 3 MAX(MPH)
MISC ----> 32 210 56 200
================================================================================
NOTES:
# LAST OF SEVERAL OCCURRENCES
COLUMN 17 PEAK WIND IN M.P.H.
PRELIMINARY LOCAL CLIMATOLOGICAL DATA (WS FORM: F-6) , PAGE 2
STATION: TULSA-RIVERSIDE OKLAHOMA
MONTH: FEBRUARY
YEAR: 2023
LATITUDE: 36 2 N
LONGITUDE: 95 59 W
[TEMPERATURE DATA] [PRECIPITATION DATA] SYMBOLS USED IN COLUMN 16
AVERAGE MONTHLY: 44.8 TOTAL FOR MONTH: 3.42 1 = FOG OR MIST
DPTR FM NORMAL: 1.5 DPTR FM NORMAL: 1.62 2 = FOG REDUCING VISIBILITY
HIGHEST: 78 ON 28 GRTST 24HR 1.49 ON 7- 8 TO 1/4 MILE OR LESS
LOWEST: 18 ON 1 3 = THUNDER
SNOW, ICE PELLETS, HAIL 4 = ICE PELLETS
TOTAL MONTH: 0.0 INCH 5 = HAIL
GRTST 24HR 0.0 6 = FREEZING RAIN OR DRIZZLE
GRTST DEPTH: M ON M 7 = DUSTSTORM OR SANDSTORM:
VSBY 1/2 MILE OR LESS
8 = SMOKE OR HAZE
[NO. OF DAYS WITH] [WEATHER - DAYS WITH] 9 = BLOWING SNOW
X = TORNADO
MAX 32 OR BELOW: 1 0.01 INCH OR MORE: 8
MAX 90 OR ABOVE: 0 0.10 INCH OR MORE: 6
MIN 32 OR BELOW: 15 0.50 INCH OR MORE: 3
MIN 0 OR BELOW: 0 1.00 INCH OR MORE: 2
[HDD (BASE 65) ]
TOTAL THIS MO. 560 CLEAR (SCALE 0-3) 16
DPTR FM NORMAL -50 PTCLDY (SCALE 4-7) 7
TOTAL FM JUL 1 2658 CLOUDY (SCALE 8-10) 5
DPTR FM NORMAL -104
[CDD (BASE 65) ]
TOTAL THIS MO. 0
DPTR FM NORMAL -2 [PRESSURE DATA]
TOTAL FM JAN 1 0 HIGHEST SLP 30.67 ON 3
DPTR FM NORMAL 0 LOWEST SLP 29.31 ON 14
[REMARKS]
#FINAL-02-23#