182
CXUS55 KBOI 011002
CF6TWF
PRELIMINARY LOCAL CLIMATOLOGICAL DATA (WS FORM: F-6)
STATION: TWIN FALLS ID
MONTH: FEBRUARY
YEAR: 2021
LATITUDE: 42 28 N
LONGITUDE: 114 29 W
TEMPERATURE IN F: :PCPN: SNOW: WIND :SUNSHINE: SKY :PK WND
================================================================================
1 2 3 4 5 6A 6B 7 8 9 10 11 12 13 14 15 16 17 18
12Z AVG MX 2MIN
DY MAX MIN AVG DEP HDD CDD WTR SNW DPTH SPD SPD DIR MIN PSBL S-S WX SPD DR
================================================================================
1 44 24 34 4 31 0 0.00 M M 7.3 14 160 M M 3 19 160
2 56 27 42 12 23 0 0.08 M M 10.7 23 270 M M 4 1 35 270
3 36 25 31 1 34 0 0.16 M M 12.7 29 280 M M 6 18 37 280
4 34 21 28 -3 37 0 0.00 M M 15.0 22 260 M M 3 30 260
5 43 32 38 7 27 0 0.00 M M 20.7 38 290 M M 6 55 290
6 48 32 40 9 25 0 0.00 M M 16.7 33 270 M M 2 43 260
7 44 28 36 5 29 0 0.00 M M 15.0 26 300 M M 0 33 300
8 39 26 33 2 32 0 0.00 M M 11.1 21 240 M M 0 32 240
9 44 24 34 3 31 0 0.00 M M 7.0 14 310 M M 7 17 310
10 47 26 37 5 28 0 0.00 M M 10.0 15 300 M M 0 21 330
11 43 28 36 4 29 0 0.14 M M 7.1 16 230 M M 8 12 24 240
12 36 30 33 1 32 0 0.06 M M 10.8 18 290 M M 10 12 25 290
13 34 23 29 -3 36 0 0.22 M M 14.5 32 270 M M 8 128 43 280
14 32 13 23 -9 42 0 T M M 7.5 24 260 M M 5 12 33 270
15 40 30 35 2 30 0 0.05 M M 14.8 24 270 M M 9 1 37 260
16 36 29 33 0 32 0 T M M 23.3 36 290 M M 6 1 52 290
17 34 23 29 -4 36 0 0.00 M M 20.6 30 290 M M 4 38 290
18 38 20 29 -5 36 0 0.01 M M 10.5 20 210 M M 3 1 29 200
19 45 28 37 3 28 0 0.09 M M 5.4 21 200 M M 8 12 31 200
20 40 29 35 1 30 0 T M M 18.4 32 290 M M 4 41 290
21 41 26 34 0 31 0 0.00 M M 16.4 26 270 M M 3 36 270
22 52 33 43 8 22 0 0.00 M M 11.9 20 210 M M 2 26 270
23 44 31 38 3 27 0 0.00 M M 19.4 28 300 M M 3 67 300
24 M M M M M M 0.00 M M M M M M M M M M
25 38 19 29 -7 36 0 T M M 11.0 28 250 M M 7 35 270
26 41 23 32 -4 33 0 0.03 M M 18.0 43 290 M M 6 128 60 290
27 36 20 28 -8 37 0 T M M 15.9 30 300 M M 6 8 36 280
28 39 18 29 -8 36 0 0.00 M M 12.7 21 260 M M 2 35 250
================================================================================
SM 1104 688 850 0 0.84 M 364.4 M 125
================================================================================
AV 40.9 25.5 13.5 FASTST M M 5 MAX(MPH)
MISC ----> 43 290 67 300
================================================================================
NOTES:
# LAST OF SEVERAL OCCURRENCES
COLUMN 17 PEAK WIND IN M.P.H.
PRELIMINARY LOCAL CLIMATOLOGICAL DATA (WS FORM: F-6) , PAGE 2
STATION: TWIN FALLS ID
MONTH: FEBRUARY
YEAR: 2021
LATITUDE: 42 28 N
LONGITUDE: 114 29 W
[TEMPERATURE DATA] [PRECIPITATION DATA] SYMBOLS USED IN COLUMN 16
AVERAGE MONTHLY: 33.2 TOTAL FOR MONTH: 0.84 1 = FOG OR MIST
DPTR FM NORMAL: 0.3 DPTR FM NORMAL: 0.03 2 = FOG REDUCING VISIBILITY
HIGHEST: 56 ON 2 GRTST 24HR 0.24 ON 2- 3 TO 1/4 MILE OR LESS
LOWEST: 13 ON 14 3 = THUNDER
SNOW, ICE PELLETS, HAIL 4 = ICE PELLETS
TOTAL MONTH: M 5 = HAIL
GRTST 24HR M ON M 6 = FREEZING RAIN OR DRIZZLE
GRTST DEPTH: M ON M 7 = DUSTSTORM OR SANDSTORM:
VSBY 1/2 MILE OR LESS
8 = SMOKE OR HAZE
[NO. OF DAYS WITH] [WEATHER - DAYS WITH] 9 = BLOWING SNOW
X = TORNADO
MAX 32 OR BELOW: 1 0.01 INCH OR MORE: 9
MAX 90 OR ABOVE: 0 0.10 INCH OR MORE: 3
MIN 32 OR BELOW: 26 0.50 INCH OR MORE: 0
MIN 0 OR BELOW: 0 1.00 INCH OR MORE: 0
[HDD (BASE 65) ]
TOTAL THIS MO. 850 CLEAR (SCALE 0-3) 10
DPTR FM NORMAL -49 PTCLDY (SCALE 4-7) 13
TOTAL FM JUL 1 4313 CLOUDY (SCALE 8-10) 5
DPTR FM NORMAL -254
[CDD (BASE 65) ]
TOTAL THIS MO. 0
DPTR FM NORMAL 0 [PRESSURE DATA]
TOTAL FM JAN 1 0 HIGHEST SLP 30.50 ON 24
DPTR FM NORMAL 0 LOWEST SLP 29.63 ON 15
[REMARKS]
#FINAL-02-21#