000
CXUS56 KLOX 011155
CF6WJF
PRELIMINARY LOCAL CLIMATOLOGICAL DATA (WS FORM: F-6)
STATION: LANCASTER FOX FIELD CA
MONTH: JULY
YEAR: 2023
LATITUDE: 34 43 N
LONGITUDE: 118 13 W
TEMPERATURE IN F: :PCPN: SNOW: WIND :SUNSHINE: SKY :PK WND
================================================================================
1 2 3 4 5 6A 6B 7 8 9 10 11 12 13 14 15 16 17 18
12Z AVG MX 2MIN
DY MAX MIN AVG DEP HDD CDD WTR SNW DPTH SPD SPD DIR MIN PSBL S-S WX SPD DR
================================================================================
1 107 66 87 7 0 22 0.00 M M 8.3 24 250 M M 0 39 230
2 107 76 92 11 0 27 0.00 M M 12.1 25 250 M M 0 30 250
3 105 73 89 8 0 24 0.00 M M 17.2 30 220 M M 0 39 250
4 93 69 81 0 0 16 0.00 M M 17.4 31 220 M M 0 40 210
5 94 71 83 2 0 18 0.00 M M 15.8 26 250 M M 0 32 220
6 93 67 80 -2 0 15 0.00 M M 16.3 28 220 M M 0 35 240
7 92 66 79 -3 0 14 0.00 M M 17.8 33 270 M M 0 39 260
8 96 69 83 1 0 18 0.00 M M 14.2 25 250 M M 0 30 250
9 91 62 77 -5 0 12 0.00 M M 13.3 25 220 M M 0 31 240
10 97 63 80 -2 0 15 0.00 M M 11.4 24 250 M M 0 31 270
11 98 63 81 -1 0 16 0.00 M M 13.3 28 250 M M 0 34 220
12 96 70 83 1 0 18 0.00 M M 15.0 28 220 M M 0 35 220
13 102 76 89 7 0 24 0.00 M M 14.4 23 240 M M 0 31 250
14 109 71 90 7 0 25 0.00 M M 8.3 25 270 M M 0 30 280
15 112 64 88 5 0 23 0.00 M M 6.3 22 250 M M 0 26 220
16 110 69 90 7 0 25 0.00 M M 12.3 30 250 M M 0 35 260
17 103 82 93 10 0 28 0.00 M M 16.7 30 220 M M 0 39 220
18 101 80 91 8 0 26 0.00 M M 17.8 29 240 M M 0 37 230
19 104 79 92 9 0 27 0.00 M M 14.9 25 240 M M 0 32 240
20 106 71 89 6 0 24 0.00 M M 11.5 26 240 M M 0 33 240
21 106 71 89 6 0 24 0.00 M M 10.1 26 250 M M 0 31 240
22 109 66 88 5 0 23 0.00 M M 8.1 25 250 M M 0 29 240
23 101 73 87 4 0 22 0.00 M M 10.1 22 250 M M 1 28 260
24 105 72 89 6 0 24 0.00 M M 11.0 26 260 M M 0 30 250
25 107 68 88 5 0 23 0.00 M M 10.1 23 250 M M 0 29 250
26 104 73 89 6 0 24 0.00 M M 13.1 26 270 M M 0 32 270
27 108 75 92 9 0 27 0.00 M M 14.0 25 270 M M 0 30 260
28 107 72 90 7 0 25 0.00 M M 11.3 23 250 M M 0 28 250
29 108 73 91 8 0 26 0.00 M M 11.3 25 280 M M 0 32 260
30 107 78 93 10 0 28 0.00 M M 13.1 28 270 M M 0 32 270
31 97 81 89 6 0 24 0.00 M M 15.6 29 220 M M 0 35 220
================================================================================
SM 3175 2209 0 687 0.00 M 402.1 M 1
================================================================================
AV102.4 71.3 13.0 FASTST M M 0 MAX(MPH)
MISC ----> 33 270 40 210
================================================================================
NOTES:
# LAST OF SEVERAL OCCURRENCES
COLUMN 17 PEAK WIND IN M.P.H.
PRELIMINARY LOCAL CLIMATOLOGICAL DATA (WS FORM: F-6) , PAGE 2
STATION: LANCASTER FOX FIELD CA
MONTH: JULY
YEAR: 2023
LATITUDE: 34 43 N
LONGITUDE: 118 13 W
[TEMPERATURE DATA] [PRECIPITATION DATA] SYMBOLS USED IN COLUMN 16
AVERAGE MONTHLY: 86.8 TOTAL FOR MONTH: 0.00 1 = FOG OR MIST
DPTR FM NORMAL: 4.4 DPTR FM NORMAL: -0.14 2 = FOG REDUCING VISIBILITY
HIGHEST: 112 ON 15 GRTST 24HR 0.00 ON 1- 1 TO 1/4 MILE OR LESS
LOWEST: 62 ON 9 3 = THUNDER
SNOW, ICE PELLETS, HAIL 4 = ICE PELLETS
TOTAL MONTH: M 5 = HAIL
GRTST 24HR M ON M 6 = FREEZING RAIN OR DRIZZLE
GRTST DEPTH: M ON M 7 = DUSTSTORM OR SANDSTORM:
VSBY 1/2 MILE OR LESS
8 = SMOKE OR HAZE
[NO. OF DAYS WITH] [WEATHER - DAYS WITH] 9 = BLOWING SNOW
X = TORNADO
MAX 32 OR BELOW: 0 0.01 INCH OR MORE: 0
MAX 90 OR ABOVE: 31 0.10 INCH OR MORE: 0
MIN 32 OR BELOW: 0 0.50 INCH OR MORE: 0
MIN 0 OR BELOW: 0 1.00 INCH OR MORE: 0
[HDD (BASE 65) ]
TOTAL THIS MO. 0 CLEAR (SCALE 0-3) 31
DPTR FM NORMAL 0 PTCLDY (SCALE 4-7) 0
TOTAL FM JUL 1 0 CLOUDY (SCALE 8-10) 0
DPTR FM NORMAL 0
[CDD (BASE 65) ]
TOTAL THIS MO. 687
DPTR FM NORMAL 147 [PRESSURE DATA]
TOTAL FM JAN 1 1088 HIGHEST SLP 30.01 ON 25
DPTR FM NORMAL 26 LOWEST SLP 29.71 ON 7
[REMARKS]
#FINAL-07-23#