000
CXUS55 KDVN 301100
CF6DBQ
PRELIMINARY LOCAL CLIMATOLOGICAL DATA (WS FORM: F-6)

                                          STATION:   DUBUQUE IA
                                          MONTH:     SEPTEMBER
                                          YEAR:      2014
                                          LATITUDE:   42 24 N
                                          LONGITUDE:  90 42 W

  TEMPERATURE IN F:       :PCPN:    SNOW:  WIND      :SUNSHINE: SKY     :PK WND
================================================================================
1   2   3   4   5  6A  6B    7    8   9   10  11  12  13   14  15   16   17  18
                                     12Z  AVG MX 2MIN
DY MAX MIN AVG DEP HDD CDD  WTR  SNW DPTH SPD SPD DIR MIN PSBL S-S WX    SPD DR
================================================================================

 1  79  62  71   4   0   6 0.29  0.0    0  9.8 21 300   M    M   4 13     29 320
 2  77  57  67   0   0   2 0.16  0.0    0  4.1 15 290   M    M   2 13     20 250
 3  81  54  68   1   0   3 0.00  0.0    0  9.8 21 170   M    M   0        29 170
 4  86  68  77  11   0  12 0.08  0.0    0 15.9 31 190   M    M   4 13     41 180
 5  76  55  66   0   0   1 0.13  0.0    0  9.2 20 330   M    M   5 13     25 330
 6  73  51  62  -4   3   0 0.00  0.0    0  5.7 13  10   M    M   0        17  10
 7  76  50  63  -3   2   0 0.00  0.0    0  3.0 10 170   M    M   1        14 220
 8  71  52  62  -3   3   0 0.03  0.0    0  8.8 21 170   M    M   1 3      31 160
 9  77  61  69   4   0   4 0.61  0.0    0 11.3 21 220   M    M   4 138    26 220
10  73  49  61  -3   4   0 0.51  0.0    0 15.4 30 140   M    M  10 1      39 140
11  56  45  51 -13  14   0 0.00  0.0    0  9.8 18 350   M    M   9        23 350
12  48  38  43 -21  22   0 0.19  0.0    0  7.7 17 350   M    M   8 1      22 350
13  58  36  47 -16  18   0 0.00  0.0    0  3.9 10  50   M    M   1        13  40
14  64  39  52 -11  13   0 0.00  0.0    0  7.5 17 250   M    M   2        23 220
15  58  39  49 -13  16   0 0.08  0.0    0  5.4 22  10   M    M   5 1      28  10
16  64  36  50 -12  15   0 0.00  0.0    0  3.0 12 270   M    M   0        16 270
17  69  43  56  -6   9   0 0.00  0.0    0  2.0  9 190   M    M   4        17 230
18  70  46  58  -3   7   0 0.00  0.0    0  5.8 13 140   M    M   2 12     16  80
19  74  50  62   1   3   0 0.00  0.0    0 15.4 26 190   M    M   1 18     36 180
20  78  57  68   8   0   3 0.06  0.0    0 13.1 26 330   M    M   2 1      33 320
21  66  48  57  -3   8   0 0.00  0.0    0 11.9 23 320   M    M   4        29 300
22  69  38  54  -5  11   0 0.00  0.0    0  4.8 13 260   M    M   0 1      18 250
23  72  43  58  -1   7   0 0.00  0.0    0  7.5 15 170   M    M   0        19 200
24  70  53  62   4   3   0 0.00  0.0    0  7.3 14 170   M    M   1        17 180
25  76  57  67   9   0   2 0.00  0.0    0  4.6 13 110   M    M   3        16 160
26  79  55  67   9   0   2 0.00  0.0    0  6.5 14 200   M    M   1        20 200
27  80  57  69  12   0   4 0.00  0.0    0  5.9 14 160   M    M   0        18 110
28  81  54  68  11   0   3 0.00  0.0    0  1.3  7  60   M    M   M 18      9  60
29  82  52  67  11   0   2 0.00  0.0    0  8.3 23  30   M    M   M 18     29  20
================================================================================
SM 2083 1445       158  44  2.14     0.0 224.7          M       74
================================================================================
AV 71.8 49.8                               7.7 FASTST   M    M   3    MAX(MPH)
                                 MISC ---->  # 31 190               # 41  180
================================================================================
NOTES:
# LAST OF SEVERAL OCCURRENCES

COLUMN 17 PEAK WIND IN M.P.H.

PRELIMINARY LOCAL CLIMATOLOGICAL DATA (WS FORM: F-6) , PAGE 2

                                          STATION:  DUBUQUE IA
                                          MONTH:    SEPTEMBER
                                          YEAR:     2014
                                          LATITUDE:   42 24 N
                                          LONGITUDE:  90 42 W

[TEMPERATURE DATA]      [PRECIPITATION DATA]       SYMBOLS USED IN COLUMN 16

AVERAGE MONTHLY: 60.8   TOTAL FOR MONTH:   2.14    1 = FOG OR MIST
DPTR FM NORMAL:  -1.3   DPTR FM NORMAL:   -1.22    2 = FOG REDUCING VISIBILITY
HIGHEST:    86 ON  4    GRTST 24HR  1.09 ON  9-10      TO 1/4 MILE OR LESS
LOWEST:     36 ON 16,13                            3 = THUNDER
                        SNOW, ICE PELLETS, HAIL    4 = ICE PELLETS
                        TOTAL MONTH:   0.0 INCH    5 = HAIL
                        GRTST 24HR     0.0         6 = FREEZING RAIN OR DRIZZLE
                        GRTST DEPTH:   0           7 = DUSTSTORM OR SANDSTORM:
                                                       VSBY 1/2 MILE OR LESS
                                                   8 = SMOKE OR HAZE
[NO. OF DAYS WITH]      [WEATHER - DAYS WITH]      9 = BLOWING SNOW
                                                   X = TORNADO
MAX 32 OR BELOW:   0    0.01 INCH OR MORE:  10
MAX 90 OR ABOVE:   0    0.10 INCH OR MORE:   6
MIN 32 OR BELOW:   0    0.50 INCH OR MORE:   2
MIN  0 OR BELOW:   0    1.00 INCH OR MORE:   0

[HDD (BASE 65) ]
TOTAL THIS MO.   158    CLEAR  (SCALE 0-3)  16
DPTR FM NORMAL    16    PTCLDY (SCALE 4-7)   9
TOTAL FM JUL 1   187    CLOUDY (SCALE 8-10)  2
DPTR FM NORMAL    18

[CDD (BASE 65) ]
TOTAL THIS MO.    44
DPTR FM NORMAL   -17    [PRESSURE DATA]
TOTAL FM JAN 1   526    HIGHEST SLP M ON M
DPTR FM NORMAL  -111    LOWEST  SLP 29.48 ON 10

[REMARKS]
