000
CXUS55 KDVN 201100
CF6DBQ
PRELIMINARY LOCAL CLIMATOLOGICAL DATA (WS FORM: F-6)

                                          STATION:   DUBUQUE IA
                                          MONTH:     OCTOBER
                                          YEAR:      2014
                                          LATITUDE:   42 24 N
                                          LONGITUDE:  90 42 W

  TEMPERATURE IN F:       :PCPN:    SNOW:  WIND      :SUNSHINE: SKY     :PK WND
================================================================================
1   2   3   4   5  6A  6B    7    8   9   10  11  12  13   14  15   16   17  18
                                     12Z  AVG MX 2MIN
DY MAX MIN AVG DEP HDD CDD  WTR  SNW DPTH SPD SPD DIR MIN PSBL S-S WX    SPD DR
================================================================================

 1  71  47  59   3   6   0 0.00  0.0    0  9.6 23 140   M    M   9 1      28 140
 2  69  56  63   8   2   0 0.31  0.0    0  7.4 23 340   M    M   9 18     28 330
 3  56  39  48  -7  17   0 0.14  0.0    0 18.6 29 310   M    M  10 1      38 280
 4  49  34  42 -12  23   0    T    T    0 14.1 24 270   M    M   6 1      38 260
 5  53  31  42 -12  23   0 0.00  0.0    0  8.3 20 270   M    M   9        25 270
 6  57  40  49  -5  16   0    T  0.0    0  9.3 24 270   M    M   3        31 240
 7  64  41  53   0  12   0 0.02  0.0    0  9.6 25 280   M    M   M        32 310
 8  66  36  51  -2  14   0 0.00  0.0    0 10.4 24 280   M    M   M        32 270
 9  58  40  49  -3  16   0 0.00  0.0    0  5.5 13 340   M    M   M        14 340
10  56  35  46  -6  19   0 0.00  0.0    0  6.1 13  30   M    M   0 8      16  60
11  60  33  47  -5  18   0 0.00  0.0    0  5.1 12 150   M    M   0        19 150
12  58  35  47  -4  18   0 0.01  0.0    0  8.7 17 150   M    M   6 18     22 140
13  56  51  54   3  11   0 1.56  0.0    0  9.2 24  10   M    M  10 12     27  10
14  55  50  53   2  12   0 0.74  0.0    0 16.0 23  10   M    M  10 1      30 360
15  56  42  49  -1  16   0 0.00  0.0    0 11.1 20 350   M    M   8        24  10
16  66  36  51   1  14   0 0.00  0.0    0  6.2 15 200   M    M   2 12     20 210
17  55  46  51   1  14   0    T  0.0    0 13.9 24 300   M    M   6        29 310
18  52  34  43  -6  22   0 0.00  0.0    0  7.0 16 340   M    M   5        21 330
19  58  31  45  -4  20   0 0.00  0.0    0 11.9 23 200   M    M   0 1      29 210
================================================================================
SM 1115  757       293   0  2.78    T    188.0          M       93
================================================================================
AV 58.7 39.8                               9.9 FASTST   M    M   6    MAX(MPH)
                                 MISC ---->  # 29 310               # 38  280
================================================================================
NOTES:
# LAST OF SEVERAL OCCURRENCES

COLUMN 17 PEAK WIND IN M.P.H.

PRELIMINARY LOCAL CLIMATOLOGICAL DATA (WS FORM: F-6) , PAGE 2

                                          STATION:  DUBUQUE IA
                                          MONTH:    OCTOBER
                                          YEAR:     2014
                                          LATITUDE:   42 24 N
                                          LONGITUDE:  90 42 W

[TEMPERATURE DATA]      [PRECIPITATION DATA]       SYMBOLS USED IN COLUMN 16

AVERAGE MONTHLY: 49.3   TOTAL FOR MONTH:   2.78    1 = FOG OR MIST
DPTR FM NORMAL:  -2.9   DPTR FM NORMAL:    1.15    2 = FOG REDUCING VISIBILITY
HIGHEST:    71 ON  1    GRTST 24HR  2.00 ON 13-14      TO 1/4 MILE OR LESS
LOWEST:     31 ON 19, 5                            3 = THUNDER
                        SNOW, ICE PELLETS, HAIL    4 = ICE PELLETS
                        TOTAL MONTH:    T          5 = HAIL
                        GRTST 24HR    T  ON  4- 4  6 = FREEZING RAIN OR DRIZZLE
                        GRTST DEPTH:   0           7 = DUSTSTORM OR SANDSTORM:
                                                       VSBY 1/2 MILE OR LESS
                                                   8 = SMOKE OR HAZE
[NO. OF DAYS WITH]      [WEATHER - DAYS WITH]      9 = BLOWING SNOW
                                                   X = TORNADO
MAX 32 OR BELOW:   0    0.01 INCH OR MORE:   6
MAX 90 OR ABOVE:   0    0.10 INCH OR MORE:   4
MIN 32 OR BELOW:   2    0.50 INCH OR MORE:   2
MIN  0 OR BELOW:   0    1.00 INCH OR MORE:   1

[HDD (BASE 65) ]
TOTAL THIS MO.   293    CLEAR  (SCALE 0-3)   5
DPTR FM NORMAL    43    PTCLDY (SCALE 4-7)   4
TOTAL FM JUL 1   493    CLOUDY (SCALE 8-10)  7
DPTR FM NORMAL    65

[CDD (BASE 65) ]
TOTAL THIS MO.     0
DPTR FM NORMAL    -4    [PRESSURE DATA]
TOTAL FM JAN 1   526    HIGHEST SLP M ON M
DPTR FM NORMAL  -115    LOWEST  SLP 29.41 ON M

[REMARKS]
