000
CXUS53 KDDC 281200
CF6GCK
PRELIMINARY LOCAL CLIMATOLOGICAL DATA (WS FORM: F-6)

                                          STATION:   GARDEN CITY REGIONAL ARPT KS
                                          MONTH:     AUGUST
                                          YEAR:      2016
                                          LATITUDE:   37 55 N
                                          LONGITUDE: 100 43 W

  TEMPERATURE IN F:       :PCPN:    SNOW:  WIND      :SUNSHINE: SKY     :PK WND
================================================================================
1   2   3   4   5  6A  6B    7    8   9   10  11  12  13   14  15   16   17  18
                                     12Z  AVG MX 2MIN
DY MAX MIN AVG DEP HDD CDD  WTR  SNW DPTH SPD SPD DIR MIN PSBL S-S WX    SPD DR
================================================================================

 1  96  67  82   4   0  17 0.00  0.0    0  9.8 21 190   M    M   0        28 190
 2  92  69  81   3   0  16 0.04  0.0    0  8.4 22 190   M    M   1 3      26 180
 3  93  64  79   1   0  14 0.00    M    0  8.5 20 200   M    M   0 8      26 200
 4  97  67  82   4   0  17 0.03    M    M 10.7 31 350   M    M   1 38     38  10
 5  75  65  70  -8   0   5 0.23    M    M  8.2 17  30   M    M   6 1      21  30
 6  82  65  74  -4   0   9 1.02    M    M 10.9 23 230   M    M   5 13     32 230
 7  82  66  74  -4   0   9 0.18  0.0    0 10.3 18 140   M    M   7 123    23 130
 8  89  68  79   1   0  14 0.00  0.0    0  9.2 22 230   M    M   5 13     29 220
 9  89  67  78   0   0  13    T  0.0    0  9.6 18 170   M    M   1 8      27 250
10  94  70  82   4   0  17 0.00  0.0    0 13.7 24 180   M    M   0        31 180
11  94  71  83   5   0  18 0.00  0.0    0  7.9 17 190   M    M   0        22 190
12  87  66  77   0   0  12 0.00  0.0    0 12.9 29 360   M    M   0        37 360
13  89  59  74  -3   0   9 0.00  0.0    0  6.5 20 140   M    M   0        24 150
14  88  57  73  -4   0   8 0.00  0.0    0  6.2 15 180   M    M   0        20 180
15  90  59  75  -2   0  10 0.00    M    M 11.4 22 180   M    M   0        30 170
16  95  62  79   2   0  14 0.00    M    M  6.9 14 280   M    M   0        18 290
17  95  60  78   1   0  13 0.00  0.0    M  9.7 18 180   M    M   0        26 180
18  91  59  75  -2   0  10 0.00  0.0    0 11.4 21 190   M    M   0        28 180
19  83  61  72  -5   0   7 0.00  0.0    0 11.4 23 330   M    M   3        26  10
20  78  57  68  -8   0   3 0.00  0.0    0 10.5 25 340   M    M   3        32 340
21  85  53  69  -7   0   4 0.00  0.0    0 11.2 23 190   M    M   0        30 170
22  89  61  75  -1   0  10 0.00  0.0    0 17.9 30 180   M    M   0        41 190
23  97  67  82   6   0  17 0.00  0.0    0 13.5 24 200   M    M   0        30 200
24  86  62  74  -2   0   9 0.04    M    0 10.1 24  50   M    M   2        31  50
25  74  58  66 -10   0   1 0.05    M    0  7.8 15  30   M    M   9        19  30
26  80  61  71  -4   0   6 0.00    M    0  7.9 14 130   M    M   5        20 190
27  88  59  74  -1   0   9 0.00    M    0 10.1 21 140   M    M   1        28 130
================================================================================
SM 2378 1700         0 291  1.59     0.0 272.6          M       49
================================================================================
AV 88.1 63.0                              10.1 FASTST   M    M   2    MAX(MPH)
                                 MISC ---->  # 31 350               # 41  190
================================================================================
NOTES:
# LAST OF SEVERAL OCCURRENCES

COLUMN 17 PEAK WIND IN M.P.H.

PRELIMINARY LOCAL CLIMATOLOGICAL DATA (WS FORM: F-6) , PAGE 2

                                          STATION:  GARDEN CITY REGIONAL ARPT KS
                                          MONTH:    AUGUST
                                          YEAR:     2016
                                          LATITUDE:   37 55 N
                                          LONGITUDE: 100 43 W

[TEMPERATURE DATA]      [PRECIPITATION DATA]       SYMBOLS USED IN COLUMN 16

AVERAGE MONTHLY: 75.5   TOTAL FOR MONTH:   1.59    1 = FOG OR MIST
DPTR FM NORMAL:  -1.5   DPTR FM NORMAL:   -0.61    2 = FOG REDUCING VISIBILITY
HIGHEST:    97 ON 23, 4 GRTST 24HR  1.02 ON  6- 6      TO 1/4 MILE OR LESS
LOWEST:     53 ON 21                               3 = THUNDER
                        SNOW, ICE PELLETS, HAIL    4 = ICE PELLETS
                        TOTAL MONTH:   0.0 INCH    5 = HAIL
                        GRTST 24HR     0.0         6 = FREEZING RAIN OR DRIZZLE
                        GRTST DEPTH:   0           7 = DUSTSTORM OR SANDSTORM:
                                                       VSBY 1/2 MILE OR LESS
                                                   8 = SMOKE OR HAZE
[NO. OF DAYS WITH]      [WEATHER - DAYS WITH]      9 = BLOWING SNOW
                                                   X = TORNADO
MAX 32 OR BELOW:   0    0.01 INCH OR MORE:   7
MAX 90 OR ABOVE:  11    0.10 INCH OR MORE:   3
MIN 32 OR BELOW:   0    0.50 INCH OR MORE:   1
MIN  0 OR BELOW:   0    1.00 INCH OR MORE:   1

[HDD (BASE 65) ]
TOTAL THIS MO.     0    CLEAR  (SCALE 0-3)  21
DPTR FM NORMAL     0    PTCLDY (SCALE 4-7)   5
TOTAL FM JUL 1     0    CLOUDY (SCALE 8-10)  1
DPTR FM NORMAL    -1

[CDD (BASE 65) ]
TOTAL THIS MO.   291
DPTR FM NORMAL   -35    [PRESSURE DATA]
TOTAL FM JAN 1  1127    HIGHEST SLP M ON M
DPTR FM NORMAL    50    LOWEST  SLP 29.71 ON 19

[REMARKS]
