000
CXUS53 KARX 200930
CF6RST
PRELIMINARY LOCAL CLIMATOLOGICAL DATA (WS FORM: F-6)

                                          STATION:   ROCHESTER MN
                                          MONTH:     JANUARY
                                          YEAR:      2017
                                          LATITUDE:   43 55 N
                                          LONGITUDE:  92 30 W

  TEMPERATURE IN F:       :PCPN:    SNOW:  WIND      :SUNSHINE: SKY     :PK WND
================================================================================
1   2   3   4   5  6A  6B    7    8   9   10  11  12  13   14  15   16   17  18
                                     12Z  AVG MX 2MIN
DY MAX MIN AVG DEP HDD CDD  WTR  SNW DPTH SPD SPD DIR MIN PSBL S-S WX    SPD DR
================================================================================

 1  30  18  24   8  41   0 0.00  0.0    4 10.2 24 220   M    M   3        27 220
 2  32  27  30  14  35   0 0.14  0.3    4 11.6 20 100   M    M  10 14     24 100
 3  32   1  17   1  48   0    T    T    3 20.4 31 290   M    M   6 12     36 290
 4   1  -6  -2 -18  67   0 0.00  0.0    3 19.1 30 290   M    M   1        36 290
 5  -1  -9  -5 -21  70   0 0.00  0.0    3 12.1 17 330   M    M   3        20 310
 6   1 -13  -6 -22  71   0 0.00  0.0    3  9.0 15 290   M    M   2        17 290
 7   6  -5   1 -15  64   0 0.00  0.0    3 10.3 22 320   M    M   0        25 330
 8  16 -11   3 -13  62   0    T    T    3 15.0 25 160   M    M   3 8      32 150
 9  26  15  21   5  44   0 0.10  0.9    3 14.1 29 150   M    M   8 169    34 150
10  32   6  19   3  46   0 0.28  2.4    3 17.8 37 290   M    M   9 169    44 300
11  11   5   8  -7  57   0 0.01  0.1    5 11.6 21 350   M    M   8 18     24 350
12  15  -4   6  -9  59   0 0.00  0.0    5 14.4 25 290   M    M   5        30 280
13  10  -6   2 -13  63   0 0.00  0.0    5  6.1 13 320   M    M   7        15 320
14  21   5  13  -2  52   0 0.00  0.0    5  7.1 13 180   M    M   1 1      16 180
15  24   0  12  -3  53   0 0.00  0.0    5  7.4 16 190   M    M   0 18     17 190
16  32  16  24   9  41   0 0.47  0.0    4  8.8 16  60   M    M   7 16     18  70
17  32  28  30  15  35   0 0.03    T    4 10.7 18 310   M    M  10 126    21 310
18  33  25  29  14  36   0 0.00  0.0    3 15.3 24 200   M    M   6 12     29 190
19  35  29  32  17  33   0 0.03  0.0    3 11.7 18 160   M    M   8 12     23 170
================================================================================
SM  388  121       977   0  1.06     3.7 232.7          M       97
================================================================================
AV 20.4  6.4                              12.2 FASTST   M    M   5    MAX(MPH)
                                 MISC ---->  # 37 290               # 44  300
================================================================================
NOTES:
# LAST OF SEVERAL OCCURRENCES

COLUMN 17 PEAK WIND IN M.P.H.

PRELIMINARY LOCAL CLIMATOLOGICAL DATA (WS FORM: F-6) , PAGE 2

                                          STATION:  ROCHESTER MN
                                          MONTH:    JANUARY
                                          YEAR:     2017
                                          LATITUDE:   43 55 N
                                          LONGITUDE:  92 30 W

[TEMPERATURE DATA]      [PRECIPITATION DATA]       SYMBOLS USED IN COLUMN 16

AVERAGE MONTHLY: 13.4   TOTAL FOR MONTH:   1.06    1 = FOG OR MIST
DPTR FM NORMAL:  -2.1   DPTR FM NORMAL:    0.54    2 = FOG REDUCING VISIBILITY
HIGHEST:    35 ON 19    GRTST 24HR  0.50 ON 16-17      TO 1/4 MILE OR LESS
LOWEST:    -13 ON  6                               3 = THUNDER
                        SNOW, ICE PELLETS, HAIL    4 = ICE PELLETS
                        TOTAL MONTH:   3.7 INCHES  5 = HAIL
                        GRTST 24HR   2.4 ON   M    6 = FREEZING RAIN OR DRIZZLE
                        GRTST DEPTH:   5 ON 15,14  7 = DUSTSTORM OR SANDSTORM:
                                                       VSBY 1/2 MILE OR LESS
                                                   8 = SMOKE OR HAZE
[NO. OF DAYS WITH]      [WEATHER - DAYS WITH]      9 = BLOWING SNOW
                                                   X = TORNADO
MAX 32 OR BELOW:  17    0.01 INCH OR MORE:   7
MAX 90 OR ABOVE:   0    0.10 INCH OR MORE:   4
MIN 32 OR BELOW:  19    0.50 INCH OR MORE:   0
MIN  0 OR BELOW:   8    1.00 INCH OR MORE:   0

[HDD (BASE 65) ]
TOTAL THIS MO.   977    CLEAR  (SCALE 0-3)   6
DPTR FM NORMAL    36    PTCLDY (SCALE 4-7)  10
TOTAL FM JUL 1  3548    CLOUDY (SCALE 8-10)  3
DPTR FM NORMAL  -471

[CDD (BASE 65) ]
TOTAL THIS MO.     0
DPTR FM NORMAL     0    [PRESSURE DATA]
TOTAL FM JAN 1     0    HIGHEST SLP M ON M
DPTR FM NORMAL     0    LOWEST  SLP 29.23 ON 10

[REMARKS]
