780
CXUS55 KPUB 301059
CF6TAD
PRELIMINARY LOCAL CLIMATOLOGICAL DATA (WS FORM: F-6)

                                          STATION:   TRINIDAD CO
                                          MONTH:     APRIL
                                          YEAR:      2016
                                          LATITUDE:   37 16 N
                                          LONGITUDE: 104 20 W

  TEMPERATURE IN F:       :PCPN:    SNOW:  WIND      :SUNSHINE: SKY     :PK WND
================================================================================
1   2   3   4   5  6A  6B    7    8   9   10  11  12  13   14  15   16   17  18
                                     12Z  AVG MX 2MIN
DY MAX MIN AVG DEP HDD CDD  WTR  SNW DPTH SPD SPD DIR MIN PSBL S-S WX    SPD DR
================================================================================

 1  51  24  38  -8  27   0    T    M    0  9.7 20 250   M    M   3 1      22 250
 2  62  23  43  -3  22   0 0.00  0.0    0  8.8 16  10   M    M   0        21 320
 3  72  34  53   7  12   0 0.00  0.0    0 11.8 21 250   M    M   0        25 330
 4  76  35  56  10   9   0 0.00  0.0    0 13.0 26 190   M    M   1        35 180
 5  77  33  55   8  10   0    T  0.0    0 17.2 44 270   M    M   1        57 290
 6  73  29  51   4  14   0 0.00  0.0    0 11.0 24 330   M    M   0        31 330
 7  67  34  51   4  14   0 0.00  0.0    0  9.3 17  80   M    M   0        25  90
 8  68  40  54   7  11   0 0.00  0.0    0  8.1 21 200   M    M   2        25 190
 9  75  42  59  11   6   0 0.00  0.0    0  9.8 29 270   M    M   0 8      35 270
10  73  36  55   7  10   0 0.00  0.0    0 10.0 30  80   M    M   1        39  80
11  54  34  44  -4  21   0 0.10    M    0  6.7 26  40   M    M   6 1      34  40
12  67  37  52   4  13   0    T  0.0    0 11.6 23 250   M    M   2 3      27 250
13  72  38  55   6  10   0 0.00  0.0    0 10.5 21 250   M    M   1        24 250
14  79  41  60  11   5   0 0.00  0.0    0 12.3 23 170   M    M   0        30 160
15  72  38  55   6  10   0 0.35  0.0    0 13.3 28 250   M    M   4 13     35 260
16  38  33  36 -14  29   0 0.74    M    M 12.3 23 350   M    M  10 12     30 330
17  43  32  38 -12  27   0 0.00  0.0    0  8.6 16 340   M    M  10        21 320
18  42  32  37 -13  28   0 0.14    M    M  5.1 13 140   M    M  10 1      39 150
19  54  33  44  -7  21   0 0.00  0.0    0  5.0 12 270   M    M   6 12     14 120
20  64  31  48  -3  17   0    T  0.0    0  9.0 30  20   M    M   4 3      38  20
21  67  35  51   0  14   0 0.00  0.0    0  8.2 17 250   M    M   0        21 240
22  76  43  60   8   5   0 0.09    M    0 13.3 29 200   M    M   1 3      39 210
23  80  52  66  14   0   1 0.00  0.0    0 18.4 32 230   M    M   1        41 270
24  74  41  58   6   7   0 0.00  0.0    0 11.6 24 280   M    M   0        29 240
25  76  36  56   3   9   0 0.00  0.0    0 14.1 38 190   M    M   0        49 200
26  62  34  48  -5  17   0 0.00  0.0    0 11.3 30 270   M    M   1        35 260
27  63  35  49  -4  16   0 0.00  0.0    0 10.1 23 140   M    M   5        31  90
28  58  33  46  -8  19   0 0.63    M    0 12.6 31 320   M    M   9 13     37 310
29  36  28  32 -22  33   0 0.75    M    M  7.5 14 340   M    M  10 128    17 350
================================================================================
SM 1871 1016       436   1  2.80     0.0 310.2          M       88
================================================================================
AV 64.5 35.0                              10.7 FASTST   M    M   3    MAX(MPH)
                                 MISC ---->  # 44 270               # 57  290
================================================================================
NOTES:
# LAST OF SEVERAL OCCURRENCES

COLUMN 17 PEAK WIND IN M.P.H.

PRELIMINARY LOCAL CLIMATOLOGICAL DATA (WS FORM: F-6) , PAGE 2

                                          STATION:  TRINIDAD CO
                                          MONTH:    APRIL
                                          YEAR:     2016
                                          LATITUDE:   37 16 N
                                          LONGITUDE: 104 20 W

[TEMPERATURE DATA]      [PRECIPITATION DATA]       SYMBOLS USED IN COLUMN 16

AVERAGE MONTHLY: 49.8   TOTAL FOR MONTH:   2.80    1 = FOG OR MIST
DPTR FM NORMAL:   0.2   DPTR FM NORMAL:    1.71    2 = FOG REDUCING VISIBILITY
HIGHEST:    80 ON 23    GRTST 24HR  1.37 ON 28-29      TO 1/4 MILE OR LESS
LOWEST:     23 ON  2                               3 = THUNDER
                        SNOW, ICE PELLETS, HAIL    4 = ICE PELLETS
                        TOTAL MONTH:   0.0 INCH    5 = HAIL
                        GRTST 24HR     0.0         6 = FREEZING RAIN OR DRIZZLE
                        GRTST DEPTH:   0           7 = DUSTSTORM OR SANDSTORM:
                                                       VSBY 1/2 MILE OR LESS
                                                   8 = SMOKE OR HAZE
[NO. OF DAYS WITH]      [WEATHER - DAYS WITH]      9 = BLOWING SNOW
                                                   X = TORNADO
MAX 32 OR BELOW:   0    0.01 INCH OR MORE:   7
MAX 90 OR ABOVE:   0    0.10 INCH OR MORE:   6
MIN 32 OR BELOW:   7    0.50 INCH OR MORE:   3
MIN  0 OR BELOW:   0    1.00 INCH OR MORE:   0

[HDD (BASE 65) ]
TOTAL THIS MO.   436    CLEAR  (SCALE 0-3)  19
DPTR FM NORMAL   -14    PTCLDY (SCALE 4-7)   5
TOTAL FM JUL 1  4590    CLOUDY (SCALE 8-10)  5
DPTR FM NORMAL  -689

[CDD (BASE 65) ]
TOTAL THIS MO.     1
DPTR FM NORMAL     1    [PRESSURE DATA]
TOTAL FM JAN 1     1    HIGHEST SLP M ON M
DPTR FM NORMAL     1    LOWEST  SLP 29.48 ON 15

[REMARKS]
