000
CDUS43 KDTX 171055
CLIDTW


CLIMATE REPORT
NATIONAL WEATHER SERVICE DETROIT/PONTIAC MI
654 AM EDT FRI OCT 17 2014


...................................

...THE DETROIT MI CLIMATE SUMMARY FOR OCTOBER 16 2014...

CLIMATE NORMAL PERIOD 1981 TO 2010
CLIMATE RECORD PERIOD 1874 TO 2014


WEATHER ITEM   OBSERVED TIME   RECORD YEAR NORMAL DEPARTURE LAST
                VALUE   (LST)  VALUE       VALUE  FROM      YEAR
                                                  NORMAL
..................................................................
TEMPERATURE (F)
 YESTERDAY
  MAXIMUM         65    159 PM  85    1938  62      3       63
  MINIMUM         54   1034 PM  26    1977  43     11       52
  AVERAGE         60                        52      8       58

PRECIPITATION (IN)
  YESTERDAY        0.03          1.92 2001   0.08  -0.05     0.01
  MONTH TO DATE    1.69                      1.33   0.36     1.01
  SINCE SEP 1      6.40                      4.60   1.80     2.21
  SINCE JAN 1     33.82                     27.03   6.79    33.19

SNOWFALL (IN)
  YESTERDAY        0.0           0.1  1943   0.0    0.0      0.0
  MONTH TO DATE    0.0                       0.0    0.0      0.0
  SINCE SEP 1      0.0                       0.0    0.0      0.0
  SINCE JUL 1      0.0                       0.0    0.0      0.0
  SNOW DEPTH       0

DEGREE DAYS
 HEATING
  YESTERDAY        5                        13     -8        7
  MONTH TO DATE  160                       167     -7       80
  SINCE SEP 1    268                       271     -3      178
  SINCE JUL 1    281                       281      0      190

 COOLING
  YESTERDAY        0                         0      0        0
  MONTH TO DATE    0                         7     -7       20
  SINCE SEP 1     72                        91    -19       98
  SINCE JAN 1    704                       802    -98      891
..................................................................


WIND (MPH)
  HIGHEST WIND SPEED    15   HIGHEST WIND DIRECTION     W (290)
  HIGHEST GUST SPEED    20   HIGHEST GUST DIRECTION     W (280)
  AVERAGE WIND SPEED     6.0


SKY COVER
  POSSIBLE SUNSHINE  MM
  AVERAGE SKY COVER 0.8


WEATHER CONDITIONS
 THE FOLLOWING WEATHER WAS RECORDED YESTERDAY.
  LIGHT RAIN
  FOG


RELATIVE HUMIDITY (PERCENT)
 HIGHEST   100          1200 AM
 LOWEST     67           100 PM
 AVERAGE    84

..........................................................


THE DETROIT MI CLIMATE NORMALS FOR TODAY
                         NORMAL    RECORD    YEAR
 MAXIMUM TEMPERATURE (F)   61        85      1938
 MINIMUM TEMPERATURE (F)   43        23      1977


SUNRISE AND SUNSET
OCTOBER 17 2014.......SUNRISE   748 AM EDT   SUNSET   648 PM EDT
OCTOBER 18 2014.......SUNRISE   749 AM EDT   SUNSET   647 PM EDT


-  INDICATES NEGATIVE NUMBERS.
R  INDICATES RECORD WAS SET OR TIED.
MM INDICATES DATA IS MISSING.
T  INDICATES TRACE AMOUNT.




$$
