000
CDUS43 KDTX 250535
CLIDTW


CLIMATE REPORT
NATIONAL WEATHER SERVICE DETROIT/PONTIAC MI
135 AM EDT MON MAY 25 2015


...................................

...THE DETROIT MI CLIMATE SUMMARY FOR MAY 24 2015...

CLIMATE NORMAL PERIOD 1981 TO 2010
CLIMATE RECORD PERIOD 1874 TO 2015


WEATHER ITEM   OBSERVED TIME   RECORD YEAR NORMAL DEPARTURE LAST
                VALUE   (LST)  VALUE       VALUE  FROM      YEAR
                                                  NORMAL
..................................................................
TEMPERATURE (F)
 YESTERDAY
  MAXIMUM         79    233 PM  87    2007  72      7       79
                                      1977
                                      1933
  MINIMUM         53    536 AM  33    1925  52      1       51
  AVERAGE         66                        62      4       65

PRECIPITATION (IN)
  YESTERDAY        T             1.26 1950   0.12  -0.12     0.00
  MONTH TO DATE    2.84                      2.58   0.26     3.12
  SINCE MAR 1      6.25                      7.76  -1.51     7.18
  SINCE JAN 1      9.05                     11.74  -2.69    12.92

SNOWFALL (IN)
  YESTERDAY        0.0           T    1925   0.0    0.0      0.0
  MONTH TO DATE    0.0                       0.0    0.0      0.0
  SINCE MAR 1      2.8                       8.6   -5.8     15.7
  SINCE JUL 1     47.5                      42.5    5.0     94.9
  SNOW DEPTH       0

DEGREE DAYS
 HEATING
  YESTERDAY        0                         5     -5        0
  MONTH TO DATE   96                       181    -85      168
  SINCE MAR 1   1474                      1522    -48     1760
  SINCE JUL 1   6585                      6075    510     7010

 COOLING
  YESTERDAY        1                         2     -1        0
  MONTH TO DATE   62                        24     38       35
  SINCE MAR 1     62                        30     32       35
  SINCE JAN 1     62                        30     32       35
..................................................................


WIND (MPH)
  HIGHEST WIND SPEED    16   HIGHEST WIND DIRECTION     S (190)
  HIGHEST GUST SPEED    20   HIGHEST GUST DIRECTION     S (190)
  AVERAGE WIND SPEED     5.6


SKY COVER
  POSSIBLE SUNSHINE  MM
  AVERAGE SKY COVER 0.6


WEATHER CONDITIONS
 THE FOLLOWING WEATHER WAS RECORDED YESTERDAY.
  LIGHT RAIN
  HAZE


RELATIVE HUMIDITY (PERCENT)
 HIGHEST    83           200 AM
 LOWEST     39           100 PM
 AVERAGE    61

..........................................................


THE DETROIT MI CLIMATE NORMALS FOR TODAY
                         NORMAL    RECORD    YEAR
 MAXIMUM TEMPERATURE (F)   73        90      2012
 MINIMUM TEMPERATURE (F)   52        35      1992


SUNRISE AND SUNSET
MAY 25 2015...........SUNRISE   604 AM EDT   SUNSET   857 PM EDT
MAY 26 2015...........SUNRISE   603 AM EDT   SUNSET   858 PM EDT


-  INDICATES NEGATIVE NUMBERS.
R  INDICATES RECORD WAS SET OR TIED.
MM INDICATES DATA IS MISSING.
T  INDICATES TRACE AMOUNT.




$$
