000
CDUS43 KDTX 250537
CLIDTW


CLIMATE REPORT
NATIONAL WEATHER SERVICE DETROIT/PONTIAC MI
1237 AM EST SUN JAN 25 2015


...................................

...THE DETROIT MI CLIMATE SUMMARY FOR JANUARY 24 2015...

CLIMATE NORMAL PERIOD 1981 TO 2010
CLIMATE RECORD PERIOD 1874 TO 2015


WEATHER ITEM   OBSERVED TIME   RECORD YEAR NORMAL DEPARTURE LAST
                VALUE   (LST)  VALUE       VALUE  FROM      YEAR
                                                  NORMAL
..................................................................
TEMPERATURE (F)
 YESTERDAY
  MAXIMUM         36    836 PM  61    1909  32      4       17
  MINIMUM         24    124 AM -13    1963  19      5       -2
  AVERAGE         30                        25      5        8

PRECIPITATION (IN)
  YESTERDAY        T             0.49 1918   0.06  -0.06     0.01
  MONTH TO DATE    1.40                      1.55  -0.15     2.42
  SINCE DEC 1      2.81                      4.01  -1.20     4.84
  SINCE JAN 1      1.40                      1.55  -0.15     2.42

SNOWFALL (IN)
  YESTERDAY        T             3.6  1918   0.4   -0.4      0.3
  MONTH TO DATE   13.3                       9.8    3.5     29.5
  SINCE DEC 1     13.4                      19.4   -6.0     45.0
  SINCE JUL 1     17.4                      21.0   -3.6     46.2
  SNOW DEPTH       4

DEGREE DAYS
 HEATING
  YESTERDAY       35                        40     -5       57
  MONTH TO DATE 1053                       950    103     1141
  SINCE DEC 1   2020                      2032    -12     2318
  SINCE JUL 1   3397                      3247    150     3620

 COOLING
  YESTERDAY        0                         0      0        0
  MONTH TO DATE    0                         0      0        0
  SINCE DEC 1      0                         0      0        0
  SINCE JAN 1      0                         0      0        0
..................................................................


WIND (MPH)
  HIGHEST WIND SPEED    15   HIGHEST WIND DIRECTION    SW (210)
  HIGHEST GUST SPEED    18   HIGHEST GUST DIRECTION    SW (210)
  AVERAGE WIND SPEED     9.2


SKY COVER
  POSSIBLE SUNSHINE  MM
  AVERAGE SKY COVER 1.0


WEATHER CONDITIONS
 THE FOLLOWING WEATHER WAS RECORDED YESTERDAY.
  LIGHT RAIN
  LIGHT SNOW
  FOG
  HAZE


RELATIVE HUMIDITY (PERCENT)
 HIGHEST    89           600 PM
 LOWEST     75           500 PM
 AVERAGE    82

..........................................................


THE DETROIT MI CLIMATE NORMALS FOR TODAY
                         NORMAL    RECORD    YEAR
 MAXIMUM TEMPERATURE (F)   32        67      1950
 MINIMUM TEMPERATURE (F)   19       -16      1897


SUNRISE AND SUNSET
JANUARY 25 2015.......SUNRISE   753 AM EST   SUNSET   538 PM EST
JANUARY 26 2015.......SUNRISE   752 AM EST   SUNSET   540 PM EST


-  INDICATES NEGATIVE NUMBERS.
R  INDICATES RECORD WAS SET OR TIED.
MM INDICATES DATA IS MISSING.
T  INDICATES TRACE AMOUNT.




$$
