000
CXUS52 KJAX 022212
CF6AMG
PRELIMINARY LOCAL CLIMATOLOGICAL DATA (WS FORM: F-6)
STATION: ALMA
MONTH: MAY
YEAR: 2020
LATITUDE: 31 32 N
LONGITUDE: 82 30 W
TEMPERATURE IN F: :PCPN: SNOW: WIND :SUNSHINE: SKY :PK WND
================================================================================
1 2 3 4 5 6A 6B 7 8 9 10 11 12 13 14 15 16 17 18
12Z AVG MX 2MIN
DY MAX MIN AVG DEP HDD CDD WTR SNW DPTH SPD SPD DIR MIN PSBL S-S WX SPD DR
================================================================================
1 78 51 65 -5 0 0 0.00 0.0 0 6.9 21 300 M M 0 28 280
2 84 49 67 -3 0 2 0.00 0.0 0 1.2 7 340 M M 0 11 280
3 86 53 70 0 0 5 0.00 0.0 0 4.2 13 200 M M 0 18 200
4 88 59 74 3 0 9 0.00 0.0 0 4.9 12 210 M M 0 17 220
5 88 63 76 5 0 11 0.00 0.0 0 7.0 16 210 M M 1 1 24 260
6 81 59 70 -1 0 5 0.00 0.0 0 10.3 18 340 M M 2 27 350
7 72 48 60 -11 5 0 0.00 0.0 0 6.2 14 290 M M 0 23 350
8 78 45 62 -10 3 0 T 0.0 0 7.0 22 180 M M 1 1 30 180
9 74 54 64 -8 1 0 T 0.0 0 5.3 16 350 M M 2 21 360
10 78 51 65 -7 0 0 0.00 0.0 0 2.4 13 130 M M 0 17 140
11 80 51 66 -6 0 1 0.00 0.0 0 6.4 21 310 M M 0 1 27 300
12 78 48 63 -10 2 0 0.00 0.0 0 3.4 12 140 M M 0 16 80
13 84 52 68 -5 0 3 0.00 0.0 0 5.5 14 120 M M 1 20 120
14 83 56 70 -3 0 5 0.00 0.0 0 6.0 17 150 M M 2 22 130
15 86 59 73 -1 0 8 0.00 0.0 0 5.1 15 140 M M 2 19 150
16 87 62 75 1 0 10 0.00 0.0 0 3.7 13 100 M M 4 12 19 100
17 90 63 77 3 0 12 T 0.0 0 4.5 12 150 M M 3 13 17 130
18 86 70 78 4 0 13 0.09 0.0 0 5.9 18 220 M M 5 13 25 210
19 88 63 76 1 0 11 T 0.0 0 6.8 15 280 M M 5 22 210
20 77 62 70 -5 0 5 0.34 0.0 0 3.8 12 330 M M 7 13 16 340
21 83 63 73 -2 0 8 0.05 0.0 0 3.8 10 330 M M 7 13 12 330
22 92 66 79 4 0 14 2.03 0.0 0 4.8 25 100 M M 2 13 31 170
23 91 67 79 3 0 14 0.02 0.0 0 4.3 22 160 M M 1 1 28 160
24 89 66 78 2 0 13 0.00 0.0 0 4.0 13 150 M M 1 13 16 150
25 83 71 77 1 0 12 T 0.0 0 6.3 15 100 M M 4 1 26 110
26 79 72 76 0 0 11 T 0.0 0 5.9 14 100 M M 9 1 23 90
27 85 71 78 2 0 13 T 0.0 0 3.0 8 100 M M 9 1 12 30
28 89 69 79 2 0 14 0.19 0.0 0 6.1 14 350 M M 5 13 22 80
29 88 69 79 2 0 14 T 0.0 0 4.6 15 160 M M 4 13 19 160
30 89 70 80 3 0 15 T 0.0 0 3.2 14 180 M M 6 12 17 180
31 92 69 81 4 0 16 0.00 0.0 0 3.4 10 330 M M 2 1 15 310
================================================================================
SM 2606 1871 11 244 2.72 0.0 155.9 M 85
================================================================================
AV 84.1 60.4 5.0 FASTST M M 3 MAX(MPH)
MISC ----> 25 100 31 170
================================================================================
NOTES:
# LAST OF SEVERAL OCCURRENCES
COLUMN 17 PEAK WIND IN M.P.H.
PRELIMINARY LOCAL CLIMATOLOGICAL DATA (WS FORM: F-6) , PAGE 2
STATION: ALMA
MONTH: MAY
YEAR: 2020
LATITUDE: 31 32 N
LONGITUDE: 82 30 W
[TEMPERATURE DATA] [PRECIPITATION DATA] SYMBOLS USED IN COLUMN 16
AVERAGE MONTHLY: 72.2 TOTAL FOR MONTH: 2.72 1 = FOG OR MIST
DPTR FM NORMAL: -1.5 DPTR FM NORMAL: 0.25 2 = FOG REDUCING VISIBILITY
HIGHEST: 92 ON 31,22 GRTST 24HR 2.05 ON 22-23 TO 1/4 MILE OR LESS
LOWEST: 45 ON 8 3 = THUNDER
SNOW, ICE PELLETS, HAIL 4 = ICE PELLETS
TOTAL MONTH: 0.0 INCH 5 = HAIL
GRTST 24HR 0.0 6 = FREEZING RAIN OR DRIZZLE
GRTST DEPTH: 0 7 = DUSTSTORM OR SANDSTORM:
VSBY 1/2 MILE OR LESS
8 = SMOKE OR HAZE
[NO. OF DAYS WITH] [WEATHER - DAYS WITH] 9 = BLOWING SNOW
X = TORNADO
MAX 32 OR BELOW: 0 0.01 INCH OR MORE: 6
MAX 90 OR ABOVE: 4 0.10 INCH OR MORE: 3
MIN 32 OR BELOW: 0 0.50 INCH OR MORE: 1
MIN 0 OR BELOW: 0 1.00 INCH OR MORE: 1
[HDD (BASE 65) ]
TOTAL THIS MO. 11 CLEAR (SCALE 0-3) 20
DPTR FM NORMAL 5 PTCLDY (SCALE 4-7) 9
TOTAL FM JUL 1 1383 CLOUDY (SCALE 8-10) 2
DPTR FM NORMAL -273
[CDD (BASE 65) ]
TOTAL THIS MO. 244
DPTR FM NORMAL -32 [PRESSURE DATA]
TOTAL FM JAN 1 514 HIGHEST SLP 30.28 ON 14
DPTR FM NORMAL 84 LOWEST SLP 29.75 ON 19
[REMARKS]
#FINAL-05-20#