000
CXUS55 KBYZ 011100
CF6BHK
PRELIMINARY LOCAL CLIMATOLOGICAL DATA (WS FORM: F-6)
STATION: BAKER MT
MONTH: NOVEMBER
YEAR: 2023
LATITUDE: 46 20 N
LONGITUDE: 104 15 W
TEMPERATURE IN F: :PCPN: SNOW: WIND :SUNSHINE: SKY :PK WND
================================================================================
1 2 3 4 5 6A 6B 7 8 9 10 11 12 13 14 15 16 17 18
12Z AVG MX 2MIN
DY MAX MIN AVG DEP HDD CDD WTR SNW DPTH SPD SPD DIR MIN PSBL S-S WX SPD DR
================================================================================
1 36 16 26 -10 39 0 0.00 M M 4.6 14 280 M M 0 16 270
2 43 13 28 -8 37 0 0.03 M M 4.7 12 250 M M 3 15 250
3 45 33 39 3 26 0 0.02 M M 5.9 14 220 M M 9 128 18 230
4 58 34 46 11 19 0 T M M 7.3 16 250 M M 3 22 240
5 57 37 47 12 18 0 0.03 M M 8.8 17 280 M M 3 1 23 250
6 58 33 46 12 19 0 0.00 M M 7.7 23 150 M M 2 30 140
7 57 35 46 12 19 0 0.00 M M 14.9 26 150 M M 1 35 150
8 46 30 38 4 27 0 T M M 15.3 29 290 M M 3 44 280
9 38 21 30 -3 35 0 T M M 12.7 28 310 M M 6 1 39 320
10 47 22 35 2 30 0 T M M 10.7 25 150 M M 2 33 150
11 55 20 38 6 27 0 0.00 M M 8.1 21 230 M M 1 27 240
12 56 27 42 10 23 0 0.00 M M 11.7 25 290 M M 1 35 280
13 57 29 43 11 22 0 0.00 M M 7.1 21 140 M M 0 26 140
14 52 25 39 8 26 0 0.00 M M 5.2 14 300 M M 0 18 290
15 61 23 42 11 23 0 0.00 M M 6.2 18 190 M M 0 24 180
16 52 22 37 7 28 0 0.00 M M 10.7 29 320 M M 3 41 310
17 54 24 39 9 26 0 0.00 M M 8.2 17 290 M M 0 23 300
18 57 23 40 10 25 0 0.00 M M 3.9 10 130 M M 0 13 140
19 52 25 39 10 26 0 0.00 M M 3.6 12 140 M M 0 14 130
20 47 24 36 7 29 0 0.00 M M 14.7 30 320 M M 2 39 330
21 51 17 34 5 31 0 0.00 M M 9.1 21 250 M M 0 26 260
22 52 27 40 12 25 0 T M M 11.5 29 310 M M 5 37 300
23 27 4 16 -12 49 0 0.00 M M 7.5 14 10 M M 6 19 360
24 27 2 15 -12 50 0 0.00 M M 8.0 18 170 M M 0 23 160
25 34 7 21 -6 44 0 T M M 15.4 33 330 M M 4 18 48 300
26 31 20 26 -1 39 0 T M M 16.7 32 320 M M 8 1 46 340
27 37 17 27 1 38 0 0.00 M M 9.7 26 320 M M 3 39 320
28 48 18 33 7 32 0 0.00 M M 8.4 20 280 M M 0 26 280
29 46 13 30 4 35 0 0.00 M M 8.7 22 310 M M 0 30 300
30 31 10 21 -4 44 0 0.00 M M 4.0 12 280 M M 3 14 280
================================================================================
SM 1412 651 911 0 0.08 M 271.0 M 68
================================================================================
AV 47.1 21.7 9.0 FASTST M M 2 MAX(MPH)
MISC ----> 33 330 48 300
================================================================================
NOTES:
# LAST OF SEVERAL OCCURRENCES
COLUMN 17 PEAK WIND IN M.P.H.
PRELIMINARY LOCAL CLIMATOLOGICAL DATA (WS FORM: F-6) , PAGE 2
STATION: BAKER MT
MONTH: NOVEMBER
YEAR: 2023
LATITUDE: 46 20 N
LONGITUDE: 104 15 W
[TEMPERATURE DATA] [PRECIPITATION DATA] SYMBOLS USED IN COLUMN 16
AVERAGE MONTHLY: 34.4 TOTAL FOR MONTH: 0.08 1 = FOG OR MIST
DPTR FM NORMAL: 3.6 DPTR FM NORMAL: -0.35 2 = FOG REDUCING VISIBILITY
HIGHEST: 61 ON 15 GRTST 24HR 0.05 ON 2- 3 TO 1/4 MILE OR LESS
LOWEST: 2 ON 24 3 = THUNDER
SNOW, ICE PELLETS, HAIL 4 = ICE PELLETS
TOTAL MONTH: M 5 = HAIL
GRTST 24HR M ON M 6 = FREEZING RAIN OR DRIZZLE
GRTST DEPTH: M ON M 7 = DUSTSTORM OR SANDSTORM:
VSBY 1/2 MILE OR LESS
8 = SMOKE OR HAZE
[NO. OF DAYS WITH] [WEATHER - DAYS WITH] 9 = BLOWING SNOW
X = TORNADO
MAX 32 OR BELOW: 4 0.01 INCH OR MORE: 3
MAX 90 OR ABOVE: 0 0.10 INCH OR MORE: 0
MIN 32 OR BELOW: 25 0.50 INCH OR MORE: 0
MIN 0 OR BELOW: 0 1.00 INCH OR MORE: 0
[HDD (BASE 65) ]
TOTAL THIS MO. 911 CLEAR (SCALE 0-3) 21
DPTR FM NORMAL -117 PTCLDY (SCALE 4-7) 8
TOTAL FM JUL 1 1787 CLOUDY (SCALE 8-10) 1
DPTR FM NORMAL -185
[CDD (BASE 65) ]
TOTAL THIS MO. 0
DPTR FM NORMAL 0 [PRESSURE DATA]
TOTAL FM JAN 1 484 HIGHEST SLP 30.69 ON 24
DPTR FM NORMAL 16 LOWEST SLP 29.54 ON 16
[REMARKS]
#FINAL-11-23#