000
CXAK56 PAFG 011717
CF6BTT
PRELIMINARY LOCAL CLIMATOLOGICAL DATA (WS FORM: F-6)
STATION: BETTLES AK
MONTH: FEBRUARY
YEAR: 2024
LATITUDE: 66 55 N
LONGITUDE: 151 31 W
TEMPERATURE IN F: :PCPN: SNOW: WIND :SUNSHINE: SKY :PK WND
================================================================================
1 2 3 4 5 6A 6B 7 8 9 10 11 12 13 14 15 16 17 18
12Z AVG MX 2MIN
DY MAX MIN AVG DEP HDD CDD WTR SNW DPTH SPD SPD DIR MIN PSBL S-S WX SPD DR
================================================================================
1 -37 -53 -45 -37 110 0 0.01 M 28 1.2 5 220 M M 5 1 M M
2 -34 -53 -43 -36 108 0 0.00 M 27 2.0 5 99 M M 2 1 M M
3 -35 -54 -44 -37 109 0 0.00 M 27 1.9 7 350 M M 2 M M
4 -5 -47 -26 -19 91 0 0.00 M 27 4.0 9 350 M M 4 1 M M
5 -1 -23 -12 -6 77 0 T M 27 4.5 7 230 M M 6 M M
6 4 -23 -9 -3 74 0 T M 27 4.5 7 360 M M 7 M M
7 10 -14 -2 3 67 0 0.00 M 26 4.3 9 360 M M 5 M M
8 11 -18 -3 2 68 0 0.00 M 26 3.2 8 360 M M 2 M M
9 16 -10 3 8 62 0 T M 26 3.1 8 360 M M 4 M M
10 21 7 14 18 51 0 0.05 M 26 3.2 6 260 M M 9 1 M M
11 23 9 16 20 49 0 0.07 M 27 1.9 6 320 M M 10 1 M M
12 23 -5 9 13 56 0 T M 28 5.1 12 30 M M 6 1 M M
13 31 23 27 30 38 0 0.04 M 27 6.4 12 30 M M 10 1 M M
14 30 15 23 26 42 0 T M 28 2.7 9 20 M M 8 1 M M
15 26 6 16 19 49 0 0.00 M 27 5.6 8 310 M M 5 M M
16 30 5 18 21 47 0 0.00 M 27 5.6 8 330 M M 2 M M
17 15 -1 7 9 58 0 0.00 M 27 5.7 9 320 M M 3 M M
18 15 5 10 12 55 0 0.02 M 26 5.6 9 10 M M 9 1 M M
19 18 8 13 15 52 0 T M 27 6.0 8 360 M M 9 1 M M
20 27 11 19 21 46 0 T M 27 4.9 12 40 M M 9 1 M M
21 25 15 20 22 45 0 0.10 M 28 4.9 12 30 M M 9 12 21 250
22 20 15 18 19 47 0 0.11 1.2 29 6.6 12 20 M M 9 1 M M
23 21 15 18 19 47 0 T M 29 3.5 7 320 M M 10 1 M M
24 16 2 9 10 56 0 0.03 M 29 1.5 7 340 M M 9 1 M M
25 10 -3 4 5 61 0 T M 30 0.5 6 220 M M 10 M M
26 6 -20 -7 -6 72 0 0.00 M 30 3.2 9 20 M M 3 M M
27 -14 -34 -24 -23 89 0 0.00 M 29 2.4 6 160 M M 0 M M
28 -10 -41 -25 -25 90 0 0.00 M 29 1.1 6 170 M M 1 M M
29 -20 -45 -32 -32 97 0 0.00 M 28 1.6 5 160 M M 1 M M
================================================================================
SM 242 -308 1913 0 0.43 1.2 106.6 M 169
================================================================================
AV 8.3-10.6 3.7 FASTST M M 6 MAX(MPH)
MISC ----> # 12 30 21 250
================================================================================
NOTES:
# LAST OF SEVERAL OCCURRENCES
COLUMN 17 PEAK WIND IN M.P.H.
PRELIMINARY LOCAL CLIMATOLOGICAL DATA (WS FORM: F-6) , PAGE 2
STATION: BETTLES AK
MONTH: FEBRUARY
YEAR: 2024
LATITUDE: 66 55 N
LONGITUDE: 151 31 W
[TEMPERATURE DATA] [PRECIPITATION DATA] SYMBOLS USED IN COLUMN 16
AVERAGE MONTHLY: -1.1 TOTAL FOR MONTH: 0.43 1 = FOG OR MIST
DPTR FM NORMAL: 2.3 DPTR FM NORMAL: -0.53 2 = FOG REDUCING VISIBILITY
HIGHEST: 31 ON 13 GRTST 24HR 0.11 ON 22-22 TO 1/4 MILE OR LESS
LOWEST: -54 ON 3 3 = THUNDER
SNOW, ICE PELLETS, HAIL 4 = ICE PELLETS
TOTAL MONTH: 1.2 INCHES 5 = HAIL
GRTST 24HR 1.2 ON 22-22 6 = FREEZING RAIN OR DRIZZLE
GRTST DEPTH: 30 ON 26,25 7 = DUSTSTORM OR SANDSTORM:
VSBY 1/2 MILE OR LESS
8 = SMOKE OR HAZE
[NO. OF DAYS WITH] [WEATHER - DAYS WITH] 9 = BLOWING SNOW
X = TORNADO
MAX 32 OR BELOW: 29 0.01 INCH OR MORE: 8
MAX 90 OR ABOVE: 0 0.10 INCH OR MORE: 2
MIN 32 OR BELOW: 29 0.50 INCH OR MORE: 0
MIN 0 OR BELOW: 16 1.00 INCH OR MORE: 0
[HDD (BASE 65) ]
TOTAL THIS MO. 1913 CLEAR (SCALE 0-3) 8
DPTR FM NORMAL -2 PTCLDY (SCALE 4-7) 9
TOTAL FM JUL 1 10460 CLOUDY (SCALE 8-10) 12
DPTR FM NORMAL -703
[CDD (BASE 65) ]
TOTAL THIS MO. 0
DPTR FM NORMAL 0 [PRESSURE DATA]
TOTAL FM JAN 1 0 HIGHEST SLP M ON M
DPTR FM NORMAL 0 LOWEST SLP M ON M
[REMARKS]
#FINAL-02-24#